11-30 10:32:50.801 D/MMHWBuffer(7892): Create returns bHandle=0x47a97170 bPool=0x47a97118
11-30 10:32:50.811 V/CAM_VideoModule(8183): mDesiredPreviewWidth=480. mDesiredPreviewHeight=270
11-30 10:32:50.811 I/Sony Camera HAL(7892): HAL_getCameraInfo: E cameraId=0
11-30 10:32:50.811 I/Sony Camera HAL(7892): HAL_Camera_GetCameraInfo: HAL_gCameraNum=1
11-30 10:32:50.811 I/Sony Camera HAL(7892): HAL_getCameraInfo: X
11-30 10:32:50.821 D/MMHWBuffer(7892): Create (iBuffers=1, iSize=95640, iAlignment=-1, iCacheAttr=2, aComponent=0x00000000)
11-30 10:32:50.821 D/MMHWBuffer(7892): Create returns bHandle=0x47ba5060 bPool=0x47ba5008
11-30 10:32:50.841 V/NFC (8183): this device does not have NFC support
11-30 10:32:50.861 D/SemcCFlashDriver(7892): GetSupportedFlashModes Adding supported flashmode 0x40
11-30 10:32:50.861 D/SemcCFlashDriver(7892): GetSupportedFlashModes Adding supported flashmode 0x20
11-30 10:32:50.861 D/SemcCFlashDriver(7892): GetSupportedFlashModes Adding supported flashmode 0x10
11-30 10:32:50.861 D/SemcCFlashDriver(7892): GetSupportedFlashModes Adding supported flashmode 0x08
11-30 10:32:50.861 D/SemcCFlashDriver(7892): GetSupportedFlashModes Adding supported flashmode 0x04
11-30 10:32:50.861 D/SemcCFlashDriver(7892): virtual TFlashReturnCode SemcCFlashDriver::GetFlashModeDetails(TFlashMode, TFlashDetails&, TCameraId) - Called
11-30 10:32:50.861 D/SemcCFlashDriver(7892): virtual TFlashReturnCode SemcCFlashDriver::GetFlashModeDetails(TFlashMode, TFlashDetails&, TCameraId) -Done
11-30 10:32:50.861 I/ActivityManager(2157): Start proc android.process.media for content provider com.android.providers.media/.MediaProvider: pid=8245 uid=10006 gids={50006, 1028, 1015, 1023, 1024, 2001, 3003, 3007}
11-30 10:32:50.871 V/CAM_VideoModule(8183): mDesiredPreviewWidth=480. mDesiredPreviewHeight=270
11-30 10:32:50.871 V/CAM_VideoModule(8183): startPreview
11-30 10:32:50.931 I/libblt_hw(1490): Library opened (handle = 8, fd = 33)
11-30 10:32:50.971 I/caladbolg(7892): 91627227 cald_hal_ste_camera.c (3217) 8213 P [HAL] 91627166 - Cald_Hal_Ste_Func_PowerUp(0)
11-30 10:32:50.981 D/libEGL (8183): loaded /system/lib/egl/libEGL_mali.so
11-30 10:32:50.981 D/libEGL (8183): loaded /system/lib/egl/libGLESv1_CM_mali.so
11-30 10:32:50.991 D/libEGL (8183): loaded /system/lib/egl/libGLESv2_mali.so
11-30 10:32:51.011 D/OpenGLRenderer(8183): Enabling debug mode 0
11-30 10:32:51.081 I/libblt_hw(8183): Library opened (handle = 0, fd = 55)
11-30 10:32:51.081 V/CAM_VideoModule(8183): startPreview
11-30 10:32:51.081 I/Sony Camera HAL(7892): HAL_getCameraInfo: E cameraId=0
11-30 10:32:51.081 I/Sony Camera HAL(7892): HAL_Camera_GetCameraInfo: HAL_gCameraNum=1
11-30 10:32:51.081 I/Sony Camera HAL(7892): HAL_getCameraInfo: X
11-30 10:32:51.091 V/CAM_VideoModule(8183): Video snapshot size is 2560x1440
11-30 10:32:51.101 I/caladbolg(7892): 91750213 cald_camctrl.c (10575) 8212 I [INF] Preview size [480 x 270]
11-30 10:32:51.101 I/caladbolg(7892): 91750427 cald_camctrl.c (10888) 8212 I [INF] Thumbnail size [480 x 270]
11-30 10:32:51.101 I/caladbolg(7892): 91750610 cald_camctrl.c (10771) 8212 I [INF] Snapshot size [2560 x 1440]
11-30 10:32:51.101 I/caladbolg(7892): 91752075 cald_client.c (113) 7936 I [INF] + Cald_Client_ICamera_GetCameraCaps
11-30 10:32:51.101 I/caladbolg(7892): 91752227 cald_client.c (137) 7936 I [INF] - Cald_Client_ICamera_GetCameraCaps (0)
11-30 10:32:51.101 I/caladbolg(7892): 91752258 cald_client.c (151) 7936 I [INF] + Cald_Client_ICamera_GetPreviewCaps
11-30 10:32:51.101 I/caladbolg(7892): 91752349 cald_client.c (177) 7936 I [INF] - Cald_Client_ICamera_GetPreviewCaps (0)
11-30 10:32:51.101 I/caladbolg(7892): 91752471 cald_client.c (268) 7936 I [INF] + Cald_Client_ICamera_GetSnapshotCaps
11-30 10:32:51.101 I/caladbolg(7892): 91752716 cald_client.c (293) 7936 I [INF] - Cald_Client_ICamera_GetSnapshotCaps (0)
11-30 10:32:51.111 I/caladbolg(7892): 91761474 cald_client.c (406) 7936 I [INF] + Cald_Client_ICamera_GetBufInfo index[0x0]
11-30 10:32:51.111 I/caladbolg(7892): 91761871 cald_client.c (429) 7936 I [INF] - Cald_Client_ICamera_GetBufInfo (0)
11-30 10:32:51.111 D/MMHWBuffer(7892): Create (iBuffers=5, iSize=196608, iAlignment=256, iCacheAttr=1, aComponent=0x00000000)
11-30 10:32:51.111 D/MMHWBuffer(7892): Create returns bHandle=0x463dc400 bPool=0x40030478
11-30 10:32:51.111 I/caladbolg(7892): 91764373 cald_client.c (441) 7936 I [INF] + Cald_Client_ICamera_StartPreview
11-30 10:32:51.111 I/caladbolg(7892): 91764556 cald_client.c (458) 7936 I [INF] pBufNum[5]
11-30 10:32:51.111 I/caladbolg(7892): 91764648 cald_client.c (464) 7936 I [INF] pBuf[0]:0x44a6c000
11-30 10:32:51.111 I/caladbolg(7892): 91764770 cald_client.c (464) 7936 I [INF] pBuf[1]:0x44a9c000
11-30 10:32:51.111 I/caladbolg(7892): 91764862 cald_client.c (464) 7936 I [INF] pBuf[2]:0x44acc000
11-30 10:32:51.111 I/caladbolg(7892): 91764953 cald_client.c (464) 7936 I [INF] pBuf[3]:0x44afc000
11-30 10:32:51.111 I/caladbolg(7892): 91765045 cald_client.c (464) 7936 I [INF] pBuf[4]:0x44b2c000
11-30 10:32:51.111 I/caladbolg(7892): 91765228 cald_camctrl.c (4961) 8212 P [PFM] 91765228 Cald_CamCtrl_ICamera_StartPreview
11-30 10:32:51.121 I/caladbolg(7892): 91773620 cald_capctrl.c (7633) 8216 P [CAP] 91773590 + Cald_CapCtrl_FSM_Func_StartPreview
11-30 10:32:51.121 D/MMHWBuffer(7892): Create (iBuffers=5, iSize=270336, iAlignment=256, iCacheAttr=1, aComponent=0x00000000)
11-30 10:32:51.121 D/MMHWBuffer(7892): Create returns bHandle=0x40030620 bPool=0x4856ece0
11-30 10:32:51.131 I/libblt_hw(7892): Library opened (handle = 0, fd = 39)
11-30 10:32:51.131 I/caladbolg(7892): 91778900 cald_hal_ste_camera.c (426) 8216 P [HAL] 91778900 + Cald_Hal_Ste_If_StartPreview
11-30 10:32:51.131 I/caladbolg(7892): 91779541 cald_hal_ste_camera.c (461) 8216 P [HAL] 91779510 - Cald_Hal_Ste_If_StartPreview(0)
11-30 10:32:51.131 I/caladbolg(7892): 91779724 cald_hal_ste_camera.c (3340) 8213 P [HAL] 91779724 + Cald_Hal_Ste_Func_StartPreview
11-30 10:32:51.131 I/caladbolg(7892): 91780242 cald_capctrl.c (7652) 8216 P [CAP] 91780242 - Cald_CapCtrl_FSM_Func_StartPreview
11-30 10:32:51.131 D/MMHWBuffer(7892): Open (aComponent=0x4389af78, aIndex=0x7fd19e5c)
11-30 10:32:51.131 D/MMHWBuffer(7892): Open shared chunk from same process (bHandle=0x40030620)
11-30 10:32:51.131 D/MMHWBuffer(7892): bHandle=0x40030620 AddBufferInfo(aBufferIndex=0, aLogAddr=0x463de000, aSize=270336)
11-30 10:32:51.131 D/MMHWBuffer(7892): bHandle=0x40030620 AddBufferInfo(aBufferIndex=1, aLogAddr=0x46420000, aSize=270336)
11-30 10:32:51.131 D/MMHWBuffer(7892): bHandle=0x40030620 AddBufferInfo(aBufferIndex=2, aLogAddr=0x46462000, aSize=270336)
11-30 10:32:51.131 D/MMHWBuffer(7892): bHandle=0x40030620 AddBufferInfo(aBufferIndex=3, aLogAddr=0x464a4000, aSize=270336)
11-30 10:32:51.131 D/MMHWBuffer(7892): bHandle=0x40030620 AddBufferInfo(aBufferIndex=4, aLogAddr=0x464e6000, aSize=270336)
11-30 10:32:51.131 I/caladbolg(7892): 91783844 cald_client.c (478) 7936 I [INF] - Cald_Client_ICamera_StartPreview (0)
11-30 10:32:51.131 E/idd-api (7892): idd_set_sdata: send failed, socket 28, errcode -2 (No such file or directory)
11-30 10:32:51.201 I/ActivityManager(2157): Displayed com.android.camera2/com.android.camera.CameraLauncher: +908ms
11-30 10:32:51.201 I/ActivityManager(2157): Killing 8004:com.android.settings/1000 (adj 11): empty #2
11-30 10:32:51.211 I/caladbolg(7892): 91867065 cald_hal_ste_camera.c (3509) 8213 P [HAL] 91867034 - Cald_Hal_Ste_Func_StartPreview(0)
11-30 10:32:51.231 I/caladbolg(7892): 91881744 cald_3a.c (203) 8232 P [SVR] 91881713 + Cald_3a_DoNewFrameAF_Proc 3a ContinuousAF Start
11-30 10:32:51.311 I/caladbolg(7892): 91963501 cald_3a.c (114) 8232 P [SVR] 91963470 + Cald_3a_DoNewFrameAEWB_Proc 3a ConvergenceAE Start
11-30 10:32:51.341 I/libblt_hw(1490): Library closed (handle = 7, fd = 49)
11-30 10:32:51.551 I/caladbolg(7892): 92200134 cald_camctrl.c (12322) 8216 I [INF] + Cald_CamCtrl_Func_FrameDoneVF
11-30 10:32:51.551 I/caladbolg(7892): 92200347 cald_camctrl.c (12334) 8216 I [INF] - Cald_CamCtrl_Func_FrameDoneVF
11-30 10:32:51.551 I/Sony Camera HAL(7892): Preview average frame rate : 0.0007 (fps)
11-30 10:32:51.852 I/caladbolg(7892): 92503723 cald_3a.c (130) 8232 P [SVR] 92503723 - Cald_3a_DoNewFrameAEWB_Proc 3a ConvergenceAE End
11-30 10:32:51.952 W/caladbolg(7892): 92598510 cald_libflickerdetect.c (424) 8230 W [FLC] frameIndex is too large [6]
11-30 10:32:52.222 V/CAM_VideoModule(8183): startVideoRecording
11-30 10:32:52.232 D/CameraStorage(8183): External storage state=mounted
11-30 10:32:52.232 V/CAM_VideoModule(8183): initializeRecorder
11-30 10:32:52.242 W/StagefrightRecorder(7892): Max file duration is not positive: 0 us. Disabling duration limit.
11-30 10:32:52.242 W/StagefrightRecorder(7892): Target duration (0 us) too short to be respected
11-30 10:32:52.242 V/CAM_VideoModule(8183): New video filename: /storage/sdcard0/DCIM/Camera/VID_20131130_103252.mp4.tmp
11-30 10:32:52.272 I/Sony Camera HAL(7892): Meta data mode (Zero copy) = OFF
11-30 10:32:52.272 I/Sony Camera HAL(7892): Meta data mode (Zero copy) = ON
11-30 10:32:52.272 D/ (7892): In STEOMXCodecsPlugin:: makeComponentInstance
11-30 10:32:52.272 D/ (7892): OMX.ST.VFM.H264Enc
11-30 10:32:52.282 I/OmxILOsalProperty(7892): GetProperty ste.video.dec.out.reorder =>
11-30 10:32:52.282 I/OmxILOsalProperty(7892): GetProperty ste.video.dec.recycle.delay => 1
11-30 10:32:52.282 I/OmxILOsalProperty(7892): GetProperty ste.video.decoder.h264.max.lev => 3.2
11-30 10:32:52.282 I/OmxILOsalProperty(7892): GetProperty ste.video.enc.out.buffercnt => 5
11-30 10:32:52.282 E/OMXCodec(7892): [OMX.ST.VFM.H264Enc] Found supported color format: 2141192192
11-30 10:32:52.282 E/OmxILOsalProductId(7892): get_productid returned error code = 2
11-30 10:32:52.282 E/OmxILOsalProductId(7892): get_productid returned error code = 2
11-30 10:32:52.282 E/OmxILOsalProductId(7892): get_productid returned error code = 2
11-30 10:32:52.282 W/AudioFlinger(7892): findSuitableHwDev_l() loading well know audio hw modules
11-30 10:32:52.282 W/AudioFlinger(7892): loadHwModule() module primary already loaded
11-30 10:32:52.282 W/AudioFlinger(7892): loadHwModule() module a2dp already loaded
11-30 10:32:52.282 W/AudioFlinger(7892): loadHwModule() module usb already loaded
11-30 10:32:52.292 D/AudioSource(7892): Start autoramp from 138000
11-30 10:32:52.302 I/MPEG4Writer(7892): limits: 1202589568/0 bytes/us, bit rate: 12128000 bps and the estimated moov size 405000 bytes
11-30 10:32:52.302 I/MPEG4Writer(7892): Start time offset: 1000000 us
11-30 10:32:52.302 D/MMHWBuffer(7892): Create (iBuffers=4, iSize=12, iAlignment=256, iCacheAttr=2, aComponent=0x43b7ecd8)
11-30 10:32:52.302 I/MMHwBufferPool(7892): Role of hComponent=0x43b7ecd8 : video_encoder.avc
11-30 10:32:52.302 D/MMHWBuffer(7892): Create returns bHandle=0x426e5c18 bPool=0x426e5bc0
11-30 10:32:52.302 D/MMHWBuffer(7892): Create (iBuffers=5, iSize=1843200, iAlignment=256, iCacheAttr=1, aComponent=0x43b7ecd8)
11-30 10:32:52.302 I/MMHwBufferPool(7892): Role of hComponent=0x43b7ecd8 : video_encoder.avc
11-30 10:32:52.312 D/MMHWBuffer(7892): Create returns bHandle=0x426e5fb0 bPool=0x437c7a08
11-30 10:32:52.312 V/OmxILOsalPrm(7892): ChangeResourceState(0, 100, 0x426e6078)
11-30 10:32:52.312 V/OmxILOsalPrm(7892): updateSocDvfsOpp 100
11-30 10:32:52.312 V/OmxILOsalPrm(7892): ChangeResourceState(1, 100, 0x426e6078)
11-30 10:32:52.312 V/OmxILOsalPrm(7892): updateDDROpp 100
11-30 10:32:52.312 V/OmxILOsalPrm(7892): ChangeResourceState(2, 20, 0x426e6008)
11-30 10:32:52.312 W/OmxILOsalPrm(7892): updatePwrResLatency not implemented
11-30 10:32:52.332 D/MMHWBuffer(7892): Create (iBuffers=25, iSize=160, iAlignment=8, iCacheAttr=2, aComponent=0x00000000)
11-30 10:32:52.332 D/MMHWBuffer(7892): Create returns bHandle=0x44055f40 bPool=0x44055ee8
11-30 10:32:52.332 D/MMHWBuffer(7892): Create (iBuffers=12, iSize=320, iAlignment=8, iCacheAttr=2, aComponent=0x00000000)
11-30 10:32:52.332 D/MMHWBuffer(7892): Create returns bHandle=0x43840b00 bPool=0x43840998
11-30 10:32:52.332 D/MMHWBuffer(7892): Create (iBuffers=32, iSize=32, iAlignment=8, iCacheAttr=2, aComponent=0x00000000)
11-30 10:32:52.332 D/MMHWBuffer(7892): Create returns bHandle=0x43840c00 bPool=0x43840ba8
11-30 10:32:52.332 D/MMHWBuffer(7892): Create (iBuffers=32, iSize=16, iAlignment=8, iCacheAttr=2, aComponent=0x00000000)
11-30 10:32:52.332 D/MMHWBuffer(7892): Create returns bHandle=0x43840d18 bPool=0x43840cc0
11-30 10:32:52.332 D/MMHWBuffer(7892): Create (iBuffers=2, iSize=1600, iAlignment=8, iCacheAttr=2, aComponent=0x00000000)
11-30 10:32:52.332 D/MMHWBuffer(7892): Create returns bHandle=0x43840df8 bPool=0x43840da0
11-30 10:32:52.332 D/MMHWBuffer(7892): Create (iBuffers=1, iSize=13920, iAlignment=8, iCacheAttr=2, aComponent=0x00000000)
11-30 10:32:52.332 D/MMHWBuffer(7892): Create returns bHandle=0x43840ed8 bPool=0x43840e80
11-30 10:32:52.332 D/MMHWBuffer(7892): Create (iBuffers=1, iSize=64000, iAlignment=8, iCacheAttr=2, aComponent=0x00000000)
11-30 10:32:52.332 D/MMHWBuffer(7892): Create returns bHandle=0x425399f8 bPool=0x425399a0
11-30 10:32:52.332 D/MMHWBuffer(7892): Destroy (bHandle=0x425399f8)
11-30 10:32:52.332 D/MMHWBuffer(7892): Create (iBuffers=1, iSize=64000, iAlignment=8, iCacheAttr=2, aComponent=0x00000000)
11-30 10:32:52.332 D/MMHWBuffer(7892): Create returns bHandle=0x425399f8 bPool=0x425399a0
11-30 10:32:52.332 D/MMHWBuffer(7892): Destroy (bHandle=0x425399f8)
11-30 10:32:52.342 W/CameraSource(7892): Failed to set video buffer count to 4 due to -38
11-30 10:32:52.342 I/OMXNodeInstance(7892): OMX_FreeBuffer for buffer header 0x424c26c8 successful
11-30 10:32:52.342 I/OMXNodeInstance(7892): OMX_FreeBuffer for buffer header 0x424c28d8 successful
11-30 10:32:52.342 I/OMXNodeInstance(7892): OMX_FreeBuffer for buffer header 0x424c2a18 successful
11-30 10:32:52.342 I/OMXNodeInstance(7892): OMX_FreeBuffer for buffer header 0x41851d38 successful
11-30 10:32:52.342 D/ADM (1501): devset:414 STATUS Open device 'Speaker', 44100 Hz, format=2, 3 x 6144 bytes bufs
11-30 10:32:52.352 W/caladbolg(7892): 93002349 cald_libflickerdetect.c (424) 8230 W [FLC] frameIndex is too large [6]
11-30 10:32:52.402 E/ENSWrapper(1501): return OMX_ErrorNotImplemented - GetExtensionIndex OMX.ST.AFM.pcmprocessing.transducer_equalizer h=0x428d91a8 cParameterName=STE.ADM IndexType=unknown OMX_INDEXTYPE [ 0x423d9008 ]
11-30 10:32:52.542 D/ADM (1501): devset:588 STATUS API LEAVE: Opened new device 'Speaker', handle = 101
11-30 10:32:52.542 I/caladbolg(7892): 93195098 cald_client.c (406) 7937 I [INF] + Cald_Client_ICamera_GetBufInfo index[0x1]
11-30 10:32:52.542 I/caladbolg(7892): 93195526 cald_client.c (429) 7937 I [INF] - Cald_Client_ICamera_GetBufInfo (0)
11-30 10:32:52.582 I/caladbolg(7892): 93227478 cald_client.c (569) 7937 I [INF] + Cald_Client_ICamera_StartVideo
11-30 10:32:52.582 I/caladbolg(7892): 93227661 cald_client.c (586) 7937 I [INF] pBufNum[9]
11-30 10:32:52.582 I/caladbolg(7892): 93227905 cald_client.c (592) 7937 I [INF] pBuf[0]:0x0
11-30 10:32:52.582 I/caladbolg(7892): 93228149 cald_client.c (592) 7937 I [INF] pBuf[1]:0x1
11-30 10:32:52.582 I/caladbolg(7892): 93228363 cald_client.c (592) 7937 I [INF] pBuf[2]:0x2
11-30 10:32:52.582 I/caladbolg(7892): 93228576 cald_client.c (592) 7937 I [INF] pBuf[3]:0x3
11-30 10:32:52.582 I/caladbolg(7892): 93228759 cald_client.c (592) 7937 I [INF] pBuf[4]:0x4
11-30 10:32:52.582 I/caladbolg(7892): 93228942 cald_client.c (592) 7937 I [INF] pBuf[5]:0x5
11-30 10:32:52.582 I/caladbolg(7892): 93229126 cald_client.c (592) 7937 I [INF] pBuf[6]:0x6
11-30 10:32:52.582 I/caladbolg(7892): 93229309 cald_client.c (592) 7937 I [INF] pBuf[7]:0x7
11-30 10:32:52.582 I/caladbolg(7892): 93229492 cald_client.c (592) 7937 I [INF] pBuf[8]:0x8
11-30 10:32:52.582 I/caladbolg(7892): 93229827 cald_capctrl.c (8623) 8216 P [CAP] 93229827 + Cald_CapCtrl_FSM_Func_StartVideo
11-30 10:32:52.582 I/caladbolg(7892): 93230102 cald_hal_ste_camera.c (514) 8216 P [HAL] 93230072 + Cald_Hal_Ste_If_StartVideo
11-30 10:32:52.582 I/caladbolg(7892): 93230163 cald_hal_ste_camera.c (549) 8216 P [HAL] 93230163 - Cald_Hal_Ste_If_StartVideo(0)
11-30 10:32:52.582 I/caladbolg(7892): 93230194 cald_capctrl.c (8665) 8216 P [CAP] 93230194 - Cald_CapCtrl_FSM_Func_StartVideo
11-30 10:32:52.582 I/caladbolg(7892): 93230285 cald_hal_ste_camera.c (3716) 8213 P [HAL] 93230255 + Cald_Hal_Ste_Func_StartVideo
11-30 10:32:52.582 D/MMHWBuffer(7892): Open (aComponent=0x4389af78, aIndex=0x7fff0000)
11-30 10:32:52.582 D/MMHWBuffer(7892): Open allocateNativeBuffersHandle - aComponent=0x4389af78 aIndex=0x7fff0000 => bHandle=0x4393f0c8 bList=0x4421ac10
11-30 10:32:52.582 F/libc (7892): Fatal signal 11 (SIGSEGV) at 0x00001000 (code=1), thread 8213 (cald_hal_camera)
11-30 10:32:52.582 I/caladbolg(7892): 93231018 cald_client.c (606) 7937 I [INF] - Cald_Client_ICamera_StartVideo (0)
11-30 10:32:52.582 E/idd-api (7892): idd_set_sdata: send failed, socket 28, errcode -2 (No such file or directory)
11-30 10:32:52.582 I/caladbolg(7892): 93231445 cald_client.c (406) 7937 I [INF] + Cald_Client_ICamera_GetBufInfo index[0x1]
11-30 10:32:52.582 I/caladbolg(7892): 93231781 cald_client.c (429) 7937 I [INF] - Cald_Client_ICamera_GetBufInfo (0)
11-30 10:32:52.582 I/MPEG4Writer(7892): Start time offset: 1000000 us
11-30 10:32:52.582 D/ADM (1501): api_cscal:2838 STATUS Remap Mic to farfield_2m_mono_mic.
11-30 10:32:52.642 D/ADM (1501): devset:414 STATUS Open device 'Mic', 48000 Hz, format=2, 3 x 12288 bytes bufs
11-30 10:32:52.682 I/DEBUG (1488): *** *** *** *** *** *** *** *** *** *** *** *** *** *** *** ***
11-30 10:32:52.682 I/DEBUG (1488): Build fingerprint: 'SEMC/MT27i_1262-1120/MT27i:4.0.4/6.1.1.B.1.10/9bt3zw:user/release-keys'
11-30 10:32:52.682 I/DEBUG (1488): Revision: '0'
11-30 10:32:52.682 I/DEBUG (1488): pid: 7892, tid: 8213, name: cald_hal_camera >>> /system/bin/mediaserver <<<
11-30 10:32:52.682 I/DEBUG (1488): AM write failure (32 / Broken pipe)
11-30 10:32:52.682 I/DEBUG (1488): signal 11 (SIGSEGV), code 1 (SEGV_MAPERR), fault addr 00001000
11-30 10:32:52.682 W/NativeCrashListener(2157): Couldn't find ProcessRecord for pid 7892
11-30 10:32:52.743 D/ADM (1501): devset:588 STATUS API LEAVE: Opened new device 'Mic', handle = 201
11-30 10:32:52.823 I/DEBUG (1488): r0 426e9a1c r1 00000000 r2 ffffffff r3 426e9a7c
11-30 10:32:52.823 I/DEBUG (1488): r4 426c70e4 r5 435bdc64 r6 00001000 r7 00000002
11-30 10:32:52.823 I/DEBUG (1488): r8 001e8000 r9 00000002 sl 00000000 fp 00000000
11-30 10:32:52.823 I/DEBUG (1488): ip 006e0001 sp 435bdc18 lr 40be7bcb pc 00001000 cpsr 200f0010
11-30 10:32:52.823 I/DEBUG (1488): d0 0000000000000000 d1 0000000000000000
11-30 10:32:52.823 I/DEBUG (1488): d2 0000000000000000 d3 0000000000000000
11-30 10:32:52.823 I/DEBUG (1488): d4 453a373333323a70 d5 656d614320746978
11-30 10:32:52.823 I/DEBUG (1488): d6 6c7070613a3a6172 d7 206769666e6f4379
11-30 10:32:52.823 I/DEBUG (1488): d8 0000000000000000 d9 0000000000000000
11-30 10:32:52.823 I/DEBUG (1488): d10 0000000000000000 d11 0000000000000000
11-30 10:32:52.823 I/DEBUG (1488): d12 0000000000000000 d13 0000000000000000
11-30 10:32:52.823 I/DEBUG (1488): d14 0000000000000000 d15 0000000000000000
11-30 10:32:52.823 I/DEBUG (1488): d16 41d4840c36ad4fdf d17 0000000000000004
11-30 10:32:52.823 I/DEBUG (1488): d18 41c7a08b2a000000 d19 3fe2c8b439581062
11-30 10:32:52.823 I/DEBUG (1488): d20 40419c28f5c28f5c d21 3fbd2f1a9fbe76c9
11-30 10:32:52.823 I/DEBUG (1488): d22 3f1150f54507319f d23 bebbb480a010342e
11-30 10:32:52.823 I/DEBUG (1488): d24 3ff3f9d5a036c568 d25 3ff0000000000000
11-30 10:32:52.823 I/DEBUG (1488): d26 bfcfcead01b62b3f d27 bf9b3187450a9041
11-30 10:32:52.823 I/DEBUG (1488): d28 bf9b3187450a903d d29 3e2d38fc57f240cc
11-30 10:32:52.823 I/DEBUG (1488): d30 3fcc687be6f37000 d31 3fc550dae9890964
11-30 10:32:52.823 I/DEBUG (1488): scr 20000010
11-30 10:32:52.823 I/DEBUG (1488):
11-30 10:32:52.823 I/DEBUG (1488): backtrace:
11-30 10:32:52.823 I/DEBUG (1488): #00 pc 00001000
11-30 10:32:52.823 I/DEBUG (1488): #01 pc 00006bc9 /system/lib/libcald_hal.so (Cald_Hal_OMX_PortSetupBuffer+948)
11-30 10:32:52.823 I/DEBUG (1488): #02 pc 00012fa5 /system/lib/libcald_hal.so
11-30 10:32:52.823 I/DEBUG (1488): #03 pc 00015a9f /system/lib/libcald_hal.so
11-30 10:32:52.823 I/DEBUG (1488): #04 pc 000086fb /system/lib/libcald_pal.so
11-30 10:32:52.823 I/DEBUG (1488): #05 pc 0000d248 /system/lib/libc.so (__thread_entry+72)
11-30 10:32:52.823 I/DEBUG (1488): #06 pc 0000d3e0 /system/lib/libc.so (pthread_create+240)
11-30 10:32:52.823 I/DEBUG (1488): #07 pc ffffffff
11-30 10:32:52.823 I/DEBUG (1488):
11-30 10:32:52.823 I/DEBUG (1488): stack:
11-30 10:32:52.823 I/DEBUG (1488): 435bdbd8 00000000
11-30 10:32:52.823 I/DEBUG (1488): 435bdbdc 00000000
11-30 10:32:52.823 I/DEBUG (1488): 435bdbe0 00000000
11-30 10:32:52.823 I/DEBUG (1488): 435bdbe4 00000000
11-30 10:32:52.823 I/DEBUG (1488): 435bdbe8 00000000
11-30 10:32:52.823 I/DEBUG (1488): 435bdbec 6fb59402
11-30 10:32:52.823 I/DEBUG (1488): 435bdbf0 00000000
11-30 10:32:52.833 I/DEBUG (1488): 435bdbf4 426c70e4
11-30 10:32:52.833 I/DEBUG (1488): 435bdbf8 40c1c2bb /system/lib/libcald_hal.so
11-30 10:32:52.833 I/DEBUG (1488): 435bdbfc 00000002
11-30 10:32:52.833 I/DEBUG (1488): 435bdc00 40c0e3ae /system/lib/libcald_hal.so
11-30 10:32:52.833 I/DEBUG (1488): 435bdc04 40c11584 /system/lib/libcald_hal.so
11-30 10:32:52.833 I/DEBUG (1488): 435bdc08 43b22b8c
11-30 10:32:52.833 I/DEBUG (1488): 435bdc0c 00000002
11-30 10:32:52.833 I/DEBUG (1488): 435bdc10 426c70e4
11-30 10:32:52.833 I/DEBUG (1488): 435bdc14 40be7bbf /system/lib/libcald_hal.so (Cald_Hal_OMX_PortSetupBuffer+938)
11-30 10:32:52.833 I/DEBUG (1488): #00 435bdc18 40c0e3e9 /system/lib/libcald_hal.so
11-30 10:32:52.833 I/DEBUG (1488): ........ ........
11-30 10:32:52.833 I/DEBUG (1488): #01 435bdc18 40c0e3e9 /system/lib/libcald_hal.so
11-30 10:32:52.833 I/DEBUG (1488): 435bdc1c 40c1c2bb /system/lib/libcald_hal.so
11-30 10:32:52.833 I/DEBUG (1488): 435bdc20 00000000
11-30 10:32:52.833 I/DEBUG (1488): 435bdc24 00000000
11-30 10:32:52.833 I/DEBUG (1488): 435bdc28 00000000
11-30 10:32:52.833 I/DEBUG (1488): 435bdc2c 00000000
11-30 10:32:52.833 I/DEBUG (1488): 435bdc30 00000000
11-30 10:32:52.833 I/DEBUG (1488): 435bdc34 00000000
11-30 10:32:52.833 I/DEBUG (1488): 435bdc38 00000000
11-30 10:32:52.833 I/DEBUG (1488): 435bdc3c 00000000
11-30 10:32:52.833 I/DEBUG (1488): 435bdc40 00000000
11-30 10:32:52.833 I/DEBUG (1488): 435bdc44 00000018
11-30 10:32:52.833 I/DEBUG (1488): 435bdc48 426c7678
11-30 10:32:52.833 I/DEBUG (1488): 435bdc4c 00000000
11-30 10:32:52.833 I/DEBUG (1488): 435bdc50 00000000
11-30 10:32:52.833 I/DEBUG (1488): 435bdc54 426c71a4
11-30 10:32:52.833 I/DEBUG (1488): ........ ........
11-30 10:32:52.833 I/DEBUG (1488): #02 435bdcc8 426cae54
11-30 10:32:52.833 I/DEBUG (1488): 435bdccc 00000000
11-30 10:32:52.833 I/DEBUG (1488): 435bdcd0 000002d0
11-30 10:32:52.833 I/DEBUG (1488): 435bdcd4 00000000
11-30 10:32:52.833 I/DEBUG (1488): 435bdcd8 00000000
11-30 10:32:52.833 I/DEBUG (1488): 435bdcdc 00000000
11-30 10:32:52.833 I/DEBUG (1488): 435bdce0 426cae4c
11-30 10:32:52.833 I/DEBUG (1488): 435bdce4 00000000
11-30 10:32:52.833 I/DEBUG (1488): 435bdce8 02d00500
11-30 10:32:52.833 I/DEBUG (1488): 435bdcec 00000000
11-30 10:32:52.833 I/DEBUG (1488): 435bdcf0 00000000
11-30 10:32:52.833 I/DEBUG (1488): 435bdcf4 00000000
11-30 10:32:52.833 I/DEBUG (1488): 435bdcf8 00000000
11-30 10:32:52.833 I/DEBUG (1488): 435bdcfc 4265600c
11-30 10:32:52.833 I/DEBUG (1488): 435bdd00 43b22b74
11-30 10:32:52.833 I/DEBUG (1488): 435bdd04 00000000
11-30 10:32:52.833 I/DEBUG (1488): ........ ........
11-30 10:32:52.833 I/DEBUG (1488):
11-30 10:32:52.833 I/DEBUG (1488): memory near r0:
11-30 10:32:52.833 I/DEBUG (1488): 426e99fc 0000001b 00000001 00000001 426e9b5c
11-30 10:32:52.833 I/DEBUG (1488): 426e9a0c 00000000 424c2920 00000083 5f626672
11-30 10:32:52.833 I/DEBUG (1488): 426e9a1c 00000060 00000000 00000000 00000000
11-30 10:32:52.833 I/DEBUG (1488): 426e9a2c 00000000 4009eba3 4009f02d 00001000
11-30 10:32:52.833 I/DEBUG (1488): 426e9a3c 00000146 00001000 0000000e 00000702
11-30 10:32:52.833 I/DEBUG (1488): 426e9a4c 00000062 00000100 4421ac20 006e0061
11-30 10:32:52.833 I/DEBUG (1488): 426e9a5c 00720064 0069006f 002e0064 0073006f
11-30 10:32:52.833 I/DEBUG (1488): 426e9a6c 0049002e 006f0050 00650077 00000000
11-30 10:32:52.833 I/DEBUG (1488): 426e9a7c 006e0001 46f4c080 00000000 00000000
11-30 10:32:52.833 I/DEBUG (1488): 426e9a8c 73622a85 0000017f 00000083 5f626672
11-30 10:32:52.833 I/DEBUG (1488): 426e9a9c 00000060 00000000 00000000 00000000
11-30 10:32:52.833 I/DEBUG (1488): 426e9aac 00000000 4009eba3 4009f02d 00001000
11-30 10:32:52.833 I/DEBUG (1488): 426e9abc 00000146 00001000 0000000e 00000702
11-30 10:32:52.833 I/DEBUG (1488): 426e9acc 0000003a 00000002 44079518 4253bf68
11-30 10:32:52.833 I/DEBUG (1488): 426e9adc 00000000 00000800 00000000 00084a65
11-30 10:32:52.833 I/DEBUG (1488): 426e9aec 00000000 00000000 43741000 00000000
11-30 10:32:52.833 I/DEBUG (1488):
11-30 10:32:52.833 I/DEBUG (1488): memory near r3:
11-30 10:32:52.833 I/DEBUG (1488): 426e9a5c 00720064 0069006f 002e0064 0073006f
11-30 10:32:52.833 I/DEBUG (1488): 426e9a6c 0049002e 006f0050 00650077 00000000
11-30 10:32:52.833 I/DEBUG (1488): 426e9a7c 006e0001 46f4c080 00000000 00000000
11-30 10:32:52.833 I/DEBUG (1488): 426e9a8c 73622a85 0000017f 00000083 5f626672
11-30 10:32:52.833 I/DEBUG (1488): 426e9a9c 00000060 00000000 00000000 00000000
11-30 10:32:52.833 I/DEBUG (1488): 426e9aac 00000000 4009eba3 4009f02d 00001000
11-30 10:32:52.833 I/DEBUG (1488): 426e9abc 00000146 00001000 0000000e 00000702
11-30 10:32:52.833 I/DEBUG (1488): 426e9acc 0000003a 00000002 44079518 4253bf68
11-30 10:32:52.833 I/DEBUG (1488): 426e9adc 00000000 00000800 00000000 00084a65
11-30 10:32:52.833 I/DEBUG (1488): 426e9aec 00000000 00000000 43741000 00000000
11-30 10:32:52.833 I/DEBUG (1488): 426e9afc 4170ee02 46f4c080 00000000 00000000
11-30 10:32:52.833 I/DEBUG (1488): 426e9b0c 401521d8 43b223e8 00000023 00000000
11-30 10:32:52.833 I/DEBUG (1488): 426e9b1c 00000000 00000001 00000000 deadbeef
11-30 10:32:52.833 I/DEBUG (1488): 426e9b2c deadbeef 00000020 0000001b 00000001
11-30 10:32:52.833 I/DEBUG (1488): 426e9b3c 00000002 437bee7c 00000000 00000018
11-30 10:32:52.833 I/DEBUG (1488): 426e9b4c 00000023 402fbcb4 426e9bf8 426e9cd0
11-30 10:32:52.833 I/DEBUG (1488):
11-30 10:32:52.833 I/DEBUG (1488): memory near r4:
11-30 10:32:52.833 I/DEBUG (1488): 426c70c4 00000001 00000001 00000000 00000001
11-30 10:32:52.833 I/DEBUG (1488): 426c70d4 00000000 00000005 00000002 00000003
11-30 10:32:52.833 I/DEBUG (1488): 426c70e4 4389af78 40c11e16 00000003 00000005
11-30 10:32:52.833 I/DEBUG (1488): 426c70f4 00000060 00020101 00000000 00000001
11-30 10:32:52.833 I/DEBUG (1488): 426c7104 00000005 00000001 00042000 00000001
11-30 10:32:52.833 I/DEBUG (1488): 426c7114 00000001 00000001 40c0f859 00000000
11-30 10:32:52.833 I/DEBUG (1488): 426c7124 000001e0 0000010e 000003c0 0000010e
11-30 10:32:52.833 I/DEBUG (1488): 426c7134 00000000 00000000 00000000 00000000
11-30 10:32:52.833 I/DEBUG (1488): 426c7144 0000001b 00000000 00000001 00000000
11-30 10:32:52.833 I/DEBUG (1488): 426c7154 00000060 00020101 00000001 00000001
11-30 10:32:52.833 I/DEBUG (1488): 426c7164 00000001 00000001 004f6000 00000000
11-30 10:32:52.833 I/DEBUG (1488): 426c7174 00000000 00000001 00000000 00000000
11-30 10:32:52.833 I/DEBUG (1488): 426c7184 00000a30 000007aa 00000a38 000007aa
11-30 10:32:52.833 I/DEBUG (1488): 426c7194 00000000 00000000 00000000 00000000
11-30 10:32:52.833 I/DEBUG (1488): 426c71a4 0000001e 00000000 00000001 00000000
11-30 10:32:52.833 I/DEBUG (1488): 426c71b4 00000060 00020101 00000002 00000001
11-30 10:32:52.833 I/DEBUG (1488):
11-30 10:32:52.833 I/DEBUG (1488): memory near r5:
11-30 10:32:52.833 I/DEBUG (1488): 435bdc44 00000018 426c7678 00000000 00000000
11-30 10:32:52.833 I/DEBUG (1488): 435bdc54 426c71a4 40c0f44f 000265ec 00000000
11-30 10:32:52.833 I/DEBUG (1488): 435bdc64 426e9a1c 00000018 00020101 00000002
11-30 10:32:52.833 I/DEBUG (1488): 435bdc74 4214be44 426c7678 435bdc64 00000002
11-30 10:32:52.833 I/DEBUG (1488): 435bdc84 426c7994 426c71a4 00000001 00000001
11-30 10:32:52.833 I/DEBUG (1488): 435bdc94 40be77b9 40c0e5c5 40c1c6da 00000000
11-30 10:32:52.833 I/DEBUG (1488): 435bdca4 426cae54 4265600c 426c70e4 426ca00c
11-30 10:32:52.833 I/DEBUG (1488): 435bdcb4 40c11584 43b22b8c 00000002 00000001
11-30 10:32:52.833 I/DEBUG (1488): 435bdcc4 40bf3fa9 426cae54 00000000 000002d0
11-30 10:32:52.833 I/DEBUG (1488): 435bdcd4 00000000 00000000 00000000 426cae4c
11-30 10:32:52.833 I/DEBUG (1488): 435bdce4 00000000 02d00500 00000000 00000000
11-30 10:32:52.833 I/DEBUG (1488): 435bdcf4 00000000 00000000 4265600c 43b22b74
11-30 10:32:52.833 I/DEBUG (1488): 435bdd04 00000000 41d4fcd4 435bdd94 40bf6305
11-30 10:32:52.833 I/DEBUG (1488): 435bdd14 00000000 00000000 40bf6aa3 435bdd94
11-30 10:32:52.833 I/DEBUG (1488): 435bdd24 41d4fcb8 00000000 00002eb5 41d4fcf0
11-30 10:32:52.833 I/DEBUG (1488): 435bdd34 00000000 00000000 40bdae37 40bddc61
11-30 10:32:52.833 I/DEBUG (1488):
11-30 10:32:52.833 I/DEBUG (1488): memory near r6:
11-30 10:32:52.833 I/DEBUG (1488): 00000fe0 ffffffff ffffffff ffffffff ffffffff
11-30 10:32:52.833 I/DEBUG (1488): 00000ff0 ffffffff ffffffff ffffffff ffffffff
11-30 10:32:52.833 I/DEBUG (1488): 00001000 ffffffff ffffffff ffffffff ffffffff
11-30 10:32:52.833 I/DEBUG (1488): 00001010 ffffffff ffffffff ffffffff ffffffff
11-30 10:32:52.833 I/DEBUG (1488): 00001020 ffffffff ffffffff ffffffff ffffffff
11-30 10:32:52.833 I/DEBUG (1488): 00001030 ffffffff ffffffff ffffffff ffffffff
11-30 10:32:52.833 I/DEBUG (1488): 00001040 ffffffff ffffffff ffffffff ffffffff
11-30 10:32:52.833 I/DEBUG (1488): 00001050 ffffffff ffffffff ffffffff ffffffff
11-30 10:32:52.833 I/DEBUG (1488): 00001060 ffffffff ffffffff ffffffff ffffffff
11-30 10:32:52.833 I/DEBUG (1488): 00001070 ffffffff ffffffff ffffffff ffffffff
11-30 10:32:52.833 I/DEBUG (1488): 00001080 ffffffff ffffffff ffffffff ffffffff
11-30 10:32:52.833 I/DEBUG (1488): 00001090 ffffffff ffffffff ffffffff ffffffff
11-30 10:32:52.833 I/DEBUG (1488): 000010a0 ffffffff ffffffff ffffffff ffffffff
11-30 10:32:52.833 I/DEBUG (1488): 000010b0 ffffffff ffffffff ffffffff ffffffff
11-30 10:32:52.833 I/DEBUG (1488): 000010c0 ffffffff ffffffff ffffffff ffffffff
11-30 10:32:52.833 I/DEBUG (1488): 000010d0 ffffffff ffffffff ffffffff ffffffff
11-30 10:32:52.833 I/DEBUG (1488):
11-30 10:32:52.833 I/DEBUG (1488): memory near r8:
11-30 10:32:52.833 I/DEBUG (1488): 001e7fe0 ffffffff ffffffff ffffffff ffffffff
11-30 10:32:52.833 I/DEBUG (1488): 001e7ff0 ffffffff ffffffff ffffffff ffffffff
11-30 10:32:52.833 I/DEBUG (1488): 001e8000 ffffffff ffffffff ffffffff ffffffff
11-30 10:32:52.833 I/DEBUG (1488): 001e8010 ffffffff ffffffff ffffffff ffffffff
11-30 10:32:52.833 I/DEBUG (1488): 001e8020 ffffffff ffffffff ffffffff ffffffff
11-30 10:32:52.833 I/DEBUG (1488): 001e8030 ffffffff ffffffff ffffffff ffffffff
11-30 10:32:52.833 I/DEBUG (1488): 001e8040 ffffffff ffffffff ffffffff ffffffff
11-30 10:32:52.833 I/DEBUG (1488): 001e8050 ffffffff ffffffff ffffffff ffffffff
11-30 10:32:52.833 I/DEBUG (1488): 001e8060 ffffffff ffffffff ffffffff ffffffff
11-30 10:32:52.833 I/DEBUG (1488): 001e8070 ffffffff ffffffff ffffffff ffffffff
11-30 10:32:52.833 I/DEBUG (1488): 001e8080 ffffffff ffffffff ffffffff ffffffff
11-30 10:32:52.833 I/DEBUG (1488): 001e8090 ffffffff ffffffff ffffffff ffffffff
11-30 10:32:52.833 I/DEBUG (1488): 001e80a0 ffffffff ffffffff ffffffff ffffffff
11-30 10:32:52.833 I/DEBUG (1488): 001e80b0 ffffffff ffffffff ffffffff ffffffff
11-30 10:32:52.833 I/DEBUG (1488): 001e80c0 ffffffff ffffffff ffffffff ffffffff
11-30 10:32:52.833 I/DEBUG (1488): 001e80d0 ffffffff ffffffff ffffffff ffffffff
11-30 10:32:52.833 I/DEBUG (1488):
11-30 10:32:52.833 I/DEBUG (1488): memory near ip:
11-30 10:32:52.833 I/DEBUG (1488): 006dffe0 ffffffff ffffffff ffffffff ffffffff
11-30 10:32:52.843 I/DEBUG (1488): 006dfff0 ffffffff ffffffff ffffffff ffffffff
11-30 10:32:52.843 I/DEBUG (1488): 006e0000 ffffffff ffffffff ffffffff ffffffff
11-30 10:32:52.843 I/DEBUG (1488): 006e0010 ffffffff ffffffff ffffffff ffffffff
11-30 10:32:52.843 I/DEBUG (1488): 006e0020 ffffffff ffffffff ffffffff ffffffff
11-30 10:32:52.843 I/DEBUG (1488): 006e0030 ffffffff ffffffff ffffffff ffffffff
11-30 10:32:52.843 I/DEBUG (1488): 006e0040 ffffffff ffffffff ffffffff ffffffff
11-30 10:32:52.843 I/DEBUG (1488): 006e0050 ffffffff ffffffff ffffffff ffffffff
11-30 10:32:52.843 I/DEBUG (1488): 006e0060 ffffffff ffffffff ffffffff ffffffff
11-30 10:32:52.843 I/DEBUG (1488): 006e0070 ffffffff ffffffff ffffffff ffffffff
11-30 10:32:52.843 I/DEBUG (1488): 006e0080 ffffffff ffffffff ffffffff ffffffff
11-30 10:32:52.843 I/DEBUG (1488): 006e0090 ffffffff ffffffff ffffffff ffffffff
11-30 10:32:52.843 I/DEBUG (1488): 006e00a0 ffffffff ffffffff ffffffff ffffffff
11-30 10:32:52.843 I/DEBUG (1488): 006e00b0 ffffffff ffffffff ffffffff ffffffff
11-30 10:32:52.843 I/DEBUG (1488): 006e00c0 ffffffff ffffffff ffffffff ffffffff
11-30 10:32:52.843 I/DEBUG (1488): 006e00d0 ffffffff ffffffff ffffffff ffffffff
11-30 10:32:52.843 I/DEBUG (1488):
11-30 10:32:52.843 I/DEBUG (1488): memory near sp:
11-30 10:32:52.843 I/DEBUG (1488): 435bdbf8 40c1c2bb 00000002 40c0e3ae 40c11584
11-30 10:32:52.843 I/DEBUG (1488): 435bdc08 43b22b8c 00000002 426c70e4 40be7bbf
11-30 10:32:52.843 I/DEBUG (1488): 435bdc18 40c0e3e9 40c1c2bb 00000000 00000000
11-30 10:32:52.843 I/DEBUG (1488): 435bdc28 00000000 00000000 00000000 00000000
11-30 10:32:52.843 I/DEBUG (1488): 435bdc38 00000000 00000000 00000000 00000018
11-30 10:32:52.843 I/DEBUG (1488): 435bdc48 426c7678 00000000 00000000 426c71a4
11-30 10:32:52.843 I/DEBUG (1488): 435bdc58 40c0f44f 000265ec 00000000 426e9a1c
11-30 10:32:52.843 I/DEBUG (1488): 435bdc68 00000018 00020101 00000002 4214be44
11-30 10:32:52.843 I/DEBUG (1488): 435bdc78 426c7678 435bdc64 00000002 426c7994
11-30 10:32:52.843 I/DEBUG (1488): 435bdc88 426c71a4 00000001 00000001 40be77b9
11-30 10:32:52.843 I/DEBUG (1488): 435bdc98 40c0e5c5 40c1c6da 00000000 426cae54
11-30 10:32:52.843 I/DEBUG (1488): 435bdca8 4265600c 426c70e4 426ca00c 40c11584
11-30 10:32:52.843 I/DEBUG (1488): 435bdcb8 43b22b8c 00000002 00000001 40bf3fa9
11-30 10:32:52.843 I/DEBUG (1488): 435bdcc8 426cae54 00000000 000002d0 00000000
11-30 10:32:52.843 I/DEBUG (1488): 435bdcd8 00000000 00000000 426cae4c 00000000
11-30 10:32:52.843 I/DEBUG (1488): 435bdce8 02d00500 00000000 00000000 00000000
11-30 10:32:52.843 I/DEBUG (1488):
11-30 10:32:52.843 I/DEBUG (1488): code around pc:
11-30 10:32:52.843 I/DEBUG (1488): 00000fe0 ffffffff ffffffff ffffffff ffffffff
11-30 10:32:52.843 I/DEBUG (1488): 00000ff0 ffffffff ffffffff ffffffff ffffffff
11-30 10:32:52.843 I/DEBUG (1488): 00001000 ffffffff ffffffff ffffffff ffffffff
11-30 10:32:52.843 I/DEBUG (1488): 00001010 ffffffff ffffffff ffffffff ffffffff
11-30 10:32:52.843 I/DEBUG (1488): 00001020 ffffffff ffffffff ffffffff ffffffff
11-30 10:32:52.843 I/DEBUG (1488): 00001030 ffffffff ffffffff ffffffff ffffffff
11-30 10:32:52.843 I/DEBUG (1488): 00001040 ffffffff ffffffff ffffffff ffffffff
11-30 10:32:52.843 I/DEBUG (1488): 00001050 ffffffff ffffffff ffffffff ffffffff
11-30 10:32:52.843 I/DEBUG (1488): 00001060 ffffffff ffffffff ffffffff ffffffff
11-30 10:32:52.843 I/DEBUG (1488): 00001070 ffffffff ffffffff ffffffff ffffffff
11-30 10:32:52.843 I/DEBUG (1488): 00001080 ffffffff ffffffff ffffffff ffffffff
11-30 10:32:52.843 I/DEBUG (1488): 00001090 ffffffff ffffffff ffffffff ffffffff
11-30 10:32:52.843 I/DEBUG (1488): 000010a0 ffffffff ffffffff ffffffff ffffffff
11-30 10:32:52.843 I/DEBUG (1488): 000010b0 ffffffff ffffffff ffffffff ffffffff
11-30 10:32:52.843 I/DEBUG (1488): 000010c0 ffffffff ffffffff ffffffff ffffffff
11-30 10:32:52.843 I/DEBUG (1488): 000010d0 ffffffff ffffffff ffffffff ffffffff
11-30 10:32:52.843 I/DEBUG (1488):
11-30 10:32:52.843 I/DEBUG (1488): code around lr:
11-30 10:32:52.843 I/DEBUG (1488): 40be7ba8 92159014 96189716 465bb905 b1159313
11-30 10:32:52.843 I/DEBUG (1488): 40be7bb8 69e91d28 98134788 9519ad13 69c6b108
11-30 10:32:52.843 I/DEBUG (1488): 40be7bc8 4da347b0 2165f240 232048a2 4aa2447d
11-30 10:32:52.843 I/DEBUG (1488): 40be7bd8 90004478 4628447a f44f9201 f7fd5280
11-30 10:32:52.843 I/DEBUG (1488): 40be7be8 6820e802 aa144999 479869c3 b1684606
11-30 10:32:52.843 I/DEBUG (1488): 40be7bf8 f44f4b9a 447b5280 68619300 90022301
11-30 10:32:52.843 I/DEBUG (1488): 40be7c08 91014628 216ef240 efecf7fc 4e944630
11-30 10:32:52.843 I/DEBUG (1488): 40be7c18 fa36f7fd f2404a93 23202172 9200447a
11-30 10:32:52.843 I/DEBUG (1488): 40be7c28 5280f44f 9601447e 488f4605 44789502
11-30 10:32:52.843 I/DEBUG (1488): 40be7c38 efd8f7fc 11c9eb04 0c0aeb01 f8dc9b2c
11-30 10:32:52.843 I/DEBUG (1488): 40be7c48 f8532494 6896000a e0996246 25016a70
11-30 10:32:52.843 I/DEBUG (1488): 40be7c58 e218f8df 38f8f8d4 f207fa15 900e44fe
11-30 10:32:52.843 I/DEBUG (1488): 40be7c68 ea024983 48830503 5280f44f 23204479
11-30 10:32:52.843 I/DEBUG (1488): 40be7c78 44789100 212ef240 46709001 e02cf8cd
11-30 10:32:52.843 I/DEBUG (1488): 40be7c88 efb0f7fc c02cf8dd d03f2d00 46612060
11-30 10:32:52.843 I/DEBUG (1488): 40be7c98 f44f465b fb0072f1 20504e07 501cf8de
11-30 10:32:52.843 I/DEBUG (1488):
11-30 10:32:52.843 I/DEBUG (1488): memory map around fault addr 00001000:
11-30 10:32:52.843 I/DEBUG (1488): (no map below)
11-30 10:32:52.843 I/DEBUG (1488): (no map for address)
11-30 10:32:52.843 I/DEBUG (1488): 40001000-40003000 rw-
11-30 10:32:53.273 I/BootReceiver(2157): Copying /data/tombstones/tombstone_01 to DropBox (SYSTEM_TOMBSTONE)
11-30 10:32:53.303 I/ServiceManager(1483): service 'media.audio_flinger' died
11-30 10:32:53.303 I/ServiceManager(1483): service 'media.player' died
11-30 10:32:53.303 I/ServiceManager(1483): service 'media.camera' died
11-30 10:32:53.303 I/ServiceManager(1483): service 'media.audio_policy' died
11-30 10:32:53.303 W/IMediaDeathNotifier(8183): media server died
11-30 10:32:53.303 W/CameraBase(8183): Camera service died!
11-30 10:32:53.303 W/CameraBase(8183): mediaserver's remote binder Camera object died
11-30 10:32:53.303 D/ADM (1501): devset:226 STATUS devapi_dtor - close all open devices in current session
11-30 10:32:53.303 E/Camera (8183): Error 100
11-30 10:32:53.303 E/CameraErrorCallback(8183): Got camera error callback. error=100
11-30 10:32:53.303 W/dalvikvm(8183): threadid=13: thread exiting with uncaught exception (group=0x41901c50)
11-30 10:32:53.303 E/AudioService(2157): Media server died.
11-30 10:32:53.303 W/AudioSystem(2157): AudioFlinger server died!
11-30 10:32:53.313 W/AudioSystem(2157): AudioPolicyService server died!
11-30 10:32:53.313 E/AndroidRuntime(8183): FATAL EXCEPTION: Camera Handler Thread
11-30 10:32:53.313 E/AndroidRuntime(8183): Process: com.android.camera2, PID: 8183
11-30 10:32:53.313 E/AndroidRuntime(8183): java.lang.RuntimeException: Media server died.
11-30 10:32:53.313 E/AndroidRuntime(8183): at com.android.camera.CameraErrorCallback.onError(CameraErrorCallback.java:32)
11-30 10:32:53.313 E/AndroidRuntime(8183): at android.hardware.Camera$EventHandler.handleMessage(Camera.java:994)
11-30 10:32:53.313 E/AndroidRuntime(8183): at android.os.Handler.dispatchMessage(Handler.java:102)
11-30 10:32:53.313 E/AndroidRuntime(8183): at android.os.Looper.loop(Looper.java:137)
11-30 10:32:53.313 E/AndroidRuntime(8183): at android.os.HandlerThread.run(HandlerThread.java:61)
11-30 10:32:53.323 W/gralloc (1490): gralloc_alloc: Gralloc is used to alloc software only buffers!
11-30 10:32:53.323 W/ActivityManager(2157): Force finishing activity com.android.camera2/com.android.camera.CameraLauncher
11-30 10:32:53.553 I/libblt_hw(1490): Library opened (handle = 7, fd = 58)
11-30 10:32:53.633 D/ADM (1501): devset:226 STATUS devapi_dtor - close all open devices in current session
11-30 10:32:53.703 I/mediaserver(8288): ServiceManager: 0x40e7d420
11-30 10:32:53.703 I/AudioFlinger(8288): Using default 3000 mSec as standby time.
11-30 10:32:53.703 E/MediaPlayerFactory(8288): calling dlopen on FACTORY_LIB
11-30 10:32:53.703 E/MediaPlayerFactory(8288): Failed to open FACTORY_LIB Error : dlopen failed: library "libdashplayer.so" not found
11-30 10:32:53.703 I/CameraService(8288): CameraService started (pid=8288)
11-30 10:32:53.754 E/libals-utils(8288): verify_interface: can't access '/sys/bus/i2c/devices/2-0040/als_on'
11-30 10:32:53.754 I/libals-as367x(8288): as367x_init: no als enable/disable: check permissions!
11-30 10:32:53.754 I/libals-as367x(8288): as367x_init: device ok, path '/sys/bus/i2c/devices/2-0040/'
11-30 10:32:53.754 I/CameraService(8288): Loaded "Sony Camera HAL" camera module
11-30 10:32:53.754 I/Sony Camera HAL(8288): HAL_getNumberOfCameras: E
11-30 10:32:53.754 I/Sony Camera HAL(8288): HAL_Camera_GetCameraInfo: HAL_gCameraNum=-1
11-30 10:32:53.754 W/caladbolg(8288): 56305 cald_pal.c (2135) 8288 W [PAL] No cache data
11-30 10:32:53.774 I/caladbolg(8288): 77667 cald_pal.c (4531) 8288 I [INF] PAL_Create
11-30 10:32:53.774 I/ENSLoader(8288): Scanning directory /system/lib/ste_omxcomponents/ for STE ENS based components
11-30 10:32:53.814 E/AudioService(2157): Media server started.
11-30 10:32:54.004 W/ActivityManager(2157): Activity pause timeout for ActivityRecord{41ce8088 u0 com.android.camera2/com.android.camera.CameraLauncher t22 f}
11-30 10:32:54.014 W/Launcher(2406): setApplicationContext called twice! old=com.android.launcher3.LauncherApplication@41bc25e8 new=com.android.launcher3.LauncherApplication@41bc25e8
11-30 10:32:54.274 I/libblt_hw(1490): Library opened (handle = 9, fd = 60)
11-30 10:32:54.384 I/ActivityManager(2157): Displayed com.android.launcher3/.Launcher: +376ms
11-30 10:32:54.404 E/BellagioCore(8288): ST Static Component Loader : Cannot open OpenMAX registry file /tmp/.omxregister
11-30 10:32:54.404 E/BellagioCore(8288): Component loader 1 constructor fails. Error= 0x80001000
11-30 10:32:54.424 I/OSI-Trace(8288): [DBGT][persist.debug.imgcommon.level] disabled
11-30 10:32:54.424 I/OSI-Trace(8288): [DBGT][persist.debug.damper.level] disabled
11-30 10:32:54.424 I/OSI-Trace(8288): [DBGT][persist.debug.damper.level] disabled
11-30 10:32:54.424 I/OSI-Trace(8288): [DBGT][persist.debug.damper.level] disabled
11-30 10:32:54.424 I/OSI-Trace(8288): [DBGT][persist.debug.damper.level] disabled
11-30 10:32:54.424 I/OSI-Trace(8288): [DBGT][persist.debug.damper.level] disabled
11-30 10:32:54.424 I/OSI-Trace(8288): [DBGT][persist.debug.damper.level] disabled
11-30 10:32:54.424 I/OSI-Trace(8288): [DBGT][persist.debug.damper.level] disabled
11-30 10:32:54.424 I/OSI-Trace(8288): [DBGT][persist.debug.damper.level] disabled
11-30 10:32:54.424 I/OSI-Trace(8288): [DBGT][persist.debug.damper.level] disabled
11-30 10:32:54.424 I/OSI-Trace(8288): [DBGT][persist.debug.damper.level] disabled
11-30 10:32:54.424 I/OSI-Trace(8288): [DBGT][persist.debug.damper.level] disabled
11-30 10:32:54.424 I/OSI-Trace(8288): [DBGT][persist.debug.damper.level] disabled
11-30 10:32:54.424 I/OSI-Trace(8288): [DBGT][persist.debug.damper.level] disabled
11-30 10:32:54.424 I/OSI-Trace(8288): [DBGT][persist.debug.damper.level] disabled
11-30 10:32:54.424 I/OSI-Trace(8288): [DBGT][persist.debug.damper.level] disabled
11-30 10:32:54.424 I/OSI-Trace(8288): [DBGT][persist.debug.damper.level] disabled
11-30 10:32:54.424 I/OSI-Trace(8288): [DBGT][persist.debug.hsmcamera.level] disabled
11-30 10:32:54.424 I/OSI-Trace(8288): [DBGT][persist.debug.ifm.level] disabled
11-30 10:32:54.424 I/ENSWrapper(8288): initOMXWrapperServices
11-30 10:32:54.424 I/ENSWrapper(8288): ASIC_ID=2
11-30 10:32:54.424 I/ENSWrapper(8288): initOMXWrapperServices Done
11-30 10:32:54.424 I/ENSWrapper(8288): initENSWrapperServices
11-30 10:32:54.424 I/OSTTRACE(8288): Executing OSTTraceInit
11-30 10:32:54.424 I/ENSWrapper(8288): initNMFWrapperServices
11-30 10:32:54.424 I/ENSWrapper(8288): initNMFWrapperServices: Enabling CM ULP mode
11-30 10:32:54.434 I/ENSWrapper(8288): initNMFWrapperServices Done
11-30 10:32:54.434 I/ENSWrapper(8288): initENSWrapperServices Done
11-30 10:32:54.434 I/RME (8288): visual activity tracker switched ON
11-30 10:32:54.434 I/OSI-Trace(8288): [DBGT][persist.debug.tuningload.level] disabled
11-30 10:32:54.444 I/OSI-Trace(8288): [DBGT][persist.debug.tuning.level] disabled
11-30 10:32:54.444 I/OSI-Trace(8288): [DBGT][persist.debug.tuning.level] disabled
11-30 10:32:54.444 I/OSI-Trace(8288): [DBGT][persist.debug.tuning.level] disabled
11-30 10:32:54.444 I/OSI-Trace(8288): [DBGT][persist.debug.tuning.level] disabled
11-30 10:32:54.444 I/SemcCFlashDriver(8288): FlashModeContainer - Initialized
11-30 10:32:54.444 D/SemcCFlashDriver(8288): Time taken: 0s, 366us
11-30 10:32:54.444 D/SemcCFlashDriver(8288): SemcCFlashDriver - Chip is initialized
11-30 10:32:54.464 I/OSI-Trace(8288): [DBGT][persist.debug.mmiocamera.level] disabled
11-30 10:32:54.464 D/MMHWBuffer(8288): Create (iBuffers=1, iSize=1310720, iAlignment=256, iCacheAttr=2, aComponent=0x00000000)
11-30 10:32:54.464 D/MMHWBuffer(8288): Create returns bHandle=0x40e52738 bPool=0x40e526e0
11-30 10:32:54.484 D/MMHWBuffer(8288): Create (iBuffers=1, iSize=95640, iAlignment=-1, iCacheAttr=2, aComponent=0x00000000)
11-30 10:32:54.484 D/MMHWBuffer(8288): Create returns bHandle=0x40e527c0 bPool=0x40e52768
11-30 10:32:54.584 D/SemcCFlashDriver(8288): GetSupportedFlashModes Adding supported flashmode 0x40
11-30 10:32:54.584 D/SemcCFlashDriver(8288): GetSupportedFlashModes Adding supported flashmode 0x20
11-30 10:32:54.584 D/SemcCFlashDriver(8288): GetSupportedFlashModes Adding supported flashmode 0x10
11-30 10:32:54.584 D/SemcCFlashDriver(8288): GetSupportedFlashModes Adding supported flashmode 0x08
11-30 10:32:54.584 D/SemcCFlashDriver(8288): GetSupportedFlashModes Adding supported flashmode 0x04
11-30 10:32:54.584 D/SemcCFlashDriver(8288): virtual TFlashReturnCode SemcCFlashDriver::GetFlashModeDetails(TFlashMode, TFlashDetails&, TCameraId) - Called
11-30 10:32:54.584 D/SemcCFlashDriver(8288): virtual TFlashReturnCode SemcCFlashDriver::GetFlashModeDetails(TFlashMode, TFlashDetails&, TCameraId) -Done
11-30 10:32:54.584 E/OSI-Trace(8288): ! ispVectorWrite Bad param. count = -1
11-30 10:32:54.584 E/OSI-Trace(8288): /home/hudsonslave/root/workspace/offbuild_jb-riogrande-6.2-release_matrix/HUDSON_PRODUCT/lotus/HUDSON_VARIANT/user/label/CM/vendor/st-ericsson/multimedia/linux/mmio/lib/MMIO_Camera.cpp:872
11-30 10:32:54.584 E/OSI-Trace(8288): ! ispVectorWrite Bad param. count = -1
11-30 10:32:54.584 E/OSI-Trace(8288): /home/hudsonslave/root/workspace/offbuild_jb-riogrande-6.2-release_matrix/HUDSON_PRODUCT/lotus/HUDSON_VARIANT/user/label/CM/vendor/st-ericsson/multimedia/linux/mmio/lib/MMIO_Camera.cpp:872
11-30 10:32:54.584 E/OSI-Trace(8288): ! ispVectorWrite Bad param. count = -1
11-30 10:32:54.584 E/OSI-Trace(8288): /home/hudsonslave/root/workspace/offbuild_jb-riogrande-6.2-release_matrix/HUDSON_PRODUCT/lotus/HUDSON_VARIANT/user/label/CM/vendor/st-ericsson/multimedia/linux/mmio/lib/MMIO_Camera.cpp:872
11-30 10:32:54.584 E/OSI-Trace(8288): ! ispVectorWrite Bad param. count = -1
11-30 10:32:54.584 E/OSI-Trace(8288): /home/hudsonslave/root/workspace/offbuild_jb-riogrande-6.2-release_matrix/HUDSON_PRODUCT/lotus/HUDSON_VARIANT/user/label/CM/vendor/st-ericsson/multimedia/linux/mmio/lib/MMIO_Camera.cpp:872
11-30 10:32:54.584 E/OSI-Trace(8288): ! ispVectorWrite Bad param. count = -1
11-30 10:32:54.584 E/OSI-Trace(8288): /home/hudsonslave/root/workspace/offbuild_jb-riogrande-6.2-release_matrix/HUDSON_PRODUCT/lotus/HUDSON_VARIANT/user/label/CM/vendor/st-ericsson/multimedia/linux/mmio/lib/MMIO_Camera.cpp:872
11-30 10:32:54.584 E/OSI-Trace(8288): ! ispVectorWrite Bad param. count = -1
11-30 10:32:54.584 E/OSI-Trace(8288): /home/hudsonslave/root/workspace/offbuild_jb-riogrande-6.2-release_matrix/HUDSON_PRODUCT/lotus/HUDSON_VARIANT/user/label/CM/vendor/st-ericsson/multimedia/linux/mmio/lib/MMIO_Camera.cpp:872
11-30 10:32:54.584 E/OSI-Trace(8288): ! ispVectorWrite Bad param. count = -1
11-30 10:32:54.584 E/OSI-Trace(8288): /home/hudsonslave/root/workspace/offbuild_jb-riogrande-6.2-release_matrix/HUDSON_PRODUCT/lotus/HUDSON_VARIANT/user/label/CM/vendor/st-ericsson/multimedia/linux/mmio/lib/MMIO_Camera.cpp:872
11-30 10:32:54.584 E/OSI-Trace(8288): ! ispVectorWrite Bad param. count = -1
11-30 10:32:54.584 E/OSI-Trace(8288): /home/hudsonslave/root/workspace/offbuild_jb-riogrande-6.2-release_matrix/HUDSON_PRODUCT/lotus/HUDSON_VARIANT/user/label/CM/vendor/st-ericsson/multimedia/linux/mmio/lib/MMIO_Camera.cpp:872
11-30 10:32:54.584 E/OSI-Trace(8288): ! ispVectorWrite Bad param. count = -1
11-30 10:32:54.584 E/OSI-Trace(8288): /home/hudsonslave/root/workspace/offbuild_jb-riogrande-6.2-release_matrix/HUDSON_PRODUCT/lotus/HUDSON_VARIANT/user/label/CM/vendor/st-ericsson/multimedia/linux/mmio/lib/MMIO_Camera.cpp:872
11-30 10:32:54.584 E/OSI-Trace(8288): ! ispVectorWrite Bad param. count = -1
11-30 10:32:54.584 E/OSI-Trace(8288): /home/hudsonslave/root/workspace/offbuild_jb-riogrande-6.2-release_matrix/HUDSON_PRODUCT/lotus/HUDSON_VARIANT/user/label/CM/vendor/st-ericsson/multimedia/linux/mmio/lib/MMIO_Camera.cpp:872
11-30 10:32:54.584 E/OSI-Trace(8288): ! ispVectorWrite Bad param. count = -1
11-30 10:32:54.584 E/OSI-Trace(8288): /home/hudsonslave/root/workspace/offbuild_jb-riogrande-6.2-release_matrix/HUDSON_PRODUCT/lotus/HUDSON_VARIANT/user/label/CM/vendor/st-ericsson/multimedia/linux/mmio/lib/MMIO_Camera.cpp:872
11-30 10:32:54.584 E/OSI-Trace(8288): ! ispVectorWrite Bad param. count = -1
11-30 10:32:54.584 E/OSI-Trace(8288): /home/hudsonslave/root/workspace/offbuild_jb-riogrande-6.2-release_matrix/HUDSON_PRODUCT/lotus/HUDSON_VARIANT/user/label/CM/vendor/st-ericsson/multimedia/linux/mmio/lib/MMIO_Camera.cpp:872
11-30 10:32:54.604 D/SemcCFlashDriver(8288): Close - Called
11-30 10:32:54.604 D/SemcCFlashDriver(8288): Close - Done
11-30 10:32:54.604 D/MMHWBuffer(8288): Destroy (bHandle=0x40e527c0)
