11-30 10:25:00.671 E/ActivityManager(2157): 11% TOTAL: 6.5% user + 4.4% kernel + 0% softirq
11-30 10:25:00.671 E/ActivityManager(2157): CPU usage from 1011ms to 1533ms later:
11-30 10:25:00.671 E/ActivityManager(2157): 10% 2157/system_server: 5.3% user + 5.3% kernel
11-30 10:25:00.671 E/ActivityManager(2157): 8.9% 2188/ActivityManager: 3.5% user + 5.3% kernel
11-30 10:25:00.671 E/ActivityManager(2157): 8.6% 6549/mediaserver: 4.3% user + 4.3% kernel
11-30 10:25:00.671 E/ActivityManager(2157): 5.7% 6701/e.amrnb.decoder: 4.3% user + 1.4% kernel
11-30 10:25:00.671 E/ActivityManager(2157): 2.8% 6702/OMXCallbackDisp: 0% user + 2.8% kernel
11-30 10:25:00.671 E/ActivityManager(2157): 1.4% 6584/AudioOut_4: 0% user + 1.4% kernel
11-30 10:25:00.671 E/ActivityManager(2157): 1.4% 6703/AudioTrack: 0% user + 1.4% kernel
11-30 10:25:00.671 E/ActivityManager(2157): 7.2% 1501/admsrv: 3.6% user + 3.6% kernel
11-30 10:25:00.671 E/ActivityManager(2157): 5.4% 1950/ENS-MPC-CB: 1.8% user + 3.6% kernel
11-30 10:25:00.671 E/ActivityManager(2157): 7.7% TOTAL: 2.9% user + 4.8% kernel
11-30 10:25:02.774 I/BootReceiver(2157): Copying /data/tombstones/tombstone_08 to DropBox (SYSTEM_TOMBSTONE)
11-30 10:25:02.944 W/ActivityManager(2157): Force finishing activity com.android.gallery3d/.app.MovieActivity
11-30 10:25:02.954 I/WindowState(2157): WIN DEATH: Window{42016fc8 u0 SurfaceView}
11-30 10:25:02.964 I/WindowState(2157): WIN DEATH: Window{41ec1d30 u0 com.android.gallery3d/com.android.gallery3d.app.MovieActivity}
11-30 10:25:02.994 W/ActivityManager(2157): Exception thrown during pause
11-30 10:25:02.994 W/ActivityManager(2157): android.os.DeadObjectException
11-30 10:25:02.994 W/ActivityManager(2157): at android.os.BinderProxy.transact(Native Method)
11-30 10:25:02.994 W/ActivityManager(2157): at android.app.ApplicationThreadProxy.schedulePauseActivity(ApplicationThreadNative.java:660)
11-30 10:25:02.994 W/ActivityManager(2157): at com.android.server.am.ActivityStack.startPausingLocked(ActivityStack.java:777)
11-30 10:25:02.994 W/ActivityManager(2157): at com.android.server.am.ActivityStack.finishActivityLocked(ActivityStack.java:2460)
11-30 10:25:02.994 W/ActivityManager(2157): at com.android.server.am.ActivityStack.finishTopRunningActivityLocked(ActivityStack.java:2331)
11-30 10:25:02.994 W/ActivityManager(2157): at com.android.server.am.ActivityStackSupervisor.finishTopRunningActivityLocked(ActivityStackSupervisor.java:2018)
11-30 10:25:02.994 W/ActivityManager(2157): at com.android.server.am.ActivityManagerService.handleAppCrashLocked(ActivityManagerService.java:9516)
11-30 10:25:02.994 W/ActivityManager(2157): at com.android.server.am.ActivityManagerService.makeAppCrashingLocked(ActivityManagerService.java:9411)
11-30 10:25:02.994 W/ActivityManager(2157): at com.android.server.am.ActivityManagerService.crashApplication(ActivityManagerService.java:10053)
11-30 10:25:02.994 W/ActivityManager(2157): at com.android.server.am.ActivityManagerService.handleApplicationCrashInner(ActivityManagerService.java:9605)
11-30 10:25:02.994 W/ActivityManager(2157): at com.android.server.am.NativeCrashListener$NativeCrashReporter.run(NativeCrashListener.java:86)
11-30 10:25:03.034 I/ActivityManager(2157): Start proc com.rhmsoft.fm for activity com.rhmsoft.fm/.FileManager: pid=6722 uid=10063 gids={50063, 3003, 1028, 1015}
11-30 10:25:03.034 I/ActivityManager(2157): Process com.android.gallery3d (pid 6673) has died.
11-30 10:25:03.564 E/ActivityThread(6722): Failed to find provider info for com.google.plus.platform
11-30 10:25:04.285 W/SocketClient(1487): write error (Broken pipe)
11-30 10:25:09.000 W/InputMethodManagerService(2157): Got RemoteException sending setActive(false) notification to pid 6673 uid 10038
11-30 10:25:16.847 I/ActivityManager(2157): START u0 {act=android.intent.action.MAIN cat=[android.intent.category.HOME] flg=0x10200000 cmp=com.android.launcher3/.Launcher} from pid 2157
11-30 10:25:19.790 I/ActivityManager(2157): START u0 {act=android.settings.BLUETOOTH_SETTINGS flg=0x14000000 cmp=com.android.settings/.Settings$BluetoothSettingsActivity} from pid 2247
11-30 10:25:19.870 I/ActivityManager(2157): Start proc com.android.settings for activity com.android.settings/.Settings$BluetoothSettingsActivity: pid=6812 uid=1000 gids={41000, 1028, 1015, 3002, 3001, 3003}
11-30 10:25:20.311 W/ContextImpl(6812): Calling a method in the system process without a qualified user: android.app.ContextImpl.bindService:1574 android.content.ContextWrapper.bindService:517 android.bluetooth.BluetoothInputDevice.doBind:256 android.bluetooth.BluetoothInputDevice.:249 android.bluetooth.BluetoothAdapter.getProfileProxy:1197
11-30 10:25:20.311 W/ContextImpl(6812): Calling a method in the system process without a qualified user: android.app.ContextImpl.bindService:1574 android.content.ContextWrapper.bindService:517 android.bluetooth.BluetoothPan.doBind:149 android.bluetooth.BluetoothPan.:141 android.bluetooth.BluetoothAdapter.getProfileProxy:1200
11-30 10:25:20.321 W/ContextImpl(6812): Calling a method in the system process without a qualified user: android.app.ContextImpl.bindService:1574 android.content.ContextWrapper.bindService:517 android.bluetooth.BluetoothMap.doBind:109 android.bluetooth.BluetoothMap.:102 android.bluetooth.BluetoothAdapter.getProfileProxy:1212
11-30 10:25:20.321 W/ContextImpl(6812): Calling a method in the system process without a qualified user: android.app.ContextImpl.bindService:1574 android.content.ContextWrapper.bindService:517 android.bluetooth.BluetoothPbap.doBind:164 android.bluetooth.BluetoothPbap.:157 com.android.settings.bluetooth.PbapServerProfile.:68
11-30 10:25:21.932 I/ActivityManager(2157): Start proc com.android.bluetooth for service com.android.bluetooth/.btservice.AdapterService: pid=6837 uid=1002 gids={41002, 3003, 3002, 3001, 1028, 1015, 3005, 1016, 3008, 1023}
11-30 10:25:27.428 W/ContextImpl(6812): Calling a method in the system process without a qualified user: android.app.ContextImpl.startService:1510 android.content.ContextWrapper.startService:494 android.content.ContextWrapper.startService:494 com.android.settings.bluetooth.DockEventReceiver.beginStartingService:134 com.android.settings.bluetooth.DockEventReceiver.onReceive:115
11-30 10:25:27.438 E/ActivityThread(6837): Service com.android.bluetooth.a2dp.A2dpService has leaked IntentReceiver com.android.bluetooth.a2dp.Avrcp$2@41c178e8 that was originally registered here. Are you missing a call to unregisterReceiver()?
11-30 10:25:27.438 E/ActivityThread(6837): android.app.IntentReceiverLeaked: Service com.android.bluetooth.a2dp.A2dpService has leaked IntentReceiver com.android.bluetooth.a2dp.Avrcp$2@41c178e8 that was originally registered here. Are you missing a call to unregisterReceiver()?
11-30 10:25:27.438 E/ActivityThread(6837): at android.app.LoadedApk$ReceiverDispatcher.(LoadedApk.java:805)
11-30 10:25:27.438 E/ActivityThread(6837): at android.app.LoadedApk.getReceiverDispatcher(LoadedApk.java:606)
11-30 10:25:27.438 E/ActivityThread(6837): at android.app.ContextImpl.registerReceiverInternal(ContextImpl.java:1461)
11-30 10:25:27.438 E/ActivityThread(6837): at android.app.ContextImpl.registerReceiver(ContextImpl.java:1441)
11-30 10:25:27.438 E/ActivityThread(6837): at android.app.ContextImpl.registerReceiver(ContextImpl.java:1435)
11-30 10:25:27.438 E/ActivityThread(6837): at android.content.ContextWrapper.registerReceiver(ContextWrapper.java:467)
11-30 10:25:27.438 E/ActivityThread(6837): at com.android.bluetooth.a2dp.Avrcp.start(Avrcp.java:278)
11-30 10:25:27.438 E/ActivityThread(6837): at com.android.bluetooth.a2dp.Avrcp.make(Avrcp.java:354)
11-30 10:25:27.438 E/ActivityThread(6837): at com.android.bluetooth.a2dp.A2dpService.start(A2dpService.java:64)
11-30 10:25:27.438 E/ActivityThread(6837): at com.android.bluetooth.btservice.ProfileService.doStart(ProfileService.java:174)
11-30 10:25:27.438 E/ActivityThread(6837): at com.android.bluetooth.btservice.ProfileService.onStartCommand(ProfileService.java:133)
11-30 10:25:27.438 E/ActivityThread(6837): at android.app.ActivityThread.handleServiceArgs(ActivityThread.java:2703)
11-30 10:25:27.438 E/ActivityThread(6837): at android.app.ActivityThread.access$2000(ActivityThread.java:145)
11-30 10:25:27.438 E/ActivityThread(6837): at android.app.ActivityThread$H.handleMessage(ActivityThread.java:1504)
11-30 10:25:27.438 E/ActivityThread(6837): at android.os.Handler.dispatchMessage(Handler.java:102)
11-30 10:25:27.438 E/ActivityThread(6837): at android.os.Looper.loop(Looper.java:137)
11-30 10:25:27.438 E/ActivityThread(6837): at android.app.ActivityThread.main(ActivityThread.java:5062)
11-30 10:25:27.438 E/ActivityThread(6837): at java.lang.reflect.Method.invokeNative(Native Method)
11-30 10:25:27.438 E/ActivityThread(6837): at java.lang.reflect.Method.invoke(Method.java:515)
11-30 10:25:27.438 E/ActivityThread(6837): at com.android.internal.os.ZygoteInit$MethodAndArgsCaller.run(ZygoteInit.java:779)
11-30 10:25:27.438 E/ActivityThread(6837): at com.android.internal.os.ZygoteInit.main(ZygoteInit.java:595)
11-30 10:25:27.438 E/ActivityThread(6837): at dalvik.system.NativeStart.main(Native Method)
11-30 10:25:27.928 I/ActivityManager(2157): Killing 6722:com.rhmsoft.fm/u0a63 (adj 11): empty #2
11-30 10:25:28.348 I/ActivityManager(2157): START u0 {act=android.intent.action.MAIN cat=[android.intent.category.HOME] flg=0x10200000 cmp=com.android.launcher3/.Launcher} from pid 2157
11-30 10:25:28.629 W/InputMethodManagerService(2157): Starting input on non-focused client com.android.internal.view.IInputMethodClient$Stub$Proxy@41c1e110 (uid=1000 pid=6812)
11-30 10:25:28.849 I/ActivityManager(2157): Killing 6812:com.android.settings/1000 (adj 2): cached #1
11-30 10:25:28.879 I/WindowState(2157): WIN DEATH: Window{421396d0 u0 com.android.settings/com.android.settings.Settings$BluetoothSettingsActivity}
11-30 10:25:28.879 W/ActivityManager(2157): Force removing ActivityRecord{41cd4a38 u0 com.android.settings/.Settings$BluetoothSettingsActivity t14}: app died, no saved state
11-30 10:25:29.670 I/ActivityManager(2157): START u0 {act=android.intent.action.MAIN cat=[android.intent.category.LAUNCHER] flg=0x10200000 cmp=com.nolanlawson.logcat/.LogcatActivity bnds=[240,416][357,560]} from pid 2406
11-30 10:25:29.740 I/ActivityManager(2157): Start proc com.nolanlawson.logcat for activity com.nolanlawson.logcat/.LogcatActivity: pid=6887 uid=10013 gids={50013, 1028, 1015}
11-30 10:25:31.191 I/ActivityManager(2157): Start proc com.android.settings for broadcast com.android.settings/.bluetooth.DockEventReceiver: pid=6950 uid=1000 gids={41000, 1028, 1015, 3002, 3001, 3003}
11-30 10:25:36.536 E/ActivityThread(6837): Service com.android.bluetooth.a2dp.A2dpService has leaked IntentReceiver com.android.bluetooth.a2dp.Avrcp$2@41c60558 that was originally registered here. Are you missing a call to unregisterReceiver()?
11-30 10:25:36.536 E/ActivityThread(6837): android.app.IntentReceiverLeaked: Service com.android.bluetooth.a2dp.A2dpService has leaked IntentReceiver com.android.bluetooth.a2dp.Avrcp$2@41c60558 that was originally registered here. Are you missing a call to unregisterReceiver()?
11-30 10:25:36.536 E/ActivityThread(6837): at android.app.LoadedApk$ReceiverDispatcher.(LoadedApk.java:805)
11-30 10:25:36.536 E/ActivityThread(6837): at android.app.LoadedApk.getReceiverDispatcher(LoadedApk.java:606)
11-30 10:25:36.536 E/ActivityThread(6837): at android.app.ContextImpl.registerReceiverInternal(ContextImpl.java:1461)
11-30 10:25:36.536 E/ActivityThread(6837): at android.app.ContextImpl.registerReceiver(ContextImpl.java:1441)
11-30 10:25:36.536 E/ActivityThread(6837): at android.app.ContextImpl.registerReceiver(ContextImpl.java:1435)
11-30 10:25:36.536 E/ActivityThread(6837): at android.content.ContextWrapper.registerReceiver(ContextWrapper.java:467)
11-30 10:25:36.536 E/ActivityThread(6837): at com.android.bluetooth.a2dp.Avrcp.start(Avrcp.java:278)
11-30 10:25:36.536 E/ActivityThread(6837): at com.android.bluetooth.a2dp.Avrcp.make(Avrcp.java:354)
11-30 10:25:36.536 E/ActivityThread(6837): at com.android.bluetooth.a2dp.A2dpService.start(A2dpService.java:64)
11-30 10:25:36.536 E/ActivityThread(6837): at com.android.bluetooth.btservice.ProfileService.doStart(ProfileService.java:174)
11-30 10:25:36.536 E/ActivityThread(6837): at com.android.bluetooth.btservice.ProfileService.onStartCommand(ProfileService.java:133)
11-30 10:25:36.536 E/ActivityThread(6837): at android.app.ActivityThread.handleServiceArgs(ActivityThread.java:2703)
11-30 10:25:36.536 E/ActivityThread(6837): at android.app.ActivityThread.access$2000(ActivityThread.java:145)
11-30 10:25:36.536 E/ActivityThread(6837): at android.app.ActivityThread$H.handleMessage(ActivityThread.java:1504)
11-30 10:25:36.536 E/ActivityThread(6837): at android.os.Handler.dispatchMessage(Handler.java:102)
11-30 10:25:36.536 E/ActivityThread(6837): at android.os.Looper.loop(Looper.java:137)
11-30 10:25:36.536 E/ActivityThread(6837): at android.app.ActivityThread.main(ActivityThread.java:5062)
11-30 10:25:36.536 E/ActivityThread(6837): at java.lang.reflect.Method.invokeNative(Native Method)
11-30 10:25:36.536 E/ActivityThread(6837): at java.lang.reflect.Method.invoke(Method.java:515)
11-30 10:25:36.536 E/ActivityThread(6837): at com.android.internal.os.ZygoteInit$MethodAndArgsCaller.run(ZygoteInit.java:779)
11-30 10:25:36.536 E/ActivityThread(6837): at com.android.internal.os.ZygoteInit.main(ZygoteInit.java:595)
11-30 10:25:36.536 E/ActivityThread(6837): at dalvik.system.NativeStart.main(Native Method)
11-30 10:25:36.536 W/ContextImpl(6950): Calling a method in the system process without a qualified user: android.app.ContextImpl.startService:1510 android.content.ContextWrapper.startService:494 android.content.ContextWrapper.startService:494 com.android.settings.bluetooth.DockEventReceiver.beginStartingService:134 com.android.settings.bluetooth.DockEventReceiver.onReceive:115
11-30 10:25:36.577 W/ContextImpl(6950): Calling a method in the system process without a qualified user: android.app.ContextImpl.bindService:1574 android.content.ContextWrapper.bindService:517 android.bluetooth.BluetoothInputDevice.doBind:256 android.bluetooth.BluetoothInputDevice.:249 android.bluetooth.BluetoothAdapter.getProfileProxy:1197
11-30 10:25:36.587 W/ContextImpl(6950): Calling a method in the system process without a qualified user: android.app.ContextImpl.bindService:1574 android.content.ContextWrapper.bindService:517 android.bluetooth.BluetoothPan.doBind:149 android.bluetooth.BluetoothPan.:141 android.bluetooth.BluetoothAdapter.getProfileProxy:1200
11-30 10:25:36.597 W/ContextImpl(6950): Calling a method in the system process without a qualified user: android.app.ContextImpl.bindService:1574 android.content.ContextWrapper.bindService:517 android.bluetooth.BluetoothMap.doBind:109 android.bluetooth.BluetoothMap.:102 android.bluetooth.BluetoothAdapter.getProfileProxy:1212
11-30 10:25:36.607 W/ContextImpl(6950): Calling a method in the system process without a qualified user: android.app.ContextImpl.bindService:1574 android.content.ContextWrapper.bindService:517 android.bluetooth.BluetoothPbap.doBind:164 android.bluetooth.BluetoothPbap.:157 com.android.settings.bluetooth.PbapServerProfile.:68
11-30 10:25:37.047 I/ActivityManager(2157): Killing 6950:com.android.settings/1000 (adj 11): empty #2
11-30 10:25:40.110 I/ActivityManager(2157): Start proc com.android.settings for broadcast com.android.settings/.bluetooth.DockEventReceiver: pid=6995 uid=1000 gids={41000, 1028, 1015, 3002, 3001, 3003}
11-30 10:25:45.285 E/ActivityThread(6837): Service com.android.bluetooth.a2dp.A2dpService has leaked IntentReceiver com.android.bluetooth.a2dp.Avrcp$2@41c99580 that was originally registered here. Are you missing a call to unregisterReceiver()?
11-30 10:25:45.285 E/ActivityThread(6837): android.app.IntentReceiverLeaked: Service com.android.bluetooth.a2dp.A2dpService has leaked IntentReceiver com.android.bluetooth.a2dp.Avrcp$2@41c99580 that was originally registered here. Are you missing a call to unregisterReceiver()?
11-30 10:25:45.285 E/ActivityThread(6837): at android.app.LoadedApk$ReceiverDispatcher.(LoadedApk.java:805)
11-30 10:25:45.285 E/ActivityThread(6837): at android.app.LoadedApk.getReceiverDispatcher(LoadedApk.java:606)
11-30 10:25:45.285 E/ActivityThread(6837): at android.app.ContextImpl.registerReceiverInternal(ContextImpl.java:1461)
11-30 10:25:45.285 E/ActivityThread(6837): at android.app.ContextImpl.registerReceiver(ContextImpl.java:1441)
11-30 10:25:45.285 E/ActivityThread(6837): at android.app.ContextImpl.registerReceiver(ContextImpl.java:1435)
11-30 10:25:45.285 E/ActivityThread(6837): at android.content.ContextWrapper.registerReceiver(ContextWrapper.java:467)
11-30 10:25:45.285 E/ActivityThread(6837): at com.android.bluetooth.a2dp.Avrcp.start(Avrcp.java:278)
11-30 10:25:45.285 E/ActivityThread(6837): at com.android.bluetooth.a2dp.Avrcp.make(Avrcp.java:354)
11-30 10:25:45.285 E/ActivityThread(6837): at com.android.bluetooth.a2dp.A2dpService.start(A2dpService.java:64)
11-30 10:25:45.285 E/ActivityThread(6837): at com.android.bluetooth.btservice.ProfileService.doStart(ProfileService.java:174)
11-30 10:25:45.285 E/ActivityThread(6837): at com.android.bluetooth.btservice.ProfileService.onStartCommand(ProfileService.java:133)
11-30 10:25:45.285 E/ActivityThread(6837): at android.app.ActivityThread.handleServiceArgs(ActivityThread.java:2703)
11-30 10:25:45.285 E/ActivityThread(6837): at android.app.ActivityThread.access$2000(ActivityThread.java:145)
11-30 10:25:45.285 E/ActivityThread(6837): at android.app.ActivityThread$H.handleMessage(ActivityThread.java:1504)
11-30 10:25:45.285 E/ActivityThread(6837): at android.os.Handler.dispatchMessage(Handler.java:102)
11-30 10:25:45.285 E/ActivityThread(6837): at android.os.Looper.loop(Looper.java:137)
11-30 10:25:45.285 E/ActivityThread(6837): at android.app.ActivityThread.main(ActivityThread.java:5062)
11-30 10:25:45.285 E/ActivityThread(6837): at java.lang.reflect.Method.invokeNative(Native Method)
11-30 10:25:45.285 E/ActivityThread(6837): at java.lang.reflect.Method.invoke(Method.java:515)
11-30 10:25:45.285 E/ActivityThread(6837): at com.android.internal.os.ZygoteInit$MethodAndArgsCaller.run(ZygoteInit.java:779)
11-30 10:25:45.285 E/ActivityThread(6837): at com.android.internal.os.ZygoteInit.main(ZygoteInit.java:595)
11-30 10:25:45.285 E/ActivityThread(6837): at dalvik.system.NativeStart.main(Native Method)
11-30 10:25:45.295 W/ContextImpl(6995): Calling a method in the system process without a qualified user: android.app.ContextImpl.startService:1510 android.content.ContextWrapper.startService:494 android.content.ContextWrapper.startService:494 com.android.settings.bluetooth.DockEventReceiver.beginStartingService:134 com.android.settings.bluetooth.DockEventReceiver.onReceive:115
11-30 10:25:45.325 W/ContextImpl(6995): Calling a method in the system process without a qualified user: android.app.ContextImpl.bindService:1574 android.content.ContextWrapper.bindService:517 android.bluetooth.BluetoothInputDevice.doBind:256 android.bluetooth.BluetoothInputDevice.:249 android.bluetooth.BluetoothAdapter.getProfileProxy:1197
11-30 10:25:45.335 W/ContextImpl(6995): Calling a method in the system process without a qualified user: android.app.ContextImpl.bindService:1574 android.content.ContextWrapper.bindService:517 android.bluetooth.BluetoothPan.doBind:149 android.bluetooth.BluetoothPan.:141 android.bluetooth.BluetoothAdapter.getProfileProxy:1200
11-30 10:25:45.345 W/ContextImpl(6995): Calling a method in the system process without a qualified user: android.app.ContextImpl.bindService:1574 android.content.ContextWrapper.bindService:517 android.bluetooth.BluetoothMap.doBind:109 android.bluetooth.BluetoothMap.:102 android.bluetooth.BluetoothAdapter.getProfileProxy:1212
11-30 10:25:45.355 W/ContextImpl(6995): Calling a method in the system process without a qualified user: android.app.ContextImpl.bindService:1574 android.content.ContextWrapper.bindService:517 android.bluetooth.BluetoothPbap.doBind:164 android.bluetooth.BluetoothPbap.:157 com.android.settings.bluetooth.PbapServerProfile.:68
11-30 10:25:45.775 I/ActivityManager(2157): Killing 6995:com.android.settings/1000 (adj 11): empty #2
11-30 10:25:48.828 I/ActivityManager(2157): Start proc com.android.settings for broadcast com.android.settings/.bluetooth.DockEventReceiver: pid=7037 uid=1000 gids={41000, 1028, 1015, 3002, 3001, 3003}
11-30 10:25:54.004 E/ActivityThread(6837): Service com.android.bluetooth.a2dp.A2dpService has leaked IntentReceiver com.android.bluetooth.a2dp.Avrcp$2@41cd1828 that was originally registered here. Are you missing a call to unregisterReceiver()?
11-30 10:25:54.004 E/ActivityThread(6837): android.app.IntentReceiverLeaked: Service com.android.bluetooth.a2dp.A2dpService has leaked IntentReceiver com.android.bluetooth.a2dp.Avrcp$2@41cd1828 that was originally registered here. Are you missing a call to unregisterReceiver()?
11-30 10:25:54.004 E/ActivityThread(6837): at android.app.LoadedApk$ReceiverDispatcher.(LoadedApk.java:805)
11-30 10:25:54.004 E/ActivityThread(6837): at android.app.LoadedApk.getReceiverDispatcher(LoadedApk.java:606)
11-30 10:25:54.004 E/ActivityThread(6837): at android.app.ContextImpl.registerReceiverInternal(ContextImpl.java:1461)
11-30 10:25:54.004 E/ActivityThread(6837): at android.app.ContextImpl.registerReceiver(ContextImpl.java:1441)
11-30 10:25:54.004 E/ActivityThread(6837): at android.app.ContextImpl.registerReceiver(ContextImpl.java:1435)
11-30 10:25:54.004 E/ActivityThread(6837): at android.content.ContextWrapper.registerReceiver(ContextWrapper.java:467)
11-30 10:25:54.004 E/ActivityThread(6837): at com.android.bluetooth.a2dp.Avrcp.start(Avrcp.java:278)
11-30 10:25:54.004 E/ActivityThread(6837): at com.android.bluetooth.a2dp.Avrcp.make(Avrcp.java:354)
11-30 10:25:54.004 E/ActivityThread(6837): at com.android.bluetooth.a2dp.A2dpService.start(A2dpService.java:64)
11-30 10:25:54.004 E/ActivityThread(6837): at com.android.bluetooth.btservice.ProfileService.doStart(ProfileService.java:174)
11-30 10:25:54.004 E/ActivityThread(6837): at com.android.bluetooth.btservice.ProfileService.onStartCommand(ProfileService.java:133)
11-30 10:25:54.004 E/ActivityThread(6837): at android.app.ActivityThread.handleServiceArgs(ActivityThread.java:2703)
11-30 10:25:54.004 E/ActivityThread(6837): at android.app.ActivityThread.access$2000(ActivityThread.java:145)
11-30 10:25:54.004 E/ActivityThread(6837): at android.app.ActivityThread$H.handleMessage(ActivityThread.java:1504)
11-30 10:25:54.004 E/ActivityThread(6837): at android.os.Handler.dispatchMessage(Handler.java:102)
11-30 10:25:54.004 E/ActivityThread(6837): at android.os.Looper.loop(Looper.java:137)
11-30 10:25:54.004 E/ActivityThread(6837): at android.app.ActivityThread.main(ActivityThread.java:5062)
11-30 10:25:54.004 E/ActivityThread(6837): at java.lang.reflect.Method.invokeNative(Native Method)
11-30 10:25:54.004 E/ActivityThread(6837): at java.lang.reflect.Method.invoke(Method.java:515)
11-30 10:25:54.004 E/ActivityThread(6837): at com.android.internal.os.ZygoteInit$MethodAndArgsCaller.run(ZygoteInit.java:779)
11-30 10:25:54.004 E/ActivityThread(6837): at com.android.internal.os.ZygoteInit.main(ZygoteInit.java:595)
11-30 10:25:54.004 E/ActivityThread(6837): at dalvik.system.NativeStart.main(Native Method)
11-30 10:25:54.014 W/ContextImpl(7037): Calling a method in the system process without a qualified user: android.app.ContextImpl.startService:1510 android.content.ContextWrapper.startService:494 android.content.ContextWrapper.startService:494 com.android.settings.bluetooth.DockEventReceiver.beginStartingService:134 com.android.settings.bluetooth.DockEventReceiver.onReceive:115
11-30 10:25:54.094 W/ContextImpl(7037): Calling a method in the system process without a qualified user: android.app.ContextImpl.bindService:1574 android.content.ContextWrapper.bindService:517 android.bluetooth.BluetoothInputDevice.doBind:256 android.bluetooth.BluetoothInputDevice.:249 android.bluetooth.BluetoothAdapter.getProfileProxy:1197
11-30 10:25:54.104 W/ContextImpl(7037): Calling a method in the system process without a qualified user: android.app.ContextImpl.bindService:1574 android.content.ContextWrapper.bindService:517 android.bluetooth.BluetoothPan.doBind:149 android.bluetooth.BluetoothPan.:141 android.bluetooth.BluetoothAdapter.getProfileProxy:1200
11-30 10:25:54.104 W/ContextImpl(7037): Calling a method in the system process without a qualified user: android.app.ContextImpl.bindService:1574 android.content.ContextWrapper.bindService:517 android.bluetooth.BluetoothMap.doBind:109 android.bluetooth.BluetoothMap.:102 android.bluetooth.BluetoothAdapter.getProfileProxy:1212
11-30 10:25:54.114 W/ContextImpl(7037): Calling a method in the system process without a qualified user: android.app.ContextImpl.bindService:1574 android.content.ContextWrapper.bindService:517 android.bluetooth.BluetoothPbap.doBind:164 android.bluetooth.BluetoothPbap.:157 com.android.settings.bluetooth.PbapServerProfile.:68
11-30 10:25:54.494 I/ActivityManager(2157): Killing 7037:com.android.settings/1000 (adj 11): empty #2
11-30 10:25:57.587 I/ActivityManager(2157): Start proc com.android.settings for broadcast com.android.settings/.bluetooth.DockEventReceiver: pid=7080 uid=1000 gids={41000, 1028, 1015, 3002, 3001, 3003}
11-30 10:26:01.361 W/InputMethodManagerService(2157): Window already focused, ignoring focus gain of: com.android.internal.view.IInputMethodClient$Stub$Proxy@41d1fa70 attribute=null, token = android.os.BinderProxy@41d10610
11-30 10:26:02.792 E/ActivityThread(6837): Service com.android.bluetooth.a2dp.A2dpService has leaked IntentReceiver com.android.bluetooth.a2dp.Avrcp$2@41d09c38 that was originally registered here. Are you missing a call to unregisterReceiver()?
11-30 10:26:02.792 E/ActivityThread(6837): android.app.IntentReceiverLeaked: Service com.android.bluetooth.a2dp.A2dpService has leaked IntentReceiver com.android.bluetooth.a2dp.Avrcp$2@41d09c38 that was originally registered here. Are you missing a call to unregisterReceiver()?
11-30 10:26:02.792 E/ActivityThread(6837): at android.app.LoadedApk$ReceiverDispatcher.(LoadedApk.java:805)
11-30 10:26:02.792 E/ActivityThread(6837): at android.app.LoadedApk.getReceiverDispatcher(LoadedApk.java:606)
11-30 10:26:02.792 E/ActivityThread(6837): at android.app.ContextImpl.registerReceiverInternal(ContextImpl.java:1461)
11-30 10:26:02.792 E/ActivityThread(6837): at android.app.ContextImpl.registerReceiver(ContextImpl.java:1441)
11-30 10:26:02.792 E/ActivityThread(6837): at android.app.ContextImpl.registerReceiver(ContextImpl.java:1435)
11-30 10:26:02.792 E/ActivityThread(6837): at android.content.ContextWrapper.registerReceiver(ContextWrapper.java:467)
11-30 10:26:02.792 E/ActivityThread(6837): at com.android.bluetooth.a2dp.Avrcp.start(Avrcp.java:278)
11-30 10:26:02.792 E/ActivityThread(6837): at com.android.bluetooth.a2dp.Avrcp.make(Avrcp.java:354)
11-30 10:26:02.792 E/ActivityThread(6837): at com.android.bluetooth.a2dp.A2dpService.start(A2dpService.java:64)
11-30 10:26:02.792 E/ActivityThread(6837): at com.android.bluetooth.btservice.ProfileService.doStart(ProfileService.java:174)
11-30 10:26:02.792 E/ActivityThread(6837): at com.android.bluetooth.btservice.ProfileService.onStartCommand(ProfileService.java:133)
11-30 10:26:02.792 E/ActivityThread(6837): at android.app.ActivityThread.handleServiceArgs(ActivityThread.java:2703)
11-30 10:26:02.792 E/ActivityThread(6837): at android.app.ActivityThread.access$2000(ActivityThread.java:145)
11-30 10:26:02.792 E/ActivityThread(6837): at android.app.ActivityThread$H.handleMessage(ActivityThread.java:1504)
11-30 10:26:02.792 E/ActivityThread(6837): at android.os.Handler.dispatchMessage(Handler.java:102)
11-30 10:26:02.792 E/ActivityThread(6837): at android.os.Looper.loop(Looper.java:137)
11-30 10:26:02.792 E/ActivityThread(6837): at android.app.ActivityThread.main(ActivityThread.java:5062)
11-30 10:26:02.792 E/ActivityThread(6837): at java.lang.reflect.Method.invokeNative(Native Method)
11-30 10:26:02.792 E/ActivityThread(6837): at java.lang.reflect.Method.invoke(Method.java:515)
11-30 10:26:02.792 E/ActivityThread(6837): at com.android.internal.os.ZygoteInit$MethodAndArgsCaller.run(ZygoteInit.java:779)
11-30 10:26:02.792 E/ActivityThread(6837): at com.android.internal.os.ZygoteInit.main(ZygoteInit.java:595)
11-30 10:26:02.792 E/ActivityThread(6837): at dalvik.system.NativeStart.main(Native Method)
11-30 10:26:02.792 W/ContextImpl(7080): Calling a method in the system process without a qualified user: android.app.ContextImpl.startService:1510 android.content.ContextWrapper.startService:494 android.content.ContextWrapper.startService:494 com.android.settings.bluetooth.DockEventReceiver.beginStartingService:134 com.android.settings.bluetooth.DockEventReceiver.onReceive:115
11-30 10:26:02.852 W/ContextImpl(7080): Calling a method in the system process without a qualified user: android.app.ContextImpl.bindService:1574 android.content.ContextWrapper.bindService:517 android.bluetooth.BluetoothInputDevice.doBind:256 android.bluetooth.BluetoothInputDevice.:249 android.bluetooth.BluetoothAdapter.getProfileProxy:1197
11-30 10:26:02.862 W/ContextImpl(7080): Calling a method in the system process without a qualified user: android.app.ContextImpl.bindService:1574 android.content.ContextWrapper.bindService:517 android.bluetooth.BluetoothPan.doBind:149 android.bluetooth.BluetoothPan.:141 android.bluetooth.BluetoothAdapter.getProfileProxy:1200
11-30 10:26:02.862 W/ContextImpl(7080): Calling a method in the system process without a qualified user: android.app.ContextImpl.bindService:1574 android.content.ContextWrapper.bindService:517 android.bluetooth.BluetoothMap.doBind:109 android.bluetooth.BluetoothMap.:102 android.bluetooth.BluetoothAdapter.getProfileProxy:1212
11-30 10:26:02.902 W/ContextImpl(7080): Calling a method in the system process without a qualified user: android.app.ContextImpl.bindService:1574 android.content.ContextWrapper.bindService:517 android.bluetooth.BluetoothPbap.doBind:164 android.bluetooth.BluetoothPbap.:157 com.android.settings.bluetooth.PbapServerProfile.:68
11-30 10:26:03.303 I/ActivityManager(2157): Killing 7080:com.android.settings/1000 (adj 11): empty #2
11-30 10:26:06.436 I/ActivityManager(2157): Start proc com.android.settings for broadcast com.android.settings/.bluetooth.DockEventReceiver: pid=7123 uid=1000 gids={41000, 1028, 1015, 3002, 3001, 3003}
11-30 10:26:11.611 E/ActivityThread(6837): Service com.android.bluetooth.a2dp.A2dpService has leaked IntentReceiver com.android.bluetooth.a2dp.Avrcp$2@41d41fd0 that was originally registered here. Are you missing a call to unregisterReceiver()?
11-30 10:26:11.611 E/ActivityThread(6837): android.app.IntentReceiverLeaked: Service com.android.bluetooth.a2dp.A2dpService has leaked IntentReceiver com.android.bluetooth.a2dp.Avrcp$2@41d41fd0 that was originally registered here. Are you missing a call to unregisterReceiver()?
11-30 10:26:11.611 E/ActivityThread(6837): at android.app.LoadedApk$ReceiverDispatcher.(LoadedApk.java:805)
11-30 10:26:11.611 E/ActivityThread(6837): at android.app.LoadedApk.getReceiverDispatcher(LoadedApk.java:606)
11-30 10:26:11.611 E/ActivityThread(6837): at android.app.ContextImpl.registerReceiverInternal(ContextImpl.java:1461)
11-30 10:26:11.611 E/ActivityThread(6837): at android.app.ContextImpl.registerReceiver(ContextImpl.java:1441)
11-30 10:26:11.611 E/ActivityThread(6837): at android.app.ContextImpl.registerReceiver(ContextImpl.java:1435)
11-30 10:26:11.611 E/ActivityThread(6837): at android.content.ContextWrapper.registerReceiver(ContextWrapper.java:467)
11-30 10:26:11.611 E/ActivityThread(6837): at com.android.bluetooth.a2dp.Avrcp.start(Avrcp.java:278)
11-30 10:26:11.611 E/ActivityThread(6837): at com.android.bluetooth.a2dp.Avrcp.make(Avrcp.java:354)
11-30 10:26:11.611 E/ActivityThread(6837): at com.android.bluetooth.a2dp.A2dpService.start(A2dpService.java:64)
11-30 10:26:11.611 E/ActivityThread(6837): at com.android.bluetooth.btservice.ProfileService.doStart(ProfileService.java:174)
11-30 10:26:11.611 E/ActivityThread(6837): at com.android.bluetooth.btservice.ProfileService.onStartCommand(ProfileService.java:133)
11-30 10:26:11.611 E/ActivityThread(6837): at android.app.ActivityThread.handleServiceArgs(ActivityThread.java:2703)
11-30 10:26:11.611 E/ActivityThread(6837): at android.app.ActivityThread.access$2000(ActivityThread.java:145)
11-30 10:26:11.611 E/ActivityThread(6837): at android.app.ActivityThread$H.handleMessage(ActivityThread.java:1504)
11-30 10:26:11.611 E/ActivityThread(6837): at android.os.Handler.dispatchMessage(Handler.java:102)
11-30 10:26:11.611 E/ActivityThread(6837): at android.os.Looper.loop(Looper.java:137)
11-30 10:26:11.611 E/ActivityThread(6837): at android.app.ActivityThread.main(ActivityThread.java:5062)
11-30 10:26:11.611 E/ActivityThread(6837): at java.lang.reflect.Method.invokeNative(Native Method)
11-30 10:26:11.611 E/ActivityThread(6837): at java.lang.reflect.Method.invoke(Method.java:515)
11-30 10:26:11.611 E/ActivityThread(6837): at com.android.internal.os.ZygoteInit$MethodAndArgsCaller.run(ZygoteInit.java:779)
11-30 10:26:11.611 E/ActivityThread(6837): at com.android.internal.os.ZygoteInit.main(ZygoteInit.java:595)
11-30 10:26:11.611 E/ActivityThread(6837): at dalvik.system.NativeStart.main(Native Method)
11-30 10:26:11.641 W/ContextImpl(7123): Calling a method in the system process without a qualified user: android.app.ContextImpl.startService:1510 android.content.ContextWrapper.startService:494 android.content.ContextWrapper.startService:494 com.android.settings.bluetooth.DockEventReceiver.beginStartingService:134 com.android.settings.bluetooth.DockEventReceiver.onReceive:115
11-30 10:26:11.671 W/ContextImpl(7123): Calling a method in the system process without a qualified user: android.app.ContextImpl.bindService:1574 android.content.ContextWrapper.bindService:517 android.bluetooth.BluetoothInputDevice.doBind:256 android.bluetooth.BluetoothInputDevice.:249 android.bluetooth.BluetoothAdapter.getProfileProxy:1197
11-30 10:26:11.681 W/ContextImpl(7123): Calling a method in the system process without a qualified user: android.app.ContextImpl.bindService:1574 android.content.ContextWrapper.bindService:517 android.bluetooth.BluetoothPan.doBind:149 android.bluetooth.BluetoothPan.:141 android.bluetooth.BluetoothAdapter.getProfileProxy:1200
11-30 10:26:11.691 W/ContextImpl(7123): Calling a method in the system process without a qualified user: android.app.ContextImpl.bindService:1574 android.content.ContextWrapper.bindService:517 android.bluetooth.BluetoothMap.doBind:109 android.bluetooth.BluetoothMap.:102 android.bluetooth.BluetoothAdapter.getProfileProxy:1212
11-30 10:26:11.701 W/ContextImpl(7123): Calling a method in the system process without a qualified user: android.app.ContextImpl.bindService:1574 android.content.ContextWrapper.bindService:517 android.bluetooth.BluetoothPbap.doBind:164 android.bluetooth.BluetoothPbap.:157 com.android.settings.bluetooth.PbapServerProfile.:68
11-30 10:26:12.141 I/ActivityManager(2157): Killing 7123:com.android.settings/1000 (adj 11): empty #2
11-30 10:26:15.204 I/ActivityManager(2157): Start proc com.android.settings for broadcast com.android.settings/.bluetooth.DockEventReceiver: pid=7159 uid=1000 gids={41000, 1028, 1015, 3002, 3001, 3003}
11-30 10:26:16.626 W/NativeCrashListener(2157): Couldn't find ProcessRecord for pid 6925
11-30 10:26:16.696 I/BootReceiver(2157): Copying /data/tombstones/tombstone_09 to DropBox (SYSTEM_TOMBSTONE)
11-30 10:26:20.199 I/ActivityManager(2157): Killing 7159:com.android.settings/1000 (adj 11): empty #2
11-30 10:26:20.349 I/ActivityManager(2157): Start proc com.android.settings for broadcast com.android.settings/.bluetooth.DockEventReceiver: pid=7205 uid=1000 gids={41000, 1028, 1015, 3002, 3001, 3003}
11-30 10:26:20.359 E/ActivityThread(6837): Service com.android.bluetooth.a2dp.A2dpService has leaked IntentReceiver com.android.bluetooth.a2dp.Avrcp$2@41d7a2b8 that was originally registered here. Are you missing a call to unregisterReceiver()?
11-30 10:26:20.359 E/ActivityThread(6837): android.app.IntentReceiverLeaked: Service com.android.bluetooth.a2dp.A2dpService has leaked IntentReceiver com.android.bluetooth.a2dp.Avrcp$2@41d7a2b8 that was originally registered here. Are you missing a call to unregisterReceiver()?
11-30 10:26:20.359 E/ActivityThread(6837): at android.app.LoadedApk$ReceiverDispatcher.(LoadedApk.java:805)
11-30 10:26:20.359 E/ActivityThread(6837): at android.app.LoadedApk.getReceiverDispatcher(LoadedApk.java:606)
11-30 10:26:20.359 E/ActivityThread(6837): at android.app.ContextImpl.registerReceiverInternal(ContextImpl.java:1461)
11-30 10:26:20.359 E/ActivityThread(6837): at android.app.ContextImpl.registerReceiver(ContextImpl.java:1441)
11-30 10:26:20.359 E/ActivityThread(6837): at android.app.ContextImpl.registerReceiver(ContextImpl.java:1435)
11-30 10:26:20.359 E/ActivityThread(6837): at android.content.ContextWrapper.registerReceiver(ContextWrapper.java:467)
11-30 10:26:20.359 E/ActivityThread(6837): at com.android.bluetooth.a2dp.Avrcp.start(Avrcp.java:278)
11-30 10:26:20.359 E/ActivityThread(6837): at com.android.bluetooth.a2dp.Avrcp.make(Avrcp.java:354)
11-30 10:26:20.359 E/ActivityThread(6837): at com.android.bluetooth.a2dp.A2dpService.start(A2dpService.java:64)
11-30 10:26:20.359 E/ActivityThread(6837): at com.android.bluetooth.btservice.ProfileService.doStart(ProfileService.java:174)
11-30 10:26:20.359 E/ActivityThread(6837): at com.android.bluetooth.btservice.ProfileService.onStartCommand(ProfileService.java:133)
11-30 10:26:20.359 E/ActivityThread(6837): at android.app.ActivityThread.handleServiceArgs(ActivityThread.java:2703)
11-30 10:26:20.359 E/ActivityThread(6837): at android.app.ActivityThread.access$2000(ActivityThread.java:145)
11-30 10:26:20.359 E/ActivityThread(6837): at android.app.ActivityThread$H.handleMessage(ActivityThread.java:1504)
11-30 10:26:20.359 E/ActivityThread(6837): at android.os.Handler.dispatchMessage(Handler.java:102)
11-30 10:26:20.359 E/ActivityThread(6837): at android.os.Looper.loop(Looper.java:137)
11-30 10:26:20.359 E/ActivityThread(6837): at android.app.ActivityThread.main(ActivityThread.java:5062)
11-30 10:26:20.359 E/ActivityThread(6837): at java.lang.reflect.Method.invokeNative(Native Method)
11-30 10:26:20.359 E/ActivityThread(6837): at java.lang.reflect.Method.invoke(Method.java:515)
11-30 10:26:20.359 E/ActivityThread(6837): at com.android.internal.os.ZygoteInit$MethodAndArgsCaller.run(ZygoteInit.java:779)
11-30 10:26:20.359 E/ActivityThread(6837): at com.android.internal.os.ZygoteInit.main(ZygoteInit.java:595)
11-30 10:26:20.359 E/ActivityThread(6837): at dalvik.system.NativeStart.main(Native Method)
11-30 10:26:20.429 W/ContextImpl(7205): Calling a method in the system process without a qualified user: android.app.ContextImpl.startService:1510 android.content.ContextWrapper.startService:494 android.content.ContextWrapper.startService:494 com.android.settings.bluetooth.DockEventReceiver.beginStartingService:134 com.android.settings.bluetooth.DockEventReceiver.onReceive:115
11-30 10:26:20.549 W/ContextImpl(7205): Calling a method in the system process without a qualified user: android.app.ContextImpl.bindService:1574 android.content.ContextWrapper.bindService:517 android.bluetooth.BluetoothInputDevice.doBind:256 android.bluetooth.BluetoothInputDevice.:249 android.bluetooth.BluetoothAdapter.getProfileProxy:1197
11-30 10:26:20.559 W/ContextImpl(7205): Calling a method in the system process without a qualified user: android.app.ContextImpl.bindService:1574 android.content.ContextWrapper.bindService:517 android.bluetooth.BluetoothPan.doBind:149 android.bluetooth.BluetoothPan.:141 android.bluetooth.BluetoothAdapter.getProfileProxy:1200
11-30 10:26:20.559 W/ContextImpl(7205): Calling a method in the system process without a qualified user: android.app.ContextImpl.bindService:1574 android.content.ContextWrapper.bindService:517 android.bluetooth.BluetoothMap.doBind:109 android.bluetooth.BluetoothMap.:102 android.bluetooth.BluetoothAdapter.getProfileProxy:1212
11-30 10:26:20.569 W/ContextImpl(7205): Calling a method in the system process without a qualified user: android.app.ContextImpl.bindService:1574 android.content.ContextWrapper.bindService:517 android.bluetooth.BluetoothPbap.doBind:164 android.bluetooth.BluetoothPbap.:157 com.android.settings.bluetooth.PbapServerProfile.:68
11-30 10:26:20.599 I/ActivityManager(2157): Killing 6887:com.nolanlawson.logcat/u0a13 (adj 11): empty #2
11-30 10:26:20.870 I/ActivityManager(2157): Killing 7205:com.android.settings/1000 (adj 11): empty #2
11-30 10:26:23.112 W/BackupManagerService(2157): dataChanged but no participant pkg='com.android.launcher3' uid=10042
11-30 10:26:57.916 I/PowerManagerService(2157): Going to sleep due to screen timeout...
11-30 10:26:59.260 I/PowerManagerService(2157): Waking up from sleep...
11-30 10:26:59.270 I/WindowManager(2157): No lock screen! windowToken=null
11-30 10:28:23.710 I/ActivityManager(2157): START u0 {act=android.intent.action.MAIN cat=[android.intent.category.LAUNCHER] flg=0x10200000 cmp=com.rhmsoft.fm/.FileManager} from pid 2406
11-30 10:28:23.830 I/ActivityManager(2157): Start proc com.rhmsoft.fm for activity com.rhmsoft.fm/.FileManager: pid=7281 uid=10063 gids={50063, 3003, 1028, 1015}
11-30 10:28:24.301 E/ActivityThread(7281): Failed to find provider info for com.google.plus.platform
11-30 10:28:24.921 W/SocketClient(1487): write error (Broken pipe)
11-30 10:28:55.481 I/ActivityManager(2157): START u0 {act=android.intent.action.VIEW dat=file:///storage/sdcard0/catlog/saved_logs/2013-11-30-10-26-13.txt typ=text/plain cmp=android/com.android.internal.app.ResolverActivity} from pid 7281
11-30 10:28:55.581 I/ActivityManager(2157): Start proc system:ui for activity android/com.android.internal.app.ResolverActivity: pid=7361 uid=1000 gids={41000, 1028, 1015, 3002, 3001, 3003}
11-30 10:28:56.212 W/InputMethodManagerService(2157): Window already focused, ignoring focus gain of: com.android.internal.view.IInputMethodClient$Stub$Proxy@4205eb88 attribute=null, token = android.os.BinderProxy@41caee40
11-30 10:28:56.212 I/ActivityManager(2157): Killing 6837:com.android.bluetooth/1002 (adj 11): empty #2
11-30 10:28:59.225 I/ActivityManager(2157): START u0 {act=android.intent.action.VIEW dat=file:///storage/sdcard0/catlog/saved_logs/2013-11-30-10-26-13.txt typ=text/plain cmp=android/com.android.internal.app.ResolverActivity} from pid 7281
11-30 10:29:01.687 D/ConnectivityService(2157): Sampling interval elapsed, updating statistics ..
11-30 10:29:01.697 D/ConnectivityService(2157): Done.
11-30 10:29:01.697 D/ConnectivityService(2157): Setting timer for 720seconds
11-30 10:29:01.707 D/ConnectivityService(2157): handleInetConditionChange: no active default network - ignore
11-30 10:29:01.717 W/InputMethodManagerService(2157): Window already focused, ignoring focus gain of: com.android.internal.view.IInputMethodClient$Stub$Proxy@41f86218 attribute=null, token = android.os.BinderProxy@41ec9088
11-30 10:29:02.027 I/ActivityManager(2157): Start proc com.google.android.gms for broadcast com.google.android.gms/.playlog.uploader.UploaderAlarmReceiver: pid=7386 uid=10017 gids={50017, 3003, 1007, 1028, 1015, 1006, 2001, 3006, 3007}
11-30 10:29:02.408 I/ActivityManager(2157): Killing 7361:system:ui/1000 (adj 11): empty #2
11-30 10:29:03.979 I/ActivityManager(2157): Start proc android.process.media for content provider com.android.providers.media/.MediaProvider: pid=7412 uid=10006 gids={50006, 1028, 1015, 1023, 1024, 2001, 3003, 3007}
11-30 10:29:04.240 I/ActivityManager(2157): Killing 7386:com.google.android.gms/u0a17 (adj 11): empty #2
11-30 10:29:42.317 I/ActivityManager(2157): START u0 {act=android.intent.action.MAIN cat=[android.intent.category.HOME] flg=0x10200000 cmp=com.android.launcher3/.Launcher} from pid 2157
11-30 10:29:42.587 W/InputMethodManagerService(2157): Starting input on non-focused client com.android.internal.view.IInputMethodClient$Stub$Proxy@42055d48 (uid=10063 pid=7281)
11-30 10:29:42.837 I/ActivityManager(2157): Killing 7412:android.process.media/u0a6 (adj 11): empty #2
11-30 10:29:49.043 I/ActivityManager(2157): START u0 {act=android.intent.action.MAIN cat=[android.intent.category.LAUNCHER] flg=0x10200000 cmp=com.nolanlawson.logcat/.LogcatActivity} from pid 2406
11-30 10:29:49.103 I/ActivityManager(2157): Start proc com.nolanlawson.logcat for activity com.nolanlawson.logcat/.LogcatActivity: pid=7472 uid=10013 gids={50013, 1028, 1015}
11-30 10:29:50.475 I/ActivityManager(2157): Start proc com.android.settings for broadcast com.android.settings/.cyanogenmod.superuser.SuReceiver: pid=7518 uid=1000 gids={41000, 1028, 1015, 3002, 3001, 3003}
11-30 10:29:55.119 I/ActivityManager(2157): Killing 7281:com.rhmsoft.fm/u0a63 (adj 11): empty #2
11-30 10:30:01.035 I/ActivityManager(2157): Start proc com.android.deskclock for broadcast com.android.deskclock/com.android.alarmclock.DigitalAppWidgetProvider: pid=7552 uid=10032 gids={50032, 1028}
11-30 10:30:01.165 I/ActivityManager(2157): Killing 7518:com.android.settings/1000 (adj 11): empty #2
11-30 10:30:02.747 I/ActivityManager(2157): START u0 {act=android.intent.action.MAIN cat=[android.intent.category.HOME] flg=0x10200000 cmp=com.android.launcher3/.Launcher} from pid 2157
11-30 10:30:03.447 I/ActivityManager(2157): Killing 7472:com.nolanlawson.logcat/u0a13 (adj 2): cached #1
11-30 10:30:03.467 I/WindowState(2157): WIN DEATH: Window{41c98238 u0 com.nolanlawson.logcat/com.nolanlawson.logcat.LogcatActivity}
11-30 10:30:03.477 W/ActivityManager(2157): Force removing ActivityRecord{41e1e130 u0 com.nolanlawson.logcat/.LogcatActivity t17}: app died, no saved state
11-30 10:30:04.639 I/ActivityManager(2157): START u0 {act=android.intent.action.MAIN cat=[android.intent.category.LAUNCHER] flg=0x10200000 cmp=com.android.gallery3d/.app.Gallery bnds=[123,560][240,704]} from pid 2406
11-30 10:30:04.679 I/ActivityManager(2157): Start proc com.android.gallery3d for activity com.android.gallery3d/.app.Gallery: pid=7582 uid=10038 gids={50038, 1006, 3003, 1028, 1015}
11-30 10:30:04.769 I/ActivityManager(2157): START u0 {act=android.intent.action.MAIN flg=0x200000 cmp=com.android.gallery3d/.app.GalleryActivity} from pid 7582
11-30 10:30:04.919 I/ActivityManager(2157): Start proc android.process.media for content provider com.android.providers.media/.MediaProvider: pid=7600 uid=10006 gids={50006, 1028, 1015, 1023, 1024, 2001, 3003, 3007}
11-30 10:30:16.310 I/ActivityManager(2157): START u0 {act=android.intent.action.VIEW dat=content://media/external/video/media/3521 typ=video/* cmp=com.android.gallery3d/.app.MovieActivity (has extras)} from pid 7582
11-30 10:30:16.460 I/ActivityManager(2157): Killing 7552:com.android.deskclock/u0a32 (adj 11): empty #2 --------- beginning of /dev/log/main
11-30 10:30:16.500 I/OMXCodec(6549): [OMX.google.mpeg4.decoder] video dimensions are 640 x 480
11-30 10:30:16.500 I/OMXCodec(6549): [OMX.google.mpeg4.decoder] Crop rect is 640 x 480 @ (0, 0)
11-30 10:30:16.500 I/OMXNodeInstance(6549): OMX_FreeBuffer for buffer header 0x40166f68 successful
11-30 10:30:16.500 I/OMXNodeInstance(6549): OMX_FreeBuffer for buffer header 0x4009b250 successful
11-30 10:30:16.500 I/OMXCodec(6549): [OMX.google.mpeg4.decoder] video dimensions are 640 x 480
11-30 10:30:16.500 I/OMXCodec(6549): [OMX.google.mpeg4.decoder] Crop rect is 640 x 480 @ (0, 0)
11-30 10:30:16.550 I/OMXNodeInstance(6549): OMX_FreeBuffer for buffer header 0x40166de0 successful
11-30 10:30:16.550 I/OMXNodeInstance(6549): OMX_FreeBuffer for buffer header 0x41174b70 successful
11-30 10:30:16.550 I/OMXNodeInstance(6549): OMX_FreeBuffer for buffer header 0x41174aa0 successful
11-30 10:30:16.550 I/OMXNodeInstance(6549): OMX_FreeBuffer for buffer header 0x400dc548 successful
11-30 10:30:16.550 I/OMXNodeInstance(6549): OMX_FreeBuffer for buffer header 0x40085e80 successful
11-30 10:30:16.550 I/OMXNodeInstance(6549): OMX_FreeBuffer for buffer header 0x41b42ed8 successful
11-30 10:30:16.660 I/MediaFocusControl(2157): AudioFocus requestAudioFocus() from android.media.AudioManager@41d8b1a8
11-30 10:30:16.690 I/libblt_hw(1490): Library opened (handle = 8, fd = 58)
11-30 10:30:16.800 I/ActivityManager(2157): Displayed com.android.gallery3d/.app.MovieActivity: +353ms
11-30 10:30:16.981 V/StateManager(7582): saveState
11-30 10:30:16.981 V/StateManager(7582): saveState class com.android.gallery3d.app.AlbumSetPage
11-30 10:30:16.981 V/StateManager(7582): saveState class com.android.gallery3d.app.AlbumPage
11-30 10:30:16.981 V/StateManager(7582): saveState class com.android.gallery3d.app.SinglePhotoPage
11-30 10:30:16.991 I/libblt_hw(1490): Library closed (handle = 9, fd = 55)
11-30 10:30:16.991 I/libblt_hw(1490): Library closed (handle = 7, fd = 31)
11-30 10:30:17.001 V/StateManager(7582): destroy
11-30 10:30:17.181 I/libblt_hw(1490): Library opened (handle = 7, fd = 46)
11-30 10:30:17.211 D/AwesomePlayer(6549): Before reset_l
11-30 10:30:17.211 D/AwesomePlayer(6549): printFileName fd(23) -> /storage/sdcard1/Video/gattino.3gp
11-30 10:30:17.251 D/ (6549): In STEOMXCodecsPlugin:: makeComponentInstance
11-30 10:30:17.251 D/ (6549): OMX.ST.VFM.MPEG4Dec
11-30 10:30:17.261 I/OmxILOsalProperty(6549): GetProperty ste.video.dec.out.reorder =>
11-30 10:30:17.261 I/OmxILOsalProperty(6549): GetProperty ste.video.dec.recycle.delay => 1
11-30 10:30:17.261 E/OmxILOsalProductId(6549): get_productid returned error code = 2
11-30 10:30:17.261 I/OmxILOsalProperty(6549): GetProperty ste.video.dec.mpeg4.in.size => 8192
11-30 10:30:17.261 I/OmxILOsalProperty(6549): GetProperty ste.video.dec.mpeg4.in.size => 8192
11-30 10:30:17.261 I/OmxILOsalProperty(6549): GetProperty ste.video.dec.mpeg4.in.size => 8192
