11-30 10:31:30.372 V/Avrcp (7946): mMajorPlayerType=1 mPlayerSubType=0
11-30 10:31:30.372 V/Avrcp (7946): mPlayState=2 mCharsetId=106
11-30 10:31:30.372 V/Avrcp (7946): mPlayerPackageName=com.android.music mDisplayableNameLength=5
11-30 10:31:30.372 V/Avrcp (7946): mItemLength=33mEntryLength=34
11-30 10:31:30.372 V/Avrcp (7946): mFeatureMask=
11-30 10:31:30.372 V/Avrcp (7946): 0
11-30 10:31:30.372 V/Avrcp (7946): 0
11-30 10:31:30.372 V/Avrcp (7946): 0
11-30 10:31:30.372 V/Avrcp (7946): 0
11-30 10:31:30.372 V/Avrcp (7946): 12
11-30 10:31:30.372 V/Avrcp (7946): 55
11-30 10:31:30.372 V/Avrcp (7946): 0
11-30 10:31:30.372 V/Avrcp (7946): 5
11-30 10:31:30.372 V/Avrcp (7946): 0
11-30 10:31:30.372 V/Avrcp (7946): 0
11-30 10:31:30.372 V/Avrcp (7946): 0
11-30 10:31:30.372 V/Avrcp (7946): 0
11-30 10:31:30.372 V/Avrcp (7946): 0
11-30 10:31:30.372 V/Avrcp (7946): 0
11-30 10:31:30.372 V/Avrcp (7946): 0
11-30 10:31:30.372 V/Avrcp (7946): 0
11-30 10:31:30.372 V/Avrcp (7946): mDisplayableName=
11-30 10:31:30.372 V/Avrcp (7946): 77
11-30 10:31:30.372 V/Avrcp (7946): 117
11-30 10:31:30.372 V/Avrcp (7946): 115
11-30 10:31:30.372 V/Avrcp (7946): 105
11-30 10:31:30.372 V/Avrcp (7946): 99
11-30 10:31:30.372 V/Avrcp (7946): MediaPlayerInfo: mPlayerId=2
11-30 10:31:30.372 V/Avrcp (7946): mMajorPlayerType=1 mPlayerSubType=0
11-30 10:31:30.372 V/Avrcp (7946): mPlayState=2 mCharsetId=106
11-30 10:31:30.372 V/Avrcp (7946): mPlayerPackageName=com.google.android.music mDisplayableNameLength=6
11-30 10:31:30.372 V/Avrcp (7946): mItemLength=34mEntryLength=35
11-30 10:31:30.372 V/Avrcp (7946): mFeatureMask=
11-30 10:31:30.372 V/Avrcp (7946): 0
11-30 10:31:30.372 V/Avrcp (7946): 0
11-30 10:31:30.372 V/Avrcp (7946): 0
11-30 10:31:30.372 V/Avrcp (7946): 0
11-30 10:31:30.372 V/Avrcp (7946): 12
11-30 10:31:30.372 V/Avrcp (7946): 55
11-30 10:31:30.372 V/Avrcp (7946): 0
11-30 10:31:30.372 V/Avrcp (7946): 5
11-30 10:31:30.372 V/Avrcp (7946): 0
11-30 10:31:30.372 V/Avrcp (7946): 0
11-30 10:31:30.372 V/Avrcp (7946): 0
11-30 10:31:30.372 V/Avrcp (7946): 0
11-30 10:31:30.372 V/Avrcp (7946): 0
11-30 10:31:30.372 V/Avrcp (7946): 0
11-30 10:31:30.372 V/Avrcp (7946): 0
11-30 10:31:30.372 V/Avrcp (7946): 0
11-30 10:31:30.372 V/Avrcp (7946): mDisplayableName=
11-30 10:31:30.372 V/Avrcp (7946): 77
11-30 10:31:30.372 V/Avrcp (7946): 117
11-30 10:31:30.372 V/Avrcp (7946): 115
11-30 10:31:30.372 V/Avrcp (7946): 105
11-30 10:31:30.372 V/Avrcp (7946): 99
11-30 10:31:30.372 V/Avrcp (7946): 50
11-30 10:31:30.382 D/BluetoothAdapterService(7946): getAdapterService(): returning com.android.bluetooth.btservice.AdapterService@41bced30
11-30 10:31:30.382 I/BluetoothHidServiceJni(7946): classInitNative: succeeds
11-30 10:31:30.382 D/HidService(7946): Received start request. Starting profile...
11-30 10:31:30.382 I/bluedroid(7946): get_profile_interface hidhost
11-30 10:31:30.382 D/BluetoothAdapterService(7946): getAdapterService(): returning com.android.bluetooth.btservice.AdapterService@41bced30
11-30 10:31:30.382 I/BluetoothHealthServiceJni(7946): classInitNative: succeeds
11-30 10:31:30.382 D/HealthService(7946): Received start request. Starting profile...
11-30 10:31:30.392 I/bluedroid(7946): get_profile_interface health
11-30 10:31:30.392 D/BluetoothAdapterService(7946): getAdapterService(): returning com.android.bluetooth.btservice.AdapterService@41bced30
11-30 10:31:30.392 I/BluetoothPanServiceJni(7946): classInitNative(L105): succeeds
11-30 10:31:30.392 D/PanService(7946): Received start request. Starting profile...
11-30 10:31:30.392 D/BluetoothPanServiceJni(7946): initializeNative(L110): pan
11-30 10:31:30.392 I/bluedroid(7946): get_profile_interface pan
11-30 10:31:30.402 D/BluetoothTethering(2157): got CMD_CHANNEL_HALF_CONNECTED
11-30 10:31:30.412 D/BluetoothAdapterService(7946): getAdapterService(): returning com.android.bluetooth.btservice.AdapterService@41bced30
11-30 10:31:30.412 I/BtGatt.JNI(7946): classInitNative(L685): classInitNative: Success!
11-30 10:31:30.422 D/BtGatt.DebugUtils(7946): handleDebugAction() action=null
11-30 10:31:30.422 D/BtGatt.GattService(7946): Received start request. Starting profile...
11-30 10:31:30.422 D/BtGatt.GattService(7946): start()
11-30 10:31:30.422 I/bluedroid(7946): get_profile_interface gatt
11-30 10:31:30.422 D/BluetoothAdapterService(7946): getAdapterService(): returning com.android.bluetooth.btservice.AdapterService@41bced30
11-30 10:31:30.432 V/BluetoothMapService(7946): BluetoothMapBinder()
11-30 10:31:30.432 D/BluetoothMapService(7946): Received start request. Starting profile...
11-30 10:31:30.432 D/BluetoothMapService(7946): start()
11-30 10:31:30.432 D/BluetoothAdapterService(7946): getAdapterService(): returning com.android.bluetooth.btservice.AdapterService@41bced30
11-30 10:31:30.432 D/HeadsetPhoneState(7946): sendDeviceStateChanged. mService=1 mSignal=0 mRoam=0 mBatteryCharge=0
11-30 10:31:30.432 D/HeadsetPhoneState(7946): sendDeviceStateChanged. mService=1 mSignal=5 mRoam=0 mBatteryCharge=0
11-30 10:31:30.432 D/BluetoothAdapterService(1102900528)( 7946): Message: 1
11-30 10:31:30.432 D/BluetoothAdapterService(1102900528)( 7946): MESSAGE_PROFILE_SERVICE_STATE_CHANGED
11-30 10:31:30.432 D/HeadsetPhoneState(7946): sendDeviceStateChanged. mService=1 mSignal=5 mRoam=0 mBatteryCharge=4
11-30 10:31:30.432 D/BluetoothAdapterService(7946): onProfileServiceStateChange: serviceName=com.android.bluetooth.hfp.HeadsetService, state = 12, doUpdate = true
11-30 10:31:30.432 D/BluetoothAdapterService(7946): Profile still not running:com.android.bluetooth.hdp.HealthService
11-30 10:31:30.442 D/BluetoothAdapterService(1102900528)( 7946): Message: 1
11-30 10:31:30.442 D/BluetoothAdapterService(1102900528)( 7946): MESSAGE_PROFILE_SERVICE_STATE_CHANGED
11-30 10:31:30.442 D/BluetoothAdapterService(7946): onProfileServiceStateChange: serviceName=com.android.bluetooth.a2dp.A2dpService, state = 12, doUpdate = true
11-30 10:31:30.442 D/BluetoothAdapterService(7946): Profile still not running:com.android.bluetooth.hdp.HealthService
11-30 10:31:30.442 D/BluetoothAdapterService(1102900528)( 7946): Message: 1
11-30 10:31:30.442 D/BluetoothAdapterService(1102900528)( 7946): MESSAGE_PROFILE_SERVICE_STATE_CHANGED
11-30 10:31:30.442 D/BluetoothAdapterService(7946): onProfileServiceStateChange: serviceName=com.android.bluetooth.hid.HidService, state = 12, doUpdate = true
11-30 10:31:30.442 D/BluetoothAdapterService(7946): Profile still not running:com.android.bluetooth.hdp.HealthService
11-30 10:31:30.442 D/BluetoothAdapterService(1102900528)( 7946): Message: 1
11-30 10:31:30.442 D/BluetoothAdapterService(1102900528)( 7946): MESSAGE_PROFILE_SERVICE_STATE_CHANGED
11-30 10:31:30.442 D/BluetoothAdapterService(7946): onProfileServiceStateChange: serviceName=com.android.bluetooth.hdp.HealthService, state = 12, doUpdate = true
11-30 10:31:30.442 D/BluetoothAdapterService(7946): Profile still not running:com.android.bluetooth.map.BluetoothMapService
11-30 10:31:30.442 D/BluetoothAdapterService(1102900528)( 7946): Message: 1
11-30 10:31:30.442 D/BluetoothAdapterService(1102900528)( 7946): MESSAGE_PROFILE_SERVICE_STATE_CHANGED
11-30 10:31:30.442 D/BluetoothAdapterService(7946): onProfileServiceStateChange: serviceName=com.android.bluetooth.pan.PanService, state = 12, doUpdate = true
11-30 10:31:30.442 D/BluetoothAdapterService(7946): Profile still not running:com.android.bluetooth.map.BluetoothMapService
11-30 10:31:30.442 D/BluetoothAdapterService(1102900528)( 7946): Message: 1
11-30 10:31:30.442 D/BluetoothAdapterService(1102900528)( 7946): MESSAGE_PROFILE_SERVICE_STATE_CHANGED
11-30 10:31:30.442 D/BluetoothAdapterService(7946): onProfileServiceStateChange: serviceName=com.android.bluetooth.gatt.GattService, state = 12, doUpdate = true
11-30 10:31:30.442 D/BluetoothAdapterService(7946): Profile still not running:com.android.bluetooth.map.BluetoothMapService
11-30 10:31:30.442 V/BluetoothMapService(7946): Handler(): got msg=1
11-30 10:31:30.452 D/BluetoothAdapterService(1102900528)( 7946): Message: 1
11-30 10:31:30.452 D/BluetoothAdapterService(1102900528)( 7946): MESSAGE_PROFILE_SERVICE_STATE_CHANGED
11-30 10:31:30.452 D/BluetoothAdapterService(7946): onProfileServiceStateChange: serviceName=com.android.bluetooth.map.BluetoothMapService, state = 12, doUpdate = true
11-30 10:31:30.452 D/BluetoothAdapterService(7946): All profile services started.
11-30 10:31:30.452 D/BluetoothAdapterState(7946): CURRENT_STATE=PENDING, MESSAGE = STARTED, isTurningOn=true, isTurningOff=false
11-30 10:31:30.452 I/bluedroid(7946): enable
11-30 10:31:30.452 I/bt_hci_bdroid(7946): init
11-30 10:31:30.452 E/bt_hw (7946): !!! Failed to load libbt-vendor.so !!!
11-30 10:31:30.452 I/bt_hci_bdroid(7946): ro.qualcomm.bt.hci_transport not set, so using default.
11-30 10:31:30.452 D/BTSNOOP-DISP(7946): btsnoop_init
11-30 10:31:30.452 D/BTSNOOP-DISP(7946): ext_parser_thread
11-30 10:31:30.452 D/BTSNOOP-DISP(7946): waiting for connection on port 4330
11-30 10:31:30.452 E/bt_hci_bdroid(7946): vendor lib is missing!
11-30 10:31:30.452 I/bt_hci_bdroid(7946): bt_hc_worker_thread started
11-30 10:31:30.452 E/bt_hci_bdroid(7946): vendor lib is missing!
11-30 10:31:30.452 E/bt_userial(7946): userial_open: missing vendor lib interface !!!
11-30 10:31:30.452 E/bt_userial(7946): userial_open: unable to open UART port
11-30 10:31:30.452 I/GKI_LINUX(7946): gki_task_entry: gki_task_entry task_id=0 [BTU] starting
11-30 10:31:30.452 I/bt-btu (7946): btu_task pending for preload complete event
11-30 10:31:30.492 V/BluetoothMasReceiver(7946): BluetoothMasReceiver onReceive :android.bluetooth.adapter.action.STATE_CHANGED
11-30 10:31:30.492 D/BluetoothMasReceiver(7946): Bluetooth STATE CHANGED to 11
11-30 10:31:30.492 V/BluetoothFtpReceiver(7946): BluetoothFtpReceiver onReceive :android.bluetooth.adapter.action.STATE_CHANGED
11-30 10:31:32.594 V/PanelView(2247): animationTick called with dtms=0; nothing to do (h=213.5 v=1307.6118)
11-30 10:31:32.594 V/PanelView(2247): animationTick called with dtms=-7; nothing to do (h=213.5 v=1307.6118)
11-30 10:31:35.457 E/bt-btif (7946): ...preload_wait_timeout (retried:0/max-retry:0)...
11-30 10:31:35.457 I/bt_hci_bdroid(7946): bt_hc_worker_thread exiting
11-30 10:31:35.457 D/BTSNOOP-DISP(7946): btsnoop_close
11-30 10:31:35.457 D/BTSNOOP-DISP(7946): btsnoop_cleanup
11-30 10:31:35.457 D/BTSNOOP-DISP(7946): interruptFn
11-30 10:31:35.457 D/BTSNOOP-DISP(7946): ext parser detached
11-30 10:31:35.457 E/bt_hci_bdroid(7946): vendor lib is missing!
11-30 10:31:35.457 W/bt-btu (7946): btu_task start abort!
11-30 10:31:35.457 I/GKI_LINUX(7946): gki_task_entry: gki_task task_id=0 [BTU] terminating
11-30 10:31:35.457 I/GKI_LINUX(7946): GKI_exit_task: GKI_exit_task 0 done
11-30 10:31:35.457 I/GKI_LINUX(7946): GKI_destroy_task: GKI_shutdown(): task [BTU] terminated
11-30 10:31:35.467 I/GKI_LINUX(7946): GKI_exit_task: GKI_exit_task 1 done
11-30 10:31:35.467 I/GKI_LINUX(7946): gki_task_entry: gki_task task_id=2 [A2DP-MEDIA] terminating
11-30 10:31:35.467 I/GKI_LINUX(7946): GKI_exit_task: GKI_exit_task 2 done
11-30 10:31:35.467 I/GKI_LINUX(7946): gki_task_entry: gki_task task_id=1 [BTIF] terminating
11-30 10:31:35.467 D/BluetoothAdapterState(7946): CURRENT_STATE=PENDING, MESSAGE = DISABLED, isTurningOn=true, isTurningOff=false
11-30 10:31:35.467 E/BluetoothAdapterState(7946): Error enabling Bluetooth - hardware init failed
11-30 10:31:35.467 D/BluetoothAdapterService(7946): mProfilesStarted : true supportedProfileServices.length : 7
11-30 10:31:35.467 W/BluetoothAdapterService(7946): Stopping service com.android.bluetooth.hfp.HeadsetService
11-30 10:31:35.467 W/BluetoothAdapterService(7946): Stopping service com.android.bluetooth.a2dp.A2dpService
11-30 10:31:35.467 D/HeadsetService(7946): Received stop request...Stopping profile...
11-30 10:31:35.467 D/BluetoothAdapterService(7946): getAdapterService(): returning com.android.bluetooth.btservice.AdapterService@41bced30
11-30 10:31:35.477 D/BluetoothAdapterService(1102900528)( 7946): Message: 1
11-30 10:31:35.477 D/BluetoothAdapterService(1102900528)( 7946): MESSAGE_PROFILE_SERVICE_STATE_CHANGED
11-30 10:31:35.477 D/BluetoothAdapterService(7946): onProfileServiceStateChange: serviceName=com.android.bluetooth.hfp.HeadsetService, state = 10, doUpdate = true
11-30 10:31:35.477 D/A2dpService(7946): Received stop request...Stopping profile...
11-30 10:31:35.477 V/Avrcp (7946): doQuit
11-30 10:31:35.477 W/BluetoothAdapterService(7946): Stopping service com.android.bluetooth.hid.HidService
11-30 10:31:35.477 D/A2dpStateMachine(7946): Exit Disconnected: -1
11-30 10:31:35.477 W/BluetoothAdapterService(7946): Stopping service com.android.bluetooth.hdp.HealthService
11-30 10:31:35.477 D/BluetoothAdapterService(7946): getAdapterService(): returning com.android.bluetooth.btservice.AdapterService@41bced30
11-30 10:31:35.477 W/BluetoothAdapterService(7946): Stopping service com.android.bluetooth.pan.PanService
11-30 10:31:35.477 W/BluetoothHeadsetServiceJni(7946): Cleaning up Bluetooth Handsfree Interface...
11-30 10:31:35.477 W/BluetoothAdapterService(7946): Stopping service com.android.bluetooth.gatt.GattService
11-30 10:31:35.477 W/BluetoothHeadsetServiceJni(7946): Cleaning up Bluetooth Handsfree callback object
11-30 10:31:35.477 W/BluetoothAdapterService(7946): Stopping service com.android.bluetooth.map.BluetoothMapService
11-30 10:31:35.487 D/HidService(7946): Received stop request...Stopping profile...
11-30 10:31:35.487 D/BluetoothAdapterService(7946): getAdapterService(): returning com.android.bluetooth.btservice.AdapterService@41bced30
11-30 10:31:35.487 D/BluetoothAdapterService(1102900528)( 7946): Message: 1
11-30 10:31:35.487 D/BluetoothAdapterProperties(7946): Setting state to 10
11-30 10:31:35.487 D/BluetoothAdapterService(1102900528)( 7946): MESSAGE_PROFILE_SERVICE_STATE_CHANGED
11-30 10:31:35.487 D/BluetoothAdapterService(7946): onProfileServiceStateChange: serviceName=com.android.bluetooth.a2dp.A2dpService, state = 10, doUpdate = true
11-30 10:31:35.487 I/BluetoothAdapterState(7946): Bluetooth adapter state changed: 11-> 10
11-30 10:31:35.487 V/Avrcp (7946): cleanup
11-30 10:31:35.487 D/BluetoothAdapterService(7946): Broadcasting updateAdapterState() to 1 receivers.
11-30 10:31:35.487 D/BluetoothManagerService(2157): Message: 60
11-30 10:31:35.487 I/BluetoothAdapterState(7946): Entering OffState
11-30 10:31:35.487 D/BluetoothManagerService(2157): MESSAGE_BLUETOOTH_STATE_CHANGE: prevState = 11, newState=10
11-30 10:31:35.487 D/BluetoothManagerService(2157): Broadcasting onBluetoothStateChange(false) to 6 receivers.
11-30 10:31:35.487 D/BluetoothHeadset(2157): onBluetoothStateChange: up=false
11-30 10:31:35.487 E/BluetoothHeadset(2157):
11-30 10:31:35.487 E/BluetoothHeadset(2157): java.lang.IllegalArgumentException: Service not registered: android.bluetooth.BluetoothHeadset$2@41edb138
11-30 10:31:35.487 E/BluetoothHeadset(2157): at android.app.LoadedApk.forgetServiceDispatcher(LoadedApk.java:931)
11-30 10:31:35.487 E/BluetoothHeadset(2157): at android.app.ContextImpl.unbindService(ContextImpl.java:1626)
11-30 10:31:35.487 E/BluetoothHeadset(2157): at android.bluetooth.BluetoothHeadset$1.onBluetoothStateChange(BluetoothHeadset.java:239)
11-30 10:31:35.487 E/BluetoothHeadset(2157): at com.android.server.BluetoothManagerService.sendBluetoothStateCallback(BluetoothManagerService.java:491)
11-30 10:31:35.487 E/BluetoothHeadset(2157): at com.android.server.BluetoothManagerService.bluetoothStateChangeHandler(BluetoothManagerService.java:1142)
11-30 10:31:35.487 E/BluetoothHeadset(2157): at com.android.server.BluetoothManagerService.access$2900(BluetoothManagerService.java:47)
11-30 10:31:35.487 E/BluetoothHeadset(2157): at com.android.server.BluetoothManagerService$BluetoothHandler.handleMessage(BluetoothManagerService.java:873)
11-30 10:31:35.487 E/BluetoothHeadset(2157): at android.os.Handler.dispatchMessage(Handler.java:102)
11-30 10:31:35.487 E/BluetoothHeadset(2157): at android.os.Looper.loop(Looper.java:137)
11-30 10:31:35.487 E/BluetoothHeadset(2157): at android.os.HandlerThread.run(HandlerThread.java:61)
11-30 10:31:35.487 D/HealthService(7946): Received stop request...Stopping profile...
11-30 10:31:35.487 D/BluetoothAdapterService(7946): getAdapterService(): returning com.android.bluetooth.btservice.AdapterService@41bced30
11-30 10:31:35.487 E/BluetoothPan(2157):
11-30 10:31:35.487 E/BluetoothPan(2157): java.lang.IllegalArgumentException: Service not registered: android.bluetooth.BluetoothPan$2@41c5ff20
11-30 10:31:35.487 E/BluetoothPan(2157): at android.app.LoadedApk.forgetServiceDispatcher(LoadedApk.java:931)
11-30 10:31:35.487 E/BluetoothPan(2157): at android.app.ContextImpl.unbindService(ContextImpl.java:1626)
11-30 10:31:35.487 E/BluetoothPan(2157): at android.bluetooth.BluetoothPan$1.onBluetoothStateChange(BluetoothPan.java:199)
11-30 10:31:35.487 E/BluetoothPan(2157): at com.android.server.BluetoothManagerService.sendBluetoothStateCallback(BluetoothManagerService.java:491)
11-30 10:31:35.487 E/BluetoothPan(2157): at com.android.server.BluetoothManagerService.bluetoothStateChangeHandler(BluetoothManagerService.java:1142)
11-30 10:31:35.487 E/BluetoothPan(2157): at com.android.server.BluetoothManagerService.access$2900(BluetoothManagerService.java:47)
11-30 10:31:35.487 E/BluetoothPan(2157): at com.android.server.BluetoothManagerService$BluetoothHandler.handleMessage(BluetoothManagerService.java:873)
11-30 10:31:35.487 E/BluetoothPan(2157): at android.os.Handler.dispatchMessage(Handler.java:102)
11-30 10:31:35.487 E/BluetoothPan(2157): at android.os.Looper.loop(Looper.java:137)
11-30 10:31:35.487 E/BluetoothPan(2157): at android.os.HandlerThread.run(HandlerThread.java:61)
11-30 10:31:35.487 D/BluetoothHeadset(2379): onBluetoothStateChange: up=false
11-30 10:31:35.487 D/PanService(7946): Received stop request...Stopping profile...
11-30 10:31:35.487 D/BluetoothAdapterService(7946): getAdapterService(): returning com.android.bluetooth.btservice.AdapterService@41bced30
11-30 10:31:35.487 E/BluetoothHeadset(2379):
11-30 10:31:35.487 E/BluetoothHeadset(2379): java.lang.IllegalArgumentException: Service not registered: android.bluetooth.BluetoothHeadset$2@41c26ac0
11-30 10:31:35.487 E/BluetoothHeadset(2379): at android.app.LoadedApk.forgetServiceDispatcher(LoadedApk.java:931)
11-30 10:31:35.487 E/BluetoothHeadset(2379): at android.app.ContextImpl.unbindService(ContextImpl.java:1626)
11-30 10:31:35.487 E/BluetoothHeadset(2379): at android.content.ContextWrapper.unbindService(ContextWrapper.java:529)
11-30 10:31:35.487 E/BluetoothHeadset(2379): at android.content.ContextWrapper.unbindService(ContextWrapper.java:529)
11-30 10:31:35.487 E/BluetoothHeadset(2379): at android.bluetooth.BluetoothHeadset$1.onBluetoothStateChange(BluetoothHeadset.java:239)
11-30 10:31:35.487 E/BluetoothHeadset(2379): at android.bluetooth.IBluetoothStateChangeCallback$Stub.onTransact(IBluetoothStateChangeCallback.java:55)
11-30 10:31:35.487 E/BluetoothHeadset(2379): at android.os.Binder.execTransact(Binder.java:404)
11-30 10:31:35.487 E/BluetoothHeadset(2379): at dalvik.system.NativeStart.run(Native Method)
11-30 10:31:35.497 D/BluetoothTethering(2157): got CMD_CHANNEL_DISCONNECTED
11-30 10:31:35.497 E/BluetoothTethering(2157): attempted to stop reverse tether with nothing tethered
11-30 10:31:35.497 D/BtGatt.DebugUtils(7946): handleDebugAction() action=null
11-30 10:31:35.497 D/BtGatt.GattService(7946): Received stop request...Stopping profile...
11-30 10:31:35.497 D/BtGatt.GattService(7946): stop()
11-30 10:31:35.497 D/BluetoothAdapterService(7946): getAdapterService(): returning com.android.bluetooth.btservice.AdapterService@41bced30
11-30 10:31:35.497 D/BluetoothA2dp(2157): onBluetoothStateChange: up=false
11-30 10:31:35.497 E/BluetoothA2dp(2157):
11-30 10:31:35.497 E/BluetoothA2dp(2157): java.lang.IllegalArgumentException: Service not registered: android.bluetooth.BluetoothA2dp$2@41efca80
11-30 10:31:35.497 E/BluetoothA2dp(2157): at android.app.LoadedApk.forgetServiceDispatcher(LoadedApk.java:931)
11-30 10:31:35.497 E/BluetoothA2dp(2157): at android.app.ContextImpl.unbindService(ContextImpl.java:1626)
11-30 10:31:35.497 E/BluetoothA2dp(2157): at android.bluetooth.BluetoothA2dp$1.onBluetoothStateChange(BluetoothA2dp.java:121)
11-30 10:31:35.497 E/BluetoothA2dp(2157): at com.android.server.BluetoothManagerService.sendBluetoothStateCallback(BluetoothManagerService.java:491)
11-30 10:31:35.497 E/BluetoothA2dp(2157): at com.android.server.BluetoothManagerService.bluetoothStateChangeHandler(BluetoothManagerService.java:1142)
11-30 10:31:35.497 E/BluetoothA2dp(2157): at com.android.server.BluetoothManagerService.access$2900(BluetoothManagerService.java:47)
11-30 10:31:35.497 E/BluetoothA2dp(2157): at com.android.server.BluetoothManagerService$BluetoothHandler.handleMessage(BluetoothManagerService.java:873)
11-30 10:31:35.497 E/BluetoothA2dp(2157): at android.os.Handler.dispatchMessage(Handler.java:102)
11-30 10:31:35.497 E/BluetoothA2dp(2157): at android.os.Looper.loop(Looper.java:137)
11-30 10:31:35.497 E/BluetoothA2dp(2157): at android.os.HandlerThread.run(HandlerThread.java:61)
11-30 10:31:35.497 D/BluetoothHeadset(2379): onBluetoothStateChange: up=false
11-30 10:31:35.497 E/BluetoothHeadset(2379):
11-30 10:31:35.497 E/BluetoothHeadset(2379): java.lang.IllegalArgumentException: Service not registered: android.bluetooth.BluetoothHeadset$2@41c7e8c8
11-30 10:31:35.497 E/BluetoothHeadset(2379): at android.app.LoadedApk.forgetServiceDispatcher(LoadedApk.java:931)
11-30 10:31:35.497 E/BluetoothHeadset(2379): at android.app.ContextImpl.unbindService(ContextImpl.java:1626)
11-30 10:31:35.497 E/BluetoothHeadset(2379): at android.content.ContextWrapper.unbindService(ContextWrapper.java:529)
11-30 10:31:35.497 E/BluetoothHeadset(2379): at android.bluetooth.BluetoothHeadset$1.onBluetoothStateChange(BluetoothHeadset.java:239)
11-30 10:31:35.497 E/BluetoothHeadset(2379): at android.bluetooth.IBluetoothStateChangeCallback$Stub.onTransact(IBluetoothStateChangeCallback.java:55)
11-30 10:31:35.497 E/BluetoothHeadset(2379): at android.os.Binder.execTransact(Binder.java:404)
11-30 10:31:35.497 E/BluetoothHeadset(2379): at dalvik.system.NativeStart.run(Native Method)
11-30 10:31:35.497 D/BluetoothAdapterService(1102900528)( 7946): Message: 1
11-30 10:31:35.497 D/BluetoothHeadset(2379): onBluetoothStateChange: up=false
11-30 10:31:35.497 D/BluetoothAdapterService(1102900528)( 7946): MESSAGE_PROFILE_SERVICE_STATE_CHANGED
11-30 10:31:35.497 D/BluetoothAdapterService(7946): onProfileServiceStateChange: serviceName=com.android.bluetooth.hid.HidService, state = 10, doUpdate = true
11-30 10:31:35.497 W/BluetoothHidServiceJni(7946): Cleaning up Bluetooth HID Interface...
11-30 10:31:35.497 W/bt-btif (7946): cleanup: HH disabling or disabled already, status = 0
11-30 10:31:35.497 W/BluetoothHidServiceJni(7946): Cleaning up Bluetooth GID callback object
11-30 10:31:35.497 E/BluetoothHeadset(2379):
11-30 10:31:35.497 E/BluetoothHeadset(2379): java.lang.IllegalArgumentException: Service not registered: android.bluetooth.BluetoothHeadset$2@41c52b08
11-30 10:31:35.497 E/BluetoothHeadset(2379): at android.app.LoadedApk.forgetServiceDispatcher(LoadedApk.java:931)
11-30 10:31:35.497 E/BluetoothHeadset(2379): at android.app.ContextImpl.unbindService(ContextImpl.java:1626)
11-30 10:31:35.497 E/BluetoothHeadset(2379): at android.content.ContextWrapper.unbindService(ContextWrapper.java:529)
11-30 10:31:35.497 E/BluetoothHeadset(2379): at android.bluetooth.BluetoothHeadset$1.onBluetoothStateChange(BluetoothHeadset.java:239)
11-30 10:31:35.497 E/BluetoothHeadset(2379): at android.bluetooth.IBluetoothStateChangeCallback$Stub.onTransact(IBluetoothStateChangeCallback.java:55)
11-30 10:31:35.497 E/BluetoothHeadset(2379): at android.os.Binder.execTransact(Binder.java:404)
11-30 10:31:35.497 E/BluetoothHeadset(2379): at dalvik.system.NativeStart.run(Native Method)
11-30 10:31:35.497 D/BluetoothManagerService(2157): Bluetooth State Change Intent: 11 -> 10
11-30 10:31:35.497 D/BluetoothMapService(7946): Received stop request...Stopping profile...
11-30 10:31:35.497 D/BluetoothMapService(7946): stop()
11-30 10:31:35.507 E/BluetoothManagerService(2157): recoverBluetoothServiceFromError
11-30 10:31:35.507 D/BluetoothMapService(7946): MAP Service closeService in
11-30 10:31:35.507 V/BluetoothMapService(7946): MAP Service closeService out
11-30 10:31:35.507 D/BluetoothAdapterService(7946): getAdapterService(): returning com.android.bluetooth.btservice.AdapterService@41bced30
11-30 10:31:35.507 D/BluetoothAdapterService(1102900528)( 7946): getState(): mAdapterProperties: com.android.bluetooth.btservice.AdapterProperties@41bd0e40
11-30 10:31:35.517 D/BluetoothAdapterService(1102900528)( 7946): Message: 1
11-30 10:31:35.517 D/BluetoothAdapterService(1102900528)( 7946): MESSAGE_PROFILE_SERVICE_STATE_CHANGED
11-30 10:31:35.517 D/BluetoothAdapterService(7946): onProfileServiceStateChange: serviceName=com.android.bluetooth.hdp.HealthService, state = 10, doUpdate = true
11-30 10:31:35.517 W/BluetoothHealthServiceJni(7946): Cleaning up Bluetooth Health Interface...
11-30 10:31:35.517 W/BluetoothHealthServiceJni(7946): Cleaning up Bluetooth Health object
11-30 10:31:35.517 D/BluetoothAdapterService(1102900528)( 7946): Message: 1
11-30 10:31:35.517 E/ActivityThread(7946): Service com.android.bluetooth.a2dp.A2dpService has leaked IntentReceiver com.android.bluetooth.a2dp.Avrcp$2@41c11070 that was originally registered here. Are you missing a call to unregisterReceiver()?
11-30 10:31:35.517 E/ActivityThread(7946): android.app.IntentReceiverLeaked: Service com.android.bluetooth.a2dp.A2dpService has leaked IntentReceiver com.android.bluetooth.a2dp.Avrcp$2@41c11070 that was originally registered here. Are you missing a call to unregisterReceiver()?
11-30 10:31:35.517 E/ActivityThread(7946): at android.app.LoadedApk$ReceiverDispatcher.(LoadedApk.java:805)
11-30 10:31:35.517 E/ActivityThread(7946): at android.app.LoadedApk.getReceiverDispatcher(LoadedApk.java:606)
11-30 10:31:35.517 E/ActivityThread(7946): at android.app.ContextImpl.registerReceiverInternal(ContextImpl.java:1461)
11-30 10:31:35.517 E/ActivityThread(7946): at android.app.ContextImpl.registerReceiver(ContextImpl.java:1441)
11-30 10:31:35.517 E/ActivityThread(7946): at android.app.ContextImpl.registerReceiver(ContextImpl.java:1435)
11-30 10:31:35.517 E/ActivityThread(7946): at android.content.ContextWrapper.registerReceiver(ContextWrapper.java:467)
11-30 10:31:35.517 E/ActivityThread(7946): at com.android.bluetooth.a2dp.Avrcp.start(Avrcp.java:278)
11-30 10:31:35.517 E/ActivityThread(7946): at com.android.bluetooth.a2dp.Avrcp.make(Avrcp.java:354)
11-30 10:31:35.517 E/ActivityThread(7946): at com.android.bluetooth.a2dp.A2dpService.start(A2dpService.java:64)
11-30 10:31:35.517 E/ActivityThread(7946): at com.android.bluetooth.btservice.ProfileService.doStart(ProfileService.java:174)
11-30 10:31:35.517 E/ActivityThread(7946): at com.android.bluetooth.btservice.ProfileService.onStartCommand(ProfileService.java:133)
11-30 10:31:35.517 E/ActivityThread(7946): at android.app.ActivityThread.handleServiceArgs(ActivityThread.java:2703)
11-30 10:31:35.517 E/ActivityThread(7946): at android.app.ActivityThread.access$2000(ActivityThread.java:145)
11-30 10:31:35.517 E/ActivityThread(7946): at android.app.ActivityThread$H.handleMessage(ActivityThread.java:1504)
11-30 10:31:35.517 E/ActivityThread(7946): at android.os.Handler.dispatchMessage(Handler.java:102)
11-30 10:31:35.517 E/ActivityThread(7946): at android.os.Looper.loop(Looper.java:137)
11-30 10:31:35.517 E/ActivityThread(7946): at android.app.ActivityThread.main(ActivityThread.java:5062)
11-30 10:31:35.517 E/ActivityThread(7946): at java.lang.reflect.Method.invokeNative(Native Method)
11-30 10:31:35.517 E/ActivityThread(7946): at java.lang.reflect.Method.invoke(Method.java:515)
11-30 10:31:35.517 E/ActivityThread(7946): at com.android.internal.os.ZygoteInit$MethodAndArgsCaller.run(ZygoteInit.java:779)
11-30 10:31:35.517 E/ActivityThread(7946): at com.android.internal.os.ZygoteInit.main(ZygoteInit.java:595)
11-30 10:31:35.517 E/ActivityThread(7946): at dalvik.system.NativeStart.main(Native Method)
11-30 10:31:35.527 D/BluetoothAdapterService(1102900528)( 7946): MESSAGE_PROFILE_SERVICE_STATE_CHANGED
11-30 10:31:35.527 D/BluetoothAdapterService(7946): onProfileServiceStateChange: serviceName=com.android.bluetooth.pan.PanService, state = 10, doUpdate = true
11-30 10:31:35.527 W/BluetoothPanServiceJni(7946): Cleaning up Bluetooth PAN Interface...
11-30 10:31:35.527 W/BluetoothPanServiceJni(7946): Cleaning up Bluetooth PAN callback object
11-30 10:31:35.527 D/BluetoothAdapterService(1102900528)( 7946): Message: 1
11-30 10:31:35.527 D/BluetoothAdapterService(1102900528)( 7946): MESSAGE_PROFILE_SERVICE_STATE_CHANGED
11-30 10:31:35.527 D/BluetoothAdapterService(7946): onProfileServiceStateChange: serviceName=com.android.bluetooth.gatt.GattService, state = 10, doUpdate = true
11-30 10:31:35.527 D/BtGatt.GattService(7946): cleanup()
11-30 10:31:35.527 W/bt-btif (7946): GATTC Module not enabled/already disabled
11-30 10:31:35.527 W/bt-btif (7946): GATTS Module not enabled/already disabled
11-30 10:31:35.527 D/BluetoothAdapterService(1102900528)( 7946): Message: 1
11-30 10:31:35.527 D/BluetoothAdapterService(1102900528)( 7946): MESSAGE_PROFILE_SERVICE_STATE_CHANGED
11-30 10:31:35.527 D/BluetoothAdapterService(7946): onProfileServiceStateChange: serviceName=com.android.bluetooth.map.BluetoothMapService, state = 10, doUpdate = true
11-30 10:31:35.527 D/BluetoothMapService(7946): cleanup()
11-30 10:31:35.527 D/BluetoothMapService(7946): MAP Service closeService in
11-30 10:31:35.527 V/BluetoothMapService(7946): MAP Service closeService out
11-30 10:31:35.527 W/ContextImpl(7971): Calling a method in the system process without a qualified user: android.app.ContextImpl.startService:1510 android.content.ContextWrapper.startService:494 android.content.ContextWrapper.startService:494 com.android.settings.bluetooth.DockEventReceiver.beginStartingService:134 com.android.settings.bluetooth.DockEventReceiver.onReceive:115
11-30 10:31:35.547 D/BluetoothAdapterService(1102900528)( 7946): getState(): mAdapterProperties: com.android.bluetooth.btservice.AdapterProperties@41bd0e40
11-30 10:31:35.557 W/ContextImpl(7971): Calling a method in the system process without a qualified user: android.app.ContextImpl.bindService:1574 android.content.ContextWrapper.bindService:517 android.bluetooth.BluetoothInputDevice.doBind:256 android.bluetooth.BluetoothInputDevice.:249 android.bluetooth.BluetoothAdapter.getProfileProxy:1197
11-30 10:31:35.557 W/ContextImpl(7971): Calling a method in the system process without a qualified user: android.app.ContextImpl.bindService:1574 android.content.ContextWrapper.bindService:517 android.bluetooth.BluetoothPan.doBind:149 android.bluetooth.BluetoothPan.:141 android.bluetooth.BluetoothAdapter.getProfileProxy:1200
11-30 10:31:35.567 D/LocalBluetoothProfileManager(7971): Adding local MAP profile
11-30 10:31:35.567 D/BluetoothMap(7971): Create BluetoothMap proxy object
11-30 10:31:35.567 W/ContextImpl(7971): Calling a method in the system process without a qualified user: android.app.ContextImpl.bindService:1574 android.content.ContextWrapper.bindService:517 android.bluetooth.BluetoothMap.doBind:109 android.bluetooth.BluetoothMap.:102 android.bluetooth.BluetoothAdapter.getProfileProxy:1212
11-30 10:31:35.577 D/LocalBluetoothProfileManager(7971): LocalBluetoothProfileManager construction complete
11-30 10:31:35.577 D/DockEventReceiver(7971): finishStartingService: stopping service
11-30 10:31:35.577 W/ContextImpl(7971): Calling a method in the system process without a qualified user: android.app.ContextImpl.bindService:1574 android.content.ContextWrapper.bindService:517 android.bluetooth.BluetoothPbap.doBind:164 android.bluetooth.BluetoothPbap.:157 com.android.settings.bluetooth.PbapServerProfile.:68
11-30 10:31:35.587 D/BluetoothAdapterService(1102900528)( 7946): getState(): mAdapterProperties: com.android.bluetooth.btservice.AdapterProperties@41bd0e40
11-30 10:31:35.587 D/BluetoothAdapterService(1102900528)( 7946): getState(): mAdapterProperties: com.android.bluetooth.btservice.AdapterProperties@41bd0e40
11-30 10:31:35.597 V/BluetoothMasReceiver(7946): BluetoothMasReceiver onReceive :android.bluetooth.adapter.action.STATE_CHANGED
11-30 10:31:35.597 D/BluetoothMasReceiver(7946): Bluetooth STATE CHANGED to 10
11-30 10:31:35.597 V/BluetoothFtpReceiver(7946): BluetoothFtpReceiver onReceive :android.bluetooth.adapter.action.STATE_CHANGED
11-30 10:31:36.018 D/BluetoothManagerService(2157): Sending off request.
11-30 10:31:36.018 D/BluetoothAdapterService(1102900528)( 7946): disable() called...
11-30 10:31:36.018 D/BluetoothAdapterState(7946): CURRENT_STATE=OFF, MESSAGE = USER_TURN_OFF
11-30 10:31:36.018 D/BluetoothAdapterService(1102900528)( 7946): getState(): mAdapterProperties: com.android.bluetooth.btservice.AdapterProperties@41bd0e40
11-30 10:31:36.018 D/BluetoothManagerService(2157): Calling onBluetoothServiceDown callbacks
11-30 10:31:36.018 D/BluetoothManagerService(2157): Broadcasting onBluetoothServiceDown() to 4 receivers.
11-30 10:31:36.028 D/BluetoothManagerService(2157): Message: 20
11-30 10:31:36.028 D/BluetoothManagerService(2157): Added callback: android.bluetooth.IBluetoothManagerCallback$Stub$Proxy@41ca7ff8:true
11-30 10:31:36.028 D/BluetoothManagerService(2157): Message: 30
11-30 10:31:36.028 D/BluetoothManagerService(2157): Message: 30
11-30 10:31:36.028 D/BluetoothManagerService(2157): Message: 30
11-30 10:31:36.028 D/BluetoothManagerService(2157): Message: 30
11-30 10:31:36.028 D/BluetoothAdapterService(1102900528)( 7946): getState(): mAdapterProperties: com.android.bluetooth.btservice.AdapterProperties@41bd0e40
11-30 10:31:36.028 D/BluetoothAdapterService(1102900528)( 7946): onUnbind, calling cleanup
11-30 10:31:36.038 D/BluetoothAdapterService(1102900528)( 7946): cleanup()
11-30 10:31:36.038 D/BluetoothAdapterService(7946): Cleaning up adapter native....
11-30 10:31:36.038 I/BluetoothServiceJni(7946): cleanupNative: return from cleanup
11-30 10:31:36.038 D/BluetoothAdapterService(7946): Done cleaning up adapter native....
11-30 10:31:36.038 D/BluetoothAdapterService(1102900528)( 7946): cleanup() done
11-30 10:31:36.038 D/BluetoothAdapterService(1102900528)( 7946): ****onDestroy()********
11-30 10:31:36.038 I/ActivityManager(2157): Killing 7971:com.android.settings/1000 (adj 11): empty #2
11-30 10:31:36.378 I/ActivityManager(2157): START u0 {act=android.settings.WIFI_SETTINGS flg=0x14000000 cmp=com.android.settings/.Settings$WifiSettingsActivity} from pid 2247
11-30 10:31:36.428 V/PanelView(2247): animationTick called with dtms=0; nothing to do (h=854.0 v=-3000.0)
11-30 10:31:36.458 I/ActivityManager(2157): Start proc com.android.settings for activity com.android.settings/.Settings$WifiSettingsActivity: pid=8004 uid=1000 gids={41000, 1028, 1015, 3002, 3001, 3003}
11-30 10:31:36.518 I/libblt_hw(1490): Library opened (handle = 7, fd = 47)
11-30 10:31:36.818 I/libblt_hw(1490): Library closed (handle = 9, fd = 60)
11-30 10:31:36.939 I/libblt_hw(1490): Library opened (handle = 8, fd = 33)
11-30 10:31:36.969 D/libEGL (8004): loaded /system/lib/egl/libEGL_mali.so
11-30 10:31:36.979 D/libEGL (8004): loaded /system/lib/egl/libGLESv1_CM_mali.so
11-30 10:31:36.989 D/libEGL (8004): loaded /system/lib/egl/libGLESv2_mali.so
11-30 10:31:36.999 D/OpenGLRenderer(8004): Enabling debug mode 0
11-30 10:31:37.219 I/ActivityManager(2157): Displayed com.android.settings/.Settings$WifiSettingsActivity: +798ms
11-30 10:31:37.349 I/libblt_hw(1490): Library closed (handle = 7, fd = 47)
11-30 10:31:38.740 D/WifiService(2157): setWifiEnabled: true pid=8004, uid=1000
11-30 10:31:38.991 D/CommandListener(1487): Setting iface cfg
11-30 10:31:38.991 D/CommandListener(1487): Trying to bring down wlan0
11-30 10:31:39.041 D/wpa_supplicant(8031): wpa_supplicant v2.1-devel-4.4
11-30 10:31:39.041 D/wpa_supplicant(8031): Add randomness: count=1 entropy=0
11-30 10:31:39.041 D/wpa_supplicant(8031): random pool - hexdump(len=128): [REMOVED]
11-30 10:31:39.041 D/wpa_supplicant(8031): random_mix_pool - hexdump(len=8): [REMOVED]
11-30 10:31:39.041 D/wpa_supplicant(8031): random_mix_pool - hexdump(len=20): [REMOVED]
11-30 10:31:39.041 D/wpa_supplicant(8031): random pool - hexdump(len=128): [REMOVED]
11-30 10:31:39.041 D/wpa_supplicant(8031): random: Added entropy from /data/misc/wifi/entropy.bin (own_pool_ready=2)
11-30 10:31:39.041 D/wpa_supplicant(8031): random: Trying to read entropy from /dev/random
11-30 10:31:39.041 D/wpa_supplicant(8031): Get randomness: len=20 entropy=1
11-30 10:31:39.041 D/wpa_supplicant(8031): random from os_get_random - hexdump(len=20): [REMOVED]
11-30 10:31:39.041 D/wpa_supplicant(8031): random_mix_pool - hexdump(len=20): [REMOVED]
11-30 10:31:39.041 D/wpa_supplicant(8031): random from internal pool - hexdump(len=16): [REMOVED]
11-30 10:31:39.041 D/wpa_supplicant(8031): random_mix_pool - hexdump(len=20): [REMOVED]
11-30 10:31:39.041 D/wpa_supplicant(8031): random from internal pool - hexdump(len=16): [REMOVED]
11-30 10:31:39.041 D/wpa_supplicant(8031): mixed random - hexdump(len=20): [REMOVED]
11-30 10:31:39.041 D/wpa_supplicant(8031): random: Updated entropy file /data/misc/wifi/entropy.bin (own_pool_ready=2)
11-30 10:31:39.041 D/wpa_supplicant(8031): Global control interface '@android:wpa_wlan0'
11-30 10:31:39.041 D/wpa_supplicant(8031): Using Android control socket 'wpa_wlan0'
11-30 10:31:39.041 I/wpa_supplicant(8031): Successfully initialized wpa_supplicant
11-30 10:31:39.041 D/wpa_supplicant(8031): Override interface parameter: ctrl_interface ('(null)' -> '/data/misc/wifi/sockets')
11-30 10:31:39.041 D/wpa_supplicant(8031): Initializing interface 'wlan0' conf '/system/etc/wifi/wpa_supplicant.conf' driver 'nl80211' ctrl_interface '/data/misc/wifi/sockets' bridge 'N/A'
11-30 10:31:39.041 D/wpa_supplicant(8031): Configuration file '/system/etc/wifi/wpa_supplicant.conf' -> '/system/etc/wifi/wpa_supplicant.conf'
11-30 10:31:39.041 D/wpa_supplicant(8031): Reading configuration file '/system/etc/wifi/wpa_supplicant.conf'
11-30 10:31:39.051 D/wpa_supplicant(8031): update_config=1
11-30 10:31:39.051 D/wpa_supplicant(8031): ctrl_interface='wlan0'
11-30 10:31:39.051 D/wpa_supplicant(8031): ap_scan=1
11-30 10:31:39.051 D/wpa_supplicant(8031): fast_reauth=1
11-30 10:31:39.051 D/wpa_supplicant(8031): device_name='Lotus'
11-30 10:31:39.051 D/wpa_supplicant(8031): manufacturer='TexasInstruments'
11-30 10:31:39.051 D/wpa_supplicant(8031): model_name='TI_Connectivity_module'
11-30 10:31:39.051 D/wpa_supplicant(8031): model_number='cw1200'
11-30 10:31:39.051 D/wpa_supplicant(8031): serial_number='12345'
11-30 10:31:39.051 D/wpa_supplicant(8031): rfkill: initial event: idx=0 type=1 op=0 soft=0 hard=0
11-30 10:31:39.051 D/wpa_supplicant(8031): rfkill: initial event: idx=1 type=2 op=0 soft=1 hard=0
11-30 10:31:39.051 D/wpa_supplicant(8031): nl80211: Using driver-based off-channel TX
11-30 10:31:39.051 D/wpa_supplicant(8031): nl80211: interface wlan0 in phy phy0
11-30 10:31:39.051 D/wpa_supplicant(8031): nl80211: Set mode ifindex 6 iftype 2 (STATION)
11-30 10:31:39.051 D/wpa_supplicant(8031): nl80211: Subscribe to mgmt frames with non-AP handle 0x42026490
11-30 10:31:39.051 D/wpa_supplicant(8031): nl80211: Register frame type=0xd0 nl_handle=0x42026490
11-30 10:31:39.051 D/wpa_supplicant(8031): nl80211: Register frame match - hexdump(len=2): 04 0a
11-30 10:31:39.051 D/wpa_supplicant(8031): nl80211: Register frame type=0xd0 nl_handle=0x42026490
11-30 10:31:39.051 D/wpa_supplicant(8031): nl80211: Register frame match - hexdump(len=2): 04 0b
11-30 10:31:39.051 D/wpa_supplicant(8031): nl80211: Register frame type=0xd0 nl_handle=0x42026490
11-30 10:31:39.051 D/wpa_supplicant(8031): nl80211: Register frame match - hexdump(len=2): 04 0c
11-30 10:31:39.051 D/wpa_supplicant(8031): nl80211: Register frame type=0xd0 nl_handle=0x42026490
11-30 10:31:39.051 D/wpa_supplicant(8031): nl80211: Register frame match - hexdump(len=2): 04 0d
11-30 10:31:39.051 D/wpa_supplicant(8031): nl80211: Register frame type=0xd0 nl_handle=0x42026490
11-30 10:31:39.051 D/wpa_supplicant(8031): nl80211: Register frame match - hexdump(len=6): 04 09 50 6f 9a 09
11-30 10:31:39.051 D/wpa_supplicant(8031): nl80211: Register frame type=0xd0 nl_handle=0x42026490
11-30 10:31:39.051 D/wpa_supplicant(8031): nl80211: Register frame match - hexdump(len=5): 7f 50 6f 9a 09
11-30 10:31:39.051 D/wpa_supplicant(8031): nl80211: Register frame type=0xd0 nl_handle=0x42026490
11-30 10:31:39.051 D/wpa_supplicant(8031): nl80211: Register frame match - hexdump(len=2): 08 01
11-30 10:31:39.051 D/wpa_supplicant(8031): nl80211: Register frame type=0xd0 nl_handle=0x42026490
11-30 10:31:39.051 D/wpa_supplicant(8031): nl80211: Register frame match - hexdump(len=1): 06
11-30 10:31:39.051 D/wpa_supplicant(8031): nl80211: Register frame type=0xd0 nl_handle=0x42026490
11-30 10:31:39.051 D/wpa_supplicant(8031): nl80211: Register frame match - hexdump(len=2): 0a 07
11-30 10:31:39.051 D/wpa_supplicant(8031): nl80211: Register frame type=0xd0 nl_handle=0x42026490
11-30 10:31:39.051 D/wpa_supplicant(8031): nl80211: Register frame match - hexdump(len=2): 0a 11
11-30 10:31:39.101 D/WifiMonitor(2157): startMonitoring(wlan0) with mConnected = false
11-30 10:31:39.121 D/BluetoothManagerService(2157): Message: 20
11-30 10:31:39.121 D/BluetoothManagerService(2157): Added callback: android.bluetooth.IBluetoothManagerCallback$Stub$Proxy@41d9cdc8:true
11-30 10:31:39.121 D/BluetoothAdapter(8004): 1104423504: getState() : mService = null. Returning STATE_OFF
11-30 10:31:39.121 D/BluetoothManagerService(2157): Message: 30
11-30 10:31:39.131 D/BluetoothManagerService(2157): Message: 30
11-30 10:31:39.131 D/LocalBluetoothProfileManager(8004): Adding local MAP profile
11-30 10:31:39.131 D/BluetoothMap(8004): Create BluetoothMap proxy object
11-30 10:31:39.131 D/BluetoothManagerService(2157): Message: 30
11-30 10:31:39.131 W/ContextImpl(8004): Calling a method in the system process without a qualified user: android.app.ContextImpl.bindService:1574 android.content.ContextWrapper.bindService:517 android.bluetooth.BluetoothInputDevice.doBind:256 android.bluetooth.BluetoothInputDevice.:249 android.bluetooth.BluetoothAdapter.getProfileProxy:1197
11-30 10:31:39.131 W/ContextImpl(8004): Calling a method in the system process without a qualified user: android.app.ContextImpl.bindService:1574 android.content.ContextWrapper.bindService:517 android.bluetooth.BluetoothPan.doBind:149 android.bluetooth.BluetoothPan.:141 android.bluetooth.BluetoothAdapter.getProfileProxy:1200
11-30 10:31:39.141 D/BluetoothManagerService(2157): Message: 30
11-30 10:31:39.141 D/LocalBluetoothProfileManager(8004): LocalBluetoothProfileManager construction complete
11-30 10:31:39.141 D/BluetoothAdapter(8004): 1104423504: getState() : mService = null. Returning STATE_OFF
11-30 10:31:39.141 D/BluetoothAdapter(8004): 1104423504: getState() : mService = null. Returning STATE_OFF
11-30 10:31:39.141 W/ContextImpl(8004): Calling a method in the system process without a qualified user: android.app.ContextImpl.bindService:1574 android.content.ContextWrapper.bindService:517 android.bluetooth.BluetoothMap.doBind:109 android.bluetooth.BluetoothMap.:102 android.bluetooth.BluetoothAdapter.getProfileProxy:1212
11-30 10:31:39.141 W/ContextImpl(8004): Calling a method in the system process without a qualified user: android.app.ContextImpl.bindService:1574 android.content.ContextWrapper.bindService:517 android.bluetooth.BluetoothPbap.doBind:164 android.bluetooth.BluetoothPbap.:157 com.android.settings.bluetooth.PbapServerProfile.:68
11-30 10:31:40.572 D/wpa_supplicant(8031): netlink: Operstate: linkmode=1, operstate=5
11-30 10:31:40.572 D/wpa_supplicant(8031): nl80211: driver param='(null)'
11-30 10:31:40.572 D/wpa_supplicant(8031): nl80211: Regulatory information - country=00
11-30 10:31:40.572 D/wpa_supplicant(8031): nl80211: 2402-2472 @ 40 MHz
11-30 10:31:40.572 D/wpa_supplicant(8031): nl80211: 2457-2482 @ 20 MHz
11-30 10:31:40.572 D/wpa_supplicant(8031): nl80211: 2474-2494 @ 20 MHz
11-30 10:31:40.572 D/wpa_supplicant(8031): nl80211: 5170-5250 @ 40 MHz
11-30 10:31:40.572 D/wpa_supplicant(8031): nl80211: 5735-5835 @ 40 MHz
11-30 10:31:40.572 D/wpa_supplicant(8031): nl80211: Added 802.11b mode based on 802.11g information
11-30 10:31:40.612 D/wpa_supplicant(8031): wlan0: Own MAC address: d0:51:62:32:c9:c2
11-30 10:31:40.612 D/wpa_supplicant(8031): wpa_driver_nl80211_set_key: ifindex=6 (wlan0) alg=0 addr=0x0 key_idx=0 set_tx=0 seq_len=0 key_len=0
11-30 10:31:40.612 D/wpa_supplicant(8031): wpa_driver_nl80211_set_key: ifindex=6 (wlan0) alg=0 addr=0x0 key_idx=1 set_tx=0 seq_len=0 key_len=0
11-30 10:31:40.612 D/wpa_supplicant(8031): wpa_driver_nl80211_set_key: ifindex=6 (wlan0) alg=0 addr=0x0 key_idx=2 set_tx=0 seq_len=0 key_len=0
11-30 10:31:40.612 D/wpa_supplicant(8031): wpa_driver_nl80211_set_key: ifindex=6 (wlan0) alg=0 addr=0x0 key_idx=3 set_tx=0 seq_len=0 key_len=0
11-30 10:31:40.612 D/wpa_supplicant(8031): wpa_driver_nl80211_set_key: ifindex=6 (wlan0) alg=0 addr=0x0 key_idx=4 set_tx=0 seq_len=0 key_len=0
11-30 10:31:40.612 D/wpa_supplicant(8031): wpa_driver_nl80211_set_key: ifindex=6 (wlan0) alg=0 addr=0x0 key_idx=5 set_tx=0 seq_len=0 key_len=0
11-30 10:31:40.612 D/wpa_supplicant(8031): wlan0: RSN: flushing PMKID list in the driver
11-30 10:31:40.612 D/wpa_supplicant(8031): nl80211: Flush PMKIDs
11-30 10:31:40.612 D/wpa_supplicant(8031): wlan0: State: DISCONNECTED -> INACTIVE
11-30 10:31:40.652 D/wpa_supplicant(8031): TDLS: TDLS operation not supported by driver
11-30 10:31:40.652 D/wpa_supplicant(8031): TDLS: Driver uses internal link setup
11-30 10:31:40.652 D/wpa_supplicant(8031): WPS: Set UUID for interface wlan0
11-30 10:31:40.652 D/wpa_supplicant(8031): WPS: UUID based on MAC address - hexdump(len=16): b8 34 9d f8 e9 a3 50 9f b7 bc bd 40 de 94 ef dc
11-30 10:31:40.672 D/wpa_supplicant(8031): EAPOL: SUPP_PAE entering state DISCONNECTED
11-30 10:31:40.672 D/wpa_supplicant(8031): EAPOL: Supplicant port status: Unauthorized
11-30 10:31:40.672 D/wpa_supplicant(8031): nl80211: Set supplicant port unauthorized for 00:00:00:00:00:00
11-30 10:31:40.672 D/wpa_supplicant(8031): EAPOL: KEY_RX entering state NO_KEY_RECEIVE
11-30 10:31:40.672 D/wpa_supplicant(8031): EAPOL: SUPP_BE entering state INITIALIZE
11-30 10:31:40.672 D/wpa_supplicant(8031): EAP: EAP entering state DISABLED
11-30 10:31:40.672 D/wpa_supplicant(8031): EAPOL: Supplicant port status: Unauthorized
11-30 10:31:40.672 D/wpa_supplicant(8031): nl80211: Set supplicant port unauthorized for 00:00:00:00:00:00
11-30 10:31:40.672 D/wpa_supplicant(8031): EAPOL: Supplicant port status: Unauthorized
11-30 10:31:40.672 D/wpa_supplicant(8031): nl80211: Set supplicant port unauthorized for 00:00:00:00:00:00
11-30 10:31:40.672 D/wpa_supplicant(8031): Using existing control interface directory.
11-30 10:31:40.672 D/wpa_supplicant(8031): P2P: Own listen channel: 6
11-30 10:31:40.682 D/wpa_supplicant(8031): P2P: Random operating channel: 81:6
11-30 10:31:40.682 D/wpa_supplicant(8031): P2P: Add operating class 81
11-30 10:31:40.682 D/wpa_supplicant(8031): P2P: Channels - hexdump(len=11): 01 02 03 04 05 06 07 08 09 0a 0b
11-30 10:31:40.682 D/wpa_supplicant(8031): wlan0: Added interface wlan0
11-30 10:31:40.682 D/wpa_supplicant(8031): wlan0: State: INACTIVE -> DISCONNECTED
11-30 10:31:40.682 D/wpa_supplicant(8031): wpa_driver_nl80211_set_operstate: operstate 0->0 (DORMANT)
11-30 10:31:40.682 D/wpa_supplicant(8031): netlink: Operstate: linkmode=-1, operstate=5
11-30 10:31:40.682 D/wpa_supplicant(8031): random: Got 18/20 bytes from /dev/random
11-30 10:31:40.682 D/wpa_supplicant(8031): CTRL_IFACE monitor attached - hexdump(len=40): 2f 64 61 74 61 2f 6d 69 73 63 2f 77 69 66 69 2f 73 6f 63 6b 65 74 73 2f 77 70 61 5f 63 74 72 6c ...
11-30 10:31:40.682 D/wpa_supplicant(8031): RTM_NEWLINK: operstate=0 ifi_flags=0x1003 ([UP])
11-30 10:31:40.682 D/wpa_supplicant(8031): RTM_NEWLINK, IFLA_IFNAME: Interface 'wlan0' added
11-30 10:31:40.682 D/wpa_supplicant(8031): nl80211: if_removed already cleared - ignore event
11-30 10:31:40.682 D/wpa_supplicant(8031): RX ctrl_iface - hexdump(len=14): 44 52 49 56 45 52 20 4d 41 43 41 44 44 52
11-30 10:31:40.682 D/wpa_supplicant(8031): wlan0: Control interface command 'DRIVER MACADDR'
11-30 10:31:40.682 E/wpa_supplicant(8031): Could not get interface hwaddr: Bad file number
11-30 10:31:40.682 D/WifiConfigStore(2157): Loading config and enabling all networks
11-30 10:31:40.682 D/wpa_supplicant(8031): RX ctrl_iface - hexdump(len=13): 4c 49 53 54 5f 4e 45 54 57 4f 52 4b 53
11-30 10:31:40.682 D/wpa_supplicant(8031): wlan0: Control interface command 'LIST_NETWORKS'
11-30 10:31:40.682 E/WifiConfigStore(2157): Error parsing configurationjava.io.FileNotFoundException: /data/misc/wifi/ipconfig.txt: open failed: ENOENT (No such file or directory)
11-30 10:31:40.692 D/wpa_supplicant(8031): RX ctrl_iface - hexdump(len=31): 53 45 54 20 64 65 76 69 63 65 5f 6e 61 6d 65 20 4d 54 32 37 69 5f 31 32 36 32 2d 31 31 32 30
11-30 10:31:40.692 D/wpa_supplicant(8031): wlan0: Control interface command 'SET device_name MT27i_1262-1120'
11-30 10:31:40.692 D/wpa_supplicant(8031): CTRL_IFACE SET 'device_name'='MT27i_1262-1120'
11-30 10:31:40.692 D/wpa_supplicant(8031): device_name='MT27i_1262-1120'
11-30 10:31:40.692 D/wpa_supplicant(8031): RX ctrl_iface - hexdump(len=21): 53 45 54 20 6d 61 6e 75 66 61 63 74 75 72 65 72 20 53 6f 6e 79
11-30 10:31:40.692 D/wpa_supplicant(8031): wlan0: Control interface command 'SET manufacturer Sony'
11-30 10:31:40.692 D/wpa_supplicant(8031): CTRL_IFACE SET 'manufacturer'='Sony'
11-30 10:31:40.692 D/wpa_supplicant(8031): manufacturer='Sony'
