11-30 10:31:18.451 I/DEBUG (1488): 439d4cd8 00000000
11-30 10:31:18.451 I/DEBUG (1488): 439d4cdc 00000000
11-30 10:31:18.451 I/DEBUG (1488): 439d4ce0 426f8e4c
11-30 10:31:18.451 I/DEBUG (1488): 439d4ce4 00000000
11-30 10:31:18.451 I/DEBUG (1488): 439d4ce8 02d00500
11-30 10:31:18.451 I/DEBUG (1488): 439d4cec 00000000
11-30 10:31:18.451 I/DEBUG (1488): 439d4cf0 00000000
11-30 10:31:18.451 I/DEBUG (1488): 439d4cf4 00000000
11-30 10:31:18.451 I/DEBUG (1488): 439d4cf8 00000000
11-30 10:31:18.451 I/DEBUG (1488): 439d4cfc 4268400c
11-30 10:31:18.451 I/DEBUG (1488): 439d4d00 4320e00c
11-30 10:31:18.451 I/DEBUG (1488): 439d4d04 00000000
11-30 10:31:18.451 I/DEBUG (1488): ........ ........
11-30 10:31:18.451 I/DEBUG (1488):
11-30 10:31:18.451 I/DEBUG (1488): memory near r0:
11-30 10:31:18.451 I/DEBUG (1488): 43349f14 0000001b 00000001 00000002 43349f0c
11-30 10:31:18.451 I/DEBUG (1488): 43349f24 00000000 74756f72 00000083 5f626672
11-30 10:31:18.451 I/DEBUG (1488): 43349f34 00000060 00000000 00000000 00000000
11-30 10:31:18.451 I/DEBUG (1488): 43349f44 00000000 400d4ba3 400d502d 00001000
11-30 10:31:18.451 I/DEBUG (1488): 43349f54 00000146 00001000 0000000e 00000702
11-30 10:31:18.451 I/DEBUG (1488): 43349f64 40263228 00000010 48ca9c80 00084a65
11-30 10:31:18.451 I/DEBUG (1488): 43349f74 00000000 00000020 00000062 00000000
11-30 10:31:18.451 I/DEBUG (1488): 43349f84 00000040 00000030 00000001 00000000
11-30 10:31:18.451 I/DEBUG (1488): 43349f94 01000001 400dcab8 00000000 00000000
11-30 10:31:18.451 I/DEBUG (1488): 43349fa4 deadbeef deadbeef 0000001b 43349a90
11-30 10:31:18.451 I/DEBUG (1488): 43349fb4 79a39bef 40084d30 00000000 00000000
11-30 10:31:18.451 I/DEBUG (1488): 43349fc4 0000001b 00000000 00000000 00000001
11-30 10:31:18.451 I/DEBUG (1488): 43349fd4 00000000 00000018 0000001b 43349000
11-30 10:31:18.451 I/DEBUG (1488): 43349fe4 00001000 4320efe0 00000001 00000000
11-30 10:31:18.451 I/DEBUG (1488): 43349ff4 00000007 00000007 00000007 ffffffff
11-30 10:31:18.451 I/DEBUG (1488): 4334a004 ffffffff ffffffff ffffffff ffffffff
11-30 10:31:18.451 I/DEBUG (1488):
11-30 10:31:18.451 I/DEBUG (1488): memory near r3:
11-30 10:31:18.451 I/DEBUG (1488): 43349f74 00000000 00000020 00000062 00000000
11-30 10:31:18.451 I/DEBUG (1488): 43349f84 00000040 00000030 00000001 00000000
11-30 10:31:18.451 I/DEBUG (1488): 43349f94 01000001 400dcab8 00000000 00000000
11-30 10:31:18.451 I/DEBUG (1488): 43349fa4 deadbeef deadbeef 0000001b 43349a90
11-30 10:31:18.451 I/DEBUG (1488): 43349fb4 79a39bef 40084d30 00000000 00000000
11-30 10:31:18.451 I/DEBUG (1488): 43349fc4 0000001b 00000000 00000000 00000001
11-30 10:31:18.451 I/DEBUG (1488): 43349fd4 00000000 00000018 0000001b 43349000
11-30 10:31:18.451 I/DEBUG (1488): 43349fe4 00001000 4320efe0 00000001 00000000
11-30 10:31:18.451 I/DEBUG (1488): 43349ff4 00000007 00000007 00000007 ffffffff
11-30 10:31:18.451 I/DEBUG (1488): 4334a004 ffffffff ffffffff ffffffff ffffffff
11-30 10:31:18.451 I/DEBUG (1488): 4334a014 ffffffff ffffffff ffffffff ffffffff
11-30 10:31:18.451 I/DEBUG (1488): 4334a024 ffffffff ffffffff ffffffff ffffffff
11-30 10:31:18.451 I/DEBUG (1488): 4334a034 ffffffff ffffffff ffffffff ffffffff
11-30 10:31:18.451 I/DEBUG (1488): 4334a044 ffffffff ffffffff ffffffff ffffffff
11-30 10:31:18.451 I/DEBUG (1488): 4334a054 ffffffff ffffffff ffffffff ffffffff
11-30 10:31:18.451 I/DEBUG (1488): 4334a064 ffffffff ffffffff ffffffff ffffffff
11-30 10:31:18.451 I/DEBUG (1488):
11-30 10:31:18.451 I/DEBUG (1488): memory near r4:
11-30 10:31:18.451 I/DEBUG (1488): 426f50c4 00000001 00000001 00000000 00000001
11-30 10:31:18.451 I/DEBUG (1488): 426f50d4 00000000 00000005 00000002 00000003
11-30 10:31:18.451 I/DEBUG (1488): 426f50e4 400bbe68 40c40e16 00000003 00000005
11-30 10:31:18.451 I/DEBUG (1488): 426f50f4 00000060 00020101 00000000 00000001
11-30 10:31:18.451 I/DEBUG (1488): 426f5104 00000005 00000001 00042000 00000001
11-30 10:31:18.451 I/DEBUG (1488): 426f5114 00000001 00000001 40c3e859 00000000
11-30 10:31:18.451 I/DEBUG (1488): 426f5124 000001e0 0000010e 000003c0 0000010e
11-30 10:31:18.451 I/DEBUG (1488): 426f5134 00000000 00000000 00000000 00000000
11-30 10:31:18.451 I/DEBUG (1488): 426f5144 0000001b 00000000 00000001 00000000
11-30 10:31:18.451 I/DEBUG (1488): 426f5154 00000060 00020101 00000001 00000001
11-30 10:31:18.451 I/DEBUG (1488): 426f5164 00000001 00000001 004f6000 00000000
11-30 10:31:18.451 I/DEBUG (1488): 426f5174 00000000 00000001 00000000 00000000
11-30 10:31:18.451 I/DEBUG (1488): 426f5184 00000a30 000007aa 00000a38 000007aa
11-30 10:31:18.451 I/DEBUG (1488): 426f5194 00000000 00000000 00000000 00000000
11-30 10:31:18.451 I/DEBUG (1488): 426f51a4 0000001e 00000000 00000001 00000000
11-30 10:31:18.451 I/DEBUG (1488): 426f51b4 00000060 00020101 00000002 00000001
11-30 10:31:18.451 I/DEBUG (1488):
11-30 10:31:18.451 I/DEBUG (1488): memory near r5:
11-30 10:31:18.451 I/DEBUG (1488): 439d4c44 00000018 426f5678 00000000 00000000
11-30 10:31:18.451 I/DEBUG (1488): 439d4c54 426f51a4 40c3e44f 000265ec 00000000
11-30 10:31:18.461 I/DEBUG (1488): 439d4c64 43349f34 00000018 00020101 00000002
11-30 10:31:18.461 I/DEBUG (1488): 439d4c74 42522e44 426f5678 439d4c64 00000002
11-30 10:31:18.461 I/DEBUG (1488): 439d4c84 426f5994 426f51a4 00000001 00000001
11-30 10:31:18.461 I/DEBUG (1488): 439d4c94 40c167b9 40c3d5c5 40c4b6da 00000000
11-30 10:31:18.461 I/DEBUG (1488): 439d4ca4 426f8e54 4268400c 426f50e4 426f800c
11-30 10:31:18.461 I/DEBUG (1488): 439d4cb4 40c40584 4320e024 00000002 00000001
11-30 10:31:18.461 I/DEBUG (1488): 439d4cc4 40c22fa9 426f8e54 00000000 000002d0
11-30 10:31:18.461 I/DEBUG (1488): 439d4cd4 00000000 00000000 00000000 426f8e4c
11-30 10:31:18.461 I/DEBUG (1488): 439d4ce4 00000000 02d00500 00000000 00000000
11-30 10:31:18.461 I/DEBUG (1488): 439d4cf4 00000000 00000000 4268400c 4320e00c
11-30 10:31:18.461 I/DEBUG (1488): 439d4d04 00000000 41743fbc 439d4d94 40c25305
11-30 10:31:18.461 I/DEBUG (1488): 439d4d14 00000000 00000000 40c25aa3 439d4d94
11-30 10:31:18.461 I/DEBUG (1488): 439d4d24 41743fa0 00000000 00002eb5 41743fd8
11-30 10:31:18.461 I/DEBUG (1488): 439d4d34 00000000 00000000 40c09e37 40c0cc61
11-30 10:31:18.461 I/DEBUG (1488):
11-30 10:31:18.461 I/DEBUG (1488): memory near r6:
11-30 10:31:18.461 I/DEBUG (1488): 00000fe0 ffffffff ffffffff ffffffff ffffffff
11-30 10:31:18.461 I/DEBUG (1488): 00000ff0 ffffffff ffffffff ffffffff ffffffff
11-30 10:31:18.461 I/DEBUG (1488): 00001000 ffffffff ffffffff ffffffff ffffffff
11-30 10:31:18.461 I/DEBUG (1488): 00001010 ffffffff ffffffff ffffffff ffffffff
11-30 10:31:18.461 I/DEBUG (1488): 00001020 ffffffff ffffffff ffffffff ffffffff
11-30 10:31:18.461 I/DEBUG (1488): 00001030 ffffffff ffffffff ffffffff ffffffff
11-30 10:31:18.461 I/DEBUG (1488): 00001040 ffffffff ffffffff ffffffff ffffffff
11-30 10:31:18.461 I/DEBUG (1488): 00001050 ffffffff ffffffff ffffffff ffffffff
11-30 10:31:18.461 I/DEBUG (1488): 00001060 ffffffff ffffffff ffffffff ffffffff
11-30 10:31:18.461 I/DEBUG (1488): 00001070 ffffffff ffffffff ffffffff ffffffff
11-30 10:31:18.461 I/DEBUG (1488): 00001080 ffffffff ffffffff ffffffff ffffffff
11-30 10:31:18.461 I/DEBUG (1488): 00001090 ffffffff ffffffff ffffffff ffffffff
11-30 10:31:18.461 I/DEBUG (1488): 000010a0 ffffffff ffffffff ffffffff ffffffff
11-30 10:31:18.461 I/DEBUG (1488): 000010b0 ffffffff ffffffff ffffffff ffffffff
11-30 10:31:18.461 I/DEBUG (1488): 000010c0 ffffffff ffffffff ffffffff ffffffff
11-30 10:31:18.461 I/DEBUG (1488): 000010d0 ffffffff ffffffff ffffffff ffffffff
11-30 10:31:18.461 I/DEBUG (1488):
11-30 10:31:18.461 I/DEBUG (1488): memory near r8:
11-30 10:31:18.461 I/DEBUG (1488): 001e7fe0 ffffffff ffffffff ffffffff ffffffff
11-30 10:31:18.461 I/DEBUG (1488): 001e7ff0 ffffffff ffffffff ffffffff ffffffff
11-30 10:31:18.461 I/DEBUG (1488): 001e8000 ffffffff ffffffff ffffffff ffffffff
11-30 10:31:18.461 I/DEBUG (1488): 001e8010 ffffffff ffffffff ffffffff ffffffff
11-30 10:31:18.461 I/DEBUG (1488): 001e8020 ffffffff ffffffff ffffffff ffffffff
11-30 10:31:18.461 I/DEBUG (1488): 001e8030 ffffffff ffffffff ffffffff ffffffff
11-30 10:31:18.461 I/DEBUG (1488): 001e8040 ffffffff ffffffff ffffffff ffffffff
11-30 10:31:18.461 I/DEBUG (1488): 001e8050 ffffffff ffffffff ffffffff ffffffff
11-30 10:31:18.461 I/DEBUG (1488): 001e8060 ffffffff ffffffff ffffffff ffffffff
11-30 10:31:18.461 I/DEBUG (1488): 001e8070 ffffffff ffffffff ffffffff ffffffff
11-30 10:31:18.461 I/DEBUG (1488): 001e8080 ffffffff ffffffff ffffffff ffffffff
11-30 10:31:18.461 I/DEBUG (1488): 001e8090 ffffffff ffffffff ffffffff ffffffff
11-30 10:31:18.461 I/DEBUG (1488): 001e80a0 ffffffff ffffffff ffffffff ffffffff
11-30 10:31:18.461 I/DEBUG (1488): 001e80b0 ffffffff ffffffff ffffffff ffffffff
11-30 10:31:18.461 I/DEBUG (1488): 001e80c0 ffffffff ffffffff ffffffff ffffffff
11-30 10:31:18.461 I/DEBUG (1488): 001e80d0 ffffffff ffffffff ffffffff ffffffff
11-30 10:31:18.461 I/DEBUG (1488):
11-30 10:31:18.461 I/DEBUG (1488): memory near ip:
11-30 10:31:18.461 I/DEBUG (1488): 00ffffe0 ffffffff ffffffff ffffffff ffffffff
11-30 10:31:18.461 I/DEBUG (1488): 00fffff0 ffffffff ffffffff ffffffff ffffffff
11-30 10:31:18.461 I/DEBUG (1488): 01000000 ffffffff ffffffff ffffffff ffffffff
11-30 10:31:18.461 I/DEBUG (1488): 01000010 ffffffff ffffffff ffffffff ffffffff
11-30 10:31:18.461 I/DEBUG (1488): 01000020 ffffffff ffffffff ffffffff ffffffff
11-30 10:31:18.461 I/DEBUG (1488): 01000030 ffffffff ffffffff ffffffff ffffffff
11-30 10:31:18.461 I/DEBUG (1488): 01000040 ffffffff ffffffff ffffffff ffffffff
11-30 10:31:18.461 I/DEBUG (1488): 01000050 ffffffff ffffffff ffffffff ffffffff
11-30 10:31:18.461 I/DEBUG (1488): 01000060 ffffffff ffffffff ffffffff ffffffff
11-30 10:31:18.461 I/DEBUG (1488): 01000070 ffffffff ffffffff ffffffff ffffffff
11-30 10:31:18.461 I/DEBUG (1488): 01000080 ffffffff ffffffff ffffffff ffffffff
11-30 10:31:18.461 I/DEBUG (1488): 01000090 ffffffff ffffffff ffffffff ffffffff
11-30 10:31:18.461 I/DEBUG (1488): 010000a0 ffffffff ffffffff ffffffff ffffffff
11-30 10:31:18.461 I/DEBUG (1488): 010000b0 ffffffff ffffffff ffffffff ffffffff
11-30 10:31:18.461 I/DEBUG (1488): 010000c0 ffffffff ffffffff ffffffff ffffffff
11-30 10:31:18.461 I/DEBUG (1488): 010000d0 ffffffff ffffffff ffffffff ffffffff
11-30 10:31:18.461 I/DEBUG (1488):
11-30 10:31:18.461 I/DEBUG (1488): memory near sp:
11-30 10:31:18.461 I/DEBUG (1488): 439d4bf8 40c4b2bb 00000002 40c3d3ae 40c40584
11-30 10:31:18.461 I/DEBUG (1488): 439d4c08 4320e024 00000002 426f50e4 40c16bbf
11-30 10:31:18.461 I/DEBUG (1488): 439d4c18 40c3d3e9 40c4b2bb 00000000 00000000
11-30 10:31:18.461 I/DEBUG (1488): 439d4c28 00000000 00000000 00000000 00000000
11-30 10:31:18.461 I/DEBUG (1488): 439d4c38 00000000 00000000 00000000 00000018
11-30 10:31:18.461 I/DEBUG (1488): 439d4c48 426f5678 00000000 00000000 426f51a4
11-30 10:31:18.461 I/DEBUG (1488): 439d4c58 40c3e44f 000265ec 00000000 43349f34
11-30 10:31:18.461 I/DEBUG (1488): 439d4c68 00000018 00020101 00000002 42522e44
11-30 10:31:18.461 I/DEBUG (1488): 439d4c78 426f5678 439d4c64 00000002 426f5994
11-30 10:31:18.461 I/DEBUG (1488): 439d4c88 426f51a4 00000001 00000001 40c167b9
11-30 10:31:18.461 I/DEBUG (1488): 439d4c98 40c3d5c5 40c4b6da 00000000 426f8e54
11-30 10:31:18.461 I/DEBUG (1488): 439d4ca8 4268400c 426f50e4 426f800c 40c40584
11-30 10:31:18.461 I/DEBUG (1488): 439d4cb8 4320e024 00000002 00000001 40c22fa9
11-30 10:31:18.461 I/DEBUG (1488): 439d4cc8 426f8e54 00000000 000002d0 00000000
11-30 10:31:18.461 I/DEBUG (1488): 439d4cd8 00000000 00000000 426f8e4c 00000000
11-30 10:31:18.461 I/DEBUG (1488): 439d4ce8 02d00500 00000000 00000000 00000000
11-30 10:31:18.461 I/DEBUG (1488):
11-30 10:31:18.461 I/DEBUG (1488): code around pc:
11-30 10:31:18.461 I/DEBUG (1488): 00000fe0 ffffffff ffffffff ffffffff ffffffff
11-30 10:31:18.461 I/DEBUG (1488): 00000ff0 ffffffff ffffffff ffffffff ffffffff
11-30 10:31:18.461 I/DEBUG (1488): 00001000 ffffffff ffffffff ffffffff ffffffff
11-30 10:31:18.461 I/DEBUG (1488): 00001010 ffffffff ffffffff ffffffff ffffffff
11-30 10:31:18.461 I/DEBUG (1488): 00001020 ffffffff ffffffff ffffffff ffffffff
11-30 10:31:18.461 I/DEBUG (1488): 00001030 ffffffff ffffffff ffffffff ffffffff
11-30 10:31:18.461 I/DEBUG (1488): 00001040 ffffffff ffffffff ffffffff ffffffff
11-30 10:31:18.461 I/DEBUG (1488): 00001050 ffffffff ffffffff ffffffff ffffffff
11-30 10:31:18.461 I/DEBUG (1488): 00001060 ffffffff ffffffff ffffffff ffffffff
11-30 10:31:18.461 I/DEBUG (1488): 00001070 ffffffff ffffffff ffffffff ffffffff
11-30 10:31:18.461 I/DEBUG (1488): 00001080 ffffffff ffffffff ffffffff ffffffff
11-30 10:31:18.461 I/DEBUG (1488): 00001090 ffffffff ffffffff ffffffff ffffffff
11-30 10:31:18.461 I/DEBUG (1488): 000010a0 ffffffff ffffffff ffffffff ffffffff
11-30 10:31:18.461 I/DEBUG (1488): 000010b0 ffffffff ffffffff ffffffff ffffffff
11-30 10:31:18.461 I/DEBUG (1488): 000010c0 ffffffff ffffffff ffffffff ffffffff
11-30 10:31:18.461 I/DEBUG (1488): 000010d0 ffffffff ffffffff ffffffff ffffffff
11-30 10:31:18.461 I/DEBUG (1488):
11-30 10:31:18.461 I/DEBUG (1488): code around lr:
11-30 10:31:18.461 I/DEBUG (1488): 40c16ba8 92159014 96189716 465bb905 b1159313
11-30 10:31:18.461 I/DEBUG (1488): 40c16bb8 69e91d28 98134788 9519ad13 69c6b108
11-30 10:31:18.461 I/DEBUG (1488): 40c16bc8 4da347b0 2165f240 232048a2 4aa2447d
11-30 10:31:18.461 I/DEBUG (1488): 40c16bd8 90004478 4628447a f44f9201 f7fd5280
11-30 10:31:18.461 I/DEBUG (1488): 40c16be8 6820e802 aa144999 479869c3 b1684606
11-30 10:31:18.461 I/DEBUG (1488): 40c16bf8 f44f4b9a 447b5280 68619300 90022301
11-30 10:31:18.461 I/DEBUG (1488): 40c16c08 91014628 216ef240 efecf7fc 4e944630
11-30 10:31:18.461 I/DEBUG (1488): 40c16c18 fa36f7fd f2404a93 23202172 9200447a
11-30 10:31:18.461 I/DEBUG (1488): 40c16c28 5280f44f 9601447e 488f4605 44789502
11-30 10:31:18.461 I/DEBUG (1488): 40c16c38 efd8f7fc 11c9eb04 0c0aeb01 f8dc9b2c
11-30 10:31:18.461 I/DEBUG (1488): 40c16c48 f8532494 6896000a e0996246 25016a70
11-30 10:31:18.461 I/DEBUG (1488): 40c16c58 e218f8df 38f8f8d4 f207fa15 900e44fe
11-30 10:31:18.461 I/DEBUG (1488): 40c16c68 ea024983 48830503 5280f44f 23204479
11-30 10:31:18.461 I/DEBUG (1488): 40c16c78 44789100 212ef240 46709001 e02cf8cd
11-30 10:31:18.461 I/DEBUG (1488): 40c16c88 efb0f7fc c02cf8dd d03f2d00 46612060
11-30 10:31:18.461 I/DEBUG (1488): 40c16c98 f44f465b fb0072f1 20504e07 501cf8de
11-30 10:31:18.461 I/DEBUG (1488):
11-30 10:31:18.461 I/DEBUG (1488): memory map around fault addr 00001000:
11-30 10:31:18.461 I/DEBUG (1488): (no map below)
11-30 10:31:18.461 I/DEBUG (1488): (no map for address)
11-30 10:31:18.461 I/DEBUG (1488): 40000000-40001000 r--
11-30 10:31:18.951 W/AudioFlinger(6549): write blocked for 647 msecs, 1 delayed writes, thread 0x42229008
11-30 10:31:18.951 I/BootReceiver(2157): Copying /data/tombstones/tombstone_00 to DropBox (SYSTEM_TOMBSTONE)
11-30 10:31:18.971 I/ServiceManager(1483): service 'media.audio_policy' died
11-30 10:31:18.971 I/ServiceManager(1483): service 'media.audio_flinger' died
11-30 10:31:18.971 I/ServiceManager(1483): service 'media.player' died
11-30 10:31:18.971 I/ServiceManager(1483): service 'media.camera' died
11-30 10:31:18.971 W/IMediaDeathNotifier(7807): media server died
11-30 10:31:18.971 W/CameraBase(7807): Camera service died!
11-30 10:31:18.971 W/CameraBase(7807): mediaserver's remote binder Camera object died
11-30 10:31:18.971 W/dalvikvm(7807): threadid=13: thread exiting with uncaught exception (group=0x41901c50)
11-30 10:31:18.971 D/ADM (1501): devset:226 STATUS devapi_dtor - close all open devices in current session
11-30 10:31:18.971 E/AndroidRuntime(7807): FATAL EXCEPTION: Camera Handler Thread
11-30 10:31:18.971 E/AndroidRuntime(7807): Process: com.android.camera2, PID: 7807
11-30 10:31:18.971 E/AndroidRuntime(7807): java.lang.RuntimeException: getParameters failed (empty parameters)
11-30 10:31:18.971 E/AndroidRuntime(7807): at android.hardware.Camera.native_getParameters(Native Method)
11-30 10:31:18.971 E/AndroidRuntime(7807): at android.hardware.Camera.getParameters(Camera.java:1707)
11-30 10:31:18.971 E/AndroidRuntime(7807): at com.android.camera.AndroidCameraManagerImpl$CameraHandler.handleMessage(AndroidCameraManagerImpl.java:303)
11-30 10:31:18.971 E/AndroidRuntime(7807): at android.os.Handler.dispatchMessage(Handler.java:102)
11-30 10:31:18.971 E/AndroidRuntime(7807): at android.os.Looper.loop(Looper.java:137)
11-30 10:31:18.971 E/AndroidRuntime(7807): at android.os.HandlerThread.run(HandlerThread.java:61)
11-30 10:31:19.041 W/AudioSystem(2157): AudioFlinger server died!
11-30 10:31:19.041 E/AudioService(2157): Media server died.
11-30 10:31:19.041 W/AudioSystem(2157): AudioPolicyService server died!
11-30 10:31:19.051 W/JavaBinder(2157): Binder has been finalized when calling linkToDeath() with recip=0x1d400005)
11-30 10:31:19.061 W/ActivityManager(2157): Force finishing activity com.android.camera2/com.android.camera.CameraLauncher
11-30 10:31:19.071 W/gralloc (1490): gralloc_alloc: Gralloc is used to alloc software only buffers!
11-30 10:31:19.171 D/ADM (1501): devset:226 STATUS devapi_dtor - close all open devices in current session
11-30 10:31:19.351 I/mediaserver(7892): ServiceManager: 0x41d5b420
11-30 10:31:19.351 I/AudioFlinger(7892): Using default 3000 mSec as standby time.
11-30 10:31:19.351 E/MediaPlayerFactory(7892): calling dlopen on FACTORY_LIB
11-30 10:31:19.351 E/MediaPlayerFactory(7892): Failed to open FACTORY_LIB Error : dlopen failed: library "libdashplayer.so" not found
11-30 10:31:19.351 I/CameraService(7892): CameraService started (pid=7892)
11-30 10:31:19.371 E/libals-utils(7892): verify_interface: can't access '/sys/bus/i2c/devices/2-0040/als_on'
11-30 10:31:19.371 I/libals-as367x(7892): as367x_init: no als enable/disable: check permissions!
11-30 10:31:19.371 I/libals-as367x(7892): as367x_init: device ok, path '/sys/bus/i2c/devices/2-0040/'
11-30 10:31:19.371 I/CameraService(7892): Loaded "Sony Camera HAL" camera module
11-30 10:31:19.371 I/Sony Camera HAL(7892): HAL_getNumberOfCameras: E
11-30 10:31:19.371 I/Sony Camera HAL(7892): HAL_Camera_GetCameraInfo: HAL_gCameraNum=-1
11-30 10:31:19.371 W/caladbolg(7892): 27038 cald_pal.c (2135) 7892 W [PAL] No cache data
11-30 10:31:19.381 I/caladbolg(7892): 35705 cald_pal.c (4531) 7892 I [INF] PAL_Create
11-30 10:31:19.381 I/ENSLoader(7892): Scanning directory /system/lib/ste_omxcomponents/ for STE ENS based components
11-30 10:31:19.401 I/libblt_hw(1490): Library opened (handle = 7, fd = 58)
11-30 10:31:19.552 E/AudioService(2157): Media server started.
11-30 10:31:19.782 E/BellagioCore(7892): ST Static Component Loader : Cannot open OpenMAX registry file /tmp/.omxregister
11-30 10:31:19.782 E/BellagioCore(7892): Component loader 1 constructor fails. Error= 0x80001000
11-30 10:31:19.782 W/ActivityManager(2157): Activity pause timeout for ActivityRecord{41d43630 u0 com.android.camera2/com.android.camera.CameraLauncher t19 f}
11-30 10:31:19.792 W/Launcher(2406): setApplicationContext called twice! old=com.android.launcher3.LauncherApplication@41bc25e8 new=com.android.launcher3.LauncherApplication@41bc25e8
11-30 10:31:19.802 I/OSI-Trace(7892): [DBGT][persist.debug.imgcommon.level] disabled
11-30 10:31:19.802 I/OSI-Trace(7892): [DBGT][persist.debug.damper.level] disabled
11-30 10:31:19.802 I/OSI-Trace(7892): [DBGT][persist.debug.damper.level] disabled
11-30 10:31:19.802 I/OSI-Trace(7892): [DBGT][persist.debug.damper.level] disabled
11-30 10:31:19.802 I/OSI-Trace(7892): [DBGT][persist.debug.damper.level] disabled
11-30 10:31:19.802 I/OSI-Trace(7892): [DBGT][persist.debug.damper.level] disabled
11-30 10:31:19.802 I/OSI-Trace(7892): [DBGT][persist.debug.damper.level] disabled
11-30 10:31:19.802 I/OSI-Trace(7892): [DBGT][persist.debug.damper.level] disabled
11-30 10:31:19.802 I/OSI-Trace(7892): [DBGT][persist.debug.damper.level] disabled
11-30 10:31:19.802 I/OSI-Trace(7892): [DBGT][persist.debug.damper.level] disabled
11-30 10:31:19.802 I/OSI-Trace(7892): [DBGT][persist.debug.damper.level] disabled
11-30 10:31:19.802 I/OSI-Trace(7892): [DBGT][persist.debug.damper.level] disabled
11-30 10:31:19.802 I/OSI-Trace(7892): [DBGT][persist.debug.damper.level] disabled
11-30 10:31:19.802 I/OSI-Trace(7892): [DBGT][persist.debug.damper.level] disabled
11-30 10:31:19.802 I/OSI-Trace(7892): [DBGT][persist.debug.damper.level] disabled
11-30 10:31:19.802 I/OSI-Trace(7892): [DBGT][persist.debug.damper.level] disabled
11-30 10:31:19.802 I/OSI-Trace(7892): [DBGT][persist.debug.damper.level] disabled
11-30 10:31:19.802 I/OSI-Trace(7892): [DBGT][persist.debug.hsmcamera.level] disabled
11-30 10:31:19.802 I/OSI-Trace(7892): [DBGT][persist.debug.ifm.level] disabled
11-30 10:31:19.802 I/ENSWrapper(7892): initOMXWrapperServices
11-30 10:31:19.802 I/ENSWrapper(7892): ASIC_ID=2
11-30 10:31:19.802 I/ENSWrapper(7892): initOMXWrapperServices Done
11-30 10:31:19.802 I/ENSWrapper(7892): initENSWrapperServices
11-30 10:31:19.802 I/OSTTRACE(7892): Executing OSTTraceInit
11-30 10:31:19.802 I/ENSWrapper(7892): initNMFWrapperServices
11-30 10:31:19.802 I/ENSWrapper(7892): initNMFWrapperServices: Enabling CM ULP mode
11-30 10:31:19.802 I/ENSWrapper(7892): initNMFWrapperServices Done
11-30 10:31:19.802 I/ENSWrapper(7892): initENSWrapperServices Done
11-30 10:31:19.812 I/RME (7892): visual activity tracker switched ON
11-30 10:31:19.812 I/OSI-Trace(7892): [DBGT][persist.debug.tuningload.level] disabled
11-30 10:31:19.812 I/OSI-Trace(7892): [DBGT][persist.debug.tuning.level] disabled
11-30 10:31:19.812 I/OSI-Trace(7892): [DBGT][persist.debug.tuning.level] disabled
11-30 10:31:19.812 I/OSI-Trace(7892): [DBGT][persist.debug.tuning.level] disabled
11-30 10:31:19.812 I/OSI-Trace(7892): [DBGT][persist.debug.tuning.level] disabled
11-30 10:31:19.812 I/SemcCFlashDriver(7892): FlashModeContainer - Initialized
11-30 10:31:19.812 D/SemcCFlashDriver(7892): Time taken: 0s, 397us
11-30 10:31:19.812 D/SemcCFlashDriver(7892): SemcCFlashDriver - Chip is initialized
11-30 10:31:19.832 I/OSI-Trace(7892): [DBGT][persist.debug.mmiocamera.level] disabled
11-30 10:31:19.832 D/MMHWBuffer(7892): Create (iBuffers=1, iSize=1310720, iAlignment=256, iCacheAttr=2, aComponent=0x00000000)
11-30 10:31:19.842 D/MMHWBuffer(7892): Create returns bHandle=0x41522c20 bPool=0x41522bc8
11-30 10:31:19.852 D/MMHWBuffer(7892): Create (iBuffers=1, iSize=95640, iAlignment=-1, iCacheAttr=2, aComponent=0x00000000)
11-30 10:31:19.852 D/MMHWBuffer(7892): Create returns bHandle=0x41522ca8 bPool=0x41522c50
11-30 10:31:19.962 D/SemcCFlashDriver(7892): GetSupportedFlashModes Adding supported flashmode 0x40
11-30 10:31:19.962 D/SemcCFlashDriver(7892): GetSupportedFlashModes Adding supported flashmode 0x20
11-30 10:31:19.962 D/SemcCFlashDriver(7892): GetSupportedFlashModes Adding supported flashmode 0x10
11-30 10:31:19.962 D/SemcCFlashDriver(7892): GetSupportedFlashModes Adding supported flashmode 0x08
11-30 10:31:19.962 D/SemcCFlashDriver(7892): GetSupportedFlashModes Adding supported flashmode 0x04
11-30 10:31:19.962 D/SemcCFlashDriver(7892): virtual TFlashReturnCode SemcCFlashDriver::GetFlashModeDetails(TFlashMode, TFlashDetails&, TCameraId) - Called
11-30 10:31:19.962 D/SemcCFlashDriver(7892): virtual TFlashReturnCode SemcCFlashDriver::GetFlashModeDetails(TFlashMode, TFlashDetails&, TCameraId) -Done
11-30 10:31:19.962 E/OSI-Trace(7892): ! ispVectorWrite Bad param. count = -1
11-30 10:31:19.962 E/OSI-Trace(7892): /home/hudsonslave/root/workspace/offbuild_jb-riogrande-6.2-release_matrix/HUDSON_PRODUCT/lotus/HUDSON_VARIANT/user/label/CM/vendor/st-ericsson/multimedia/linux/mmio/lib/MMIO_Camera.cpp:872
11-30 10:31:19.962 E/OSI-Trace(7892): ! ispVectorWrite Bad param. count = -1
11-30 10:31:19.962 E/OSI-Trace(7892): /home/hudsonslave/root/workspace/offbuild_jb-riogrande-6.2-release_matrix/HUDSON_PRODUCT/lotus/HUDSON_VARIANT/user/label/CM/vendor/st-ericsson/multimedia/linux/mmio/lib/MMIO_Camera.cpp:872
11-30 10:31:19.962 E/OSI-Trace(7892): ! ispVectorWrite Bad param. count = -1
11-30 10:31:19.962 E/OSI-Trace(7892): /home/hudsonslave/root/workspace/offbuild_jb-riogrande-6.2-release_matrix/HUDSON_PRODUCT/lotus/HUDSON_VARIANT/user/label/CM/vendor/st-ericsson/multimedia/linux/mmio/lib/MMIO_Camera.cpp:872
11-30 10:31:19.962 E/OSI-Trace(7892): ! ispVectorWrite Bad param. count = -1
11-30 10:31:19.962 E/OSI-Trace(7892): /home/hudsonslave/root/workspace/offbuild_jb-riogrande-6.2-release_matrix/HUDSON_PRODUCT/lotus/HUDSON_VARIANT/user/label/CM/vendor/st-ericsson/multimedia/linux/mmio/lib/MMIO_Camera.cpp:872
11-30 10:31:19.962 E/OSI-Trace(7892): ! ispVectorWrite Bad param. count = -1
11-30 10:31:19.962 E/OSI-Trace(7892): /home/hudsonslave/root/workspace/offbuild_jb-riogrande-6.2-release_matrix/HUDSON_PRODUCT/lotus/HUDSON_VARIANT/user/label/CM/vendor/st-ericsson/multimedia/linux/mmio/lib/MMIO_Camera.cpp:872
11-30 10:31:19.962 E/OSI-Trace(7892): ! ispVectorWrite Bad param. count = -1
11-30 10:31:19.962 E/OSI-Trace(7892): /home/hudsonslave/root/workspace/offbuild_jb-riogrande-6.2-release_matrix/HUDSON_PRODUCT/lotus/HUDSON_VARIANT/user/label/CM/vendor/st-ericsson/multimedia/linux/mmio/lib/MMIO_Camera.cpp:872
11-30 10:31:19.962 E/OSI-Trace(7892): ! ispVectorWrite Bad param. count = -1
11-30 10:31:19.962 E/OSI-Trace(7892): /home/hudsonslave/root/workspace/offbuild_jb-riogrande-6.2-release_matrix/HUDSON_PRODUCT/lotus/HUDSON_VARIANT/user/label/CM/vendor/st-ericsson/multimedia/linux/mmio/lib/MMIO_Camera.cpp:872
11-30 10:31:19.962 E/OSI-Trace(7892): ! ispVectorWrite Bad param. count = -1
11-30 10:31:19.962 E/OSI-Trace(7892): /home/hudsonslave/root/workspace/offbuild_jb-riogrande-6.2-release_matrix/HUDSON_PRODUCT/lotus/HUDSON_VARIANT/user/label/CM/vendor/st-ericsson/multimedia/linux/mmio/lib/MMIO_Camera.cpp:872
11-30 10:31:19.962 E/OSI-Trace(7892): ! ispVectorWrite Bad param. count = -1
11-30 10:31:19.962 E/OSI-Trace(7892): /home/hudsonslave/root/workspace/offbuild_jb-riogrande-6.2-release_matrix/HUDSON_PRODUCT/lotus/HUDSON_VARIANT/user/label/CM/vendor/st-ericsson/multimedia/linux/mmio/lib/MMIO_Camera.cpp:872
11-30 10:31:19.962 E/OSI-Trace(7892): ! ispVectorWrite Bad param. count = -1
11-30 10:31:19.962 E/OSI-Trace(7892): /home/hudsonslave/root/workspace/offbuild_jb-riogrande-6.2-release_matrix/HUDSON_PRODUCT/lotus/HUDSON_VARIANT/user/label/CM/vendor/st-ericsson/multimedia/linux/mmio/lib/MMIO_Camera.cpp:872
11-30 10:31:19.962 E/OSI-Trace(7892): ! ispVectorWrite Bad param. count = -1
11-30 10:31:19.962 E/OSI-Trace(7892): /home/hudsonslave/root/workspace/offbuild_jb-riogrande-6.2-release_matrix/HUDSON_PRODUCT/lotus/HUDSON_VARIANT/user/label/CM/vendor/st-ericsson/multimedia/linux/mmio/lib/MMIO_Camera.cpp:872
11-30 10:31:19.962 E/OSI-Trace(7892): ! ispVectorWrite Bad param. count = -1
11-30 10:31:19.962 E/OSI-Trace(7892): /home/hudsonslave/root/workspace/offbuild_jb-riogrande-6.2-release_matrix/HUDSON_PRODUCT/lotus/HUDSON_VARIANT/user/label/CM/vendor/st-ericsson/multimedia/linux/mmio/lib/MMIO_Camera.cpp:872
11-30 10:31:19.972 D/SemcCFlashDriver(7892): Close - Called
11-30 10:31:19.972 D/SemcCFlashDriver(7892): Close - Done
11-30 10:31:19.972 D/MMHWBuffer(7892): Destroy (bHandle=0x41522ca8)
11-30 10:31:19.972 D/MMHWBuffer(7892): Destroy (bHandle=0x41522c20)
11-30 10:31:19.982 I/RME (7892): visual activity tracker switched OFF
11-30 10:31:19.982 I/ENSWrapper(7892): stopNMFWrapperServices
11-30 10:31:19.982 E/ENSWrapper(7892): stopENSWrapperServices: EE_CloseChannel failed
11-30 10:31:19.982 E/ENSLoader(7892): dbc_assert errorId=0 file=/home/hudsonslave/root/workspace/offbuild_jb-riogrande-6.2-release_matrix/HUDSON_PRODUCT/lotus/HUDSON_VARIANT/user/label/CM/vendor/st-ericsson/multimedia/shared/enswrapper/src/ENS_Wrapper_NMF.cpp line=176
11-30 10:31:19.982 I/ENSWrapper(7892): stopNMFWrapperServices Done
11-30 10:31:19.982 I/ENSWrapper(7892): stopENSWrapperServices
11-30 10:31:19.982 I/ENSWrapper(7892): stopOMXWrapperServices
11-30 10:31:19.982 I/ENSWrapper(7892): stopOMXWrapperServices Done
11-30 10:31:19.982 I/ENSWrapper(7892): stopENSWrapperServices Done
11-30 10:31:20.002 I/OmxILOsalProperty(7892): GetProperty ste.video.dec.out.reorder =>
11-30 10:31:20.002 I/OmxILOsalProperty(7892): GetProperty ste.video.dec.recycle.delay => 1
11-30 10:31:20.002 I/ENSWrapper(7892): initOMXWrapperServices
11-30 10:31:20.002 I/ENSWrapper(7892): ASIC_ID=2
11-30 10:31:20.002 I/ENSWrapper(7892): initOMXWrapperServices Done
11-30 10:31:20.002 I/ENSWrapper(7892): initENSWrapperServices
11-30 10:31:20.002 I/OSTTRACE(7892): Executing OSTTraceInit
11-30 10:31:20.002 I/ENSWrapper(7892): initNMFWrapperServices
11-30 10:31:20.002 I/ENSWrapper(7892): initNMFWrapperServices: Enabling CM ULP mode
11-30 10:31:20.002 I/ENSWrapper(7892): initNMFWrapperServices Done
11-30 10:31:20.002 I/ENSWrapper(7892): initENSWrapperServices Done
11-30 10:31:20.012 I/OmxILOsalProperty(7892): GetProperty ste.video.dec.out.reorder =>
11-30 10:31:20.012 I/OmxILOsalProperty(7892): GetProperty ste.video.dec.recycle.delay => 1
11-30 10:31:20.012 I/OmxILOsalProperty(7892): GetProperty ste.video.dec.out.reorder =>
11-30 10:31:20.012 I/OmxILOsalProperty(7892): GetProperty ste.video.dec.recycle.delay => 1
11-30 10:31:20.032 I/OSI-Trace(7892): [DBGT][persist.debug.imgcommon.level] disabled
11-30 10:31:20.032 I/OSI-Trace(7892): [DBGT][persist.debug.damper.level] disabled
11-30 10:31:20.032 I/OSI-Trace(7892): [DBGT][persist.debug.damper.level] disabled
11-30 10:31:20.032 I/OSI-Trace(7892): [DBGT][persist.debug.damper.level] disabled
11-30 10:31:20.032 I/OSI-Trace(7892): [DBGT][persist.debug.damper.level] disabled
11-30 10:31:20.032 I/OSI-Trace(7892): [DBGT][persist.debug.damper.level] disabled
11-30 10:31:20.032 I/OSI-Trace(7892): [DBGT][persist.debug.damper.level] disabled
11-30 10:31:20.032 I/OSI-Trace(7892): [DBGT][persist.debug.damper.level] disabled
11-30 10:31:20.032 I/OSI-Trace(7892): [DBGT][persist.debug.damper.level] disabled
11-30 10:31:20.032 I/OSI-Trace(7892): [DBGT][persist.debug.damper.level] disabled
11-30 10:31:20.032 I/OSI-Trace(7892): [DBGT][persist.debug.damper.level] disabled
11-30 10:31:20.032 I/OSI-Trace(7892): [DBGT][persist.debug.damper.level] disabled
11-30 10:31:20.032 I/OSI-Trace(7892): [DBGT][persist.debug.damper.level] disabled
11-30 10:31:20.032 I/OSI-Trace(7892): [DBGT][persist.debug.damper.level] disabled
11-30 10:31:20.032 I/OSI-Trace(7892): [DBGT][persist.debug.damper.level] disabled
11-30 10:31:20.032 I/OSI-Trace(7892): [DBGT][persist.debug.damper.level] disabled
11-30 10:31:20.032 I/OSI-Trace(7892): [DBGT][persist.debug.damper.level] disabled
11-30 10:31:20.032 I/OSI-Trace(7892): [DBGT][persist.debug.hsmcamera.level] disabled
11-30 10:31:20.032 I/OSI-Trace(7892): [DBGT][persist.debug.ifm.level] disabled
11-30 10:31:20.042 I/OSI-Trace(7892): [DBGT][persist.debug.extcamera.level] disabled
11-30 10:31:20.042 I/OSI-Trace(7892): [DBGT][persist.debug.extcamera.level] disabled
11-30 10:31:20.042 I/caladbolg(7892): 691589 cald_pal.c (4554) 7892 I [INF] PAL_Delete
11-30 10:31:20.042 I/Sony Camera HAL(7892): HAL_getNumberOfCameras: X
11-30 10:31:20.062 I/libblt_hw(1490): Library opened (handle = 9, fd = 60)
11-30 10:31:20.072 W/AudioFlinger(7892): findSuitableHwDev_l() loading well know audio hw modules
11-30 10:31:20.072 D/ADM (1501): api_cscal:2838 STATUS Remap Mic to farfield_40cm_mono_mic.
11-30 10:31:20.152 I/AudioFlinger(7892): loadHwModule() Loaded primary audio interface from LEGACY Audio HW HAL (audio) handle 1
11-30 10:31:20.152 I/audio_a2dp_hw(7892): adev_open: adev_open in A2dp_hw module
11-30 10:31:20.152 I/AudioFlinger(7892): loadHwModule() Loaded a2dp audio interface from A2DP Audio HW HAL (audio) handle 2
11-30 10:31:20.152 I/AudioFlinger(7892): loadHwModule() Loaded usb audio interface from USB audio HW HAL (audio) handle 3
11-30 10:31:20.152 I/AudioFlinger(7892): HAL output buffer size 1536 frames, normal mix buffer size 1536 frames
11-30 10:31:20.162 I/AudioMixer(7892): found effect "Multichannel Downmix To Stereo" from The Android Open Source Project
11-30 10:31:20.172 I/AudioFlinger(7892): Using module 0 has the primary audio interface
11-30 10:31:20.172 D/AudioHardwareInterface(7892): setMode(NORMAL)
11-30 10:31:20.172 I/AudioFlinger(7892): AudioFlinger's thread 0x4180f008 ready to run
11-30 10:31:20.172 I/ActivityManager(2157): Displayed com.android.launcher3/.Launcher: +387ms
11-30 10:31:20.172 I/AudioPolicyService(7892): Loaded audio policy from LEGACY Audio Policy HAL (audio_policy)
11-30 10:31:20.182 D/AudioHardwareInterface(7892): setMode(NORMAL)
11-30 10:31:20.182 W/ANM (7892): [WARN] anm_ap:3059 setPhoneState(): Trying to set same state as current state MODE_NORMAL
11-30 10:31:20.182 W/ANM (7892): [WARN] anm_ap:4370 setStreamVolumeIndex(): setting volume index is only supported for all devices (device = AUDIO_DEVICE_OUT_DEFAULT), will set volume index for all devices
11-30 10:31:20.182 W/ANM (7892): [WARN] anm_ap:4370 setStreamVolumeIndex(): setting volume index is only supported for all devices (device = AUDIO_DEVICE_OUT_DEFAULT), will set volume index for all devices
11-30 10:31:20.182 W/ANM (7892): [WARN] anm_ap:4370 setStreamVolumeIndex(): setting volume index is only supported for all devices (device = AUDIO_DEVICE_OUT_DEFAULT), will set volume index for all devices
11-30 10:31:20.182 W/ANM (7892): [WARN] anm_ap:4370 setStreamVolumeIndex(): setting volume index is only supported for all devices (device = AUDIO_DEVICE_OUT_DEFAULT), will set volume index for all devices
11-30 10:31:20.182 W/ANM (7892): [WARN] anm_ap:4370 setStreamVolumeIndex(): setting volume index is only supported for all devices (device = AUDIO_DEVICE_OUT_DEFAULT), will set volume index for all devices
11-30 10:31:20.182 W/ANM (7892): [WARN] anm_ap:4370 setStreamVolumeIndex(): setting volume index is only supported for all devices (device = AUDIO_DEVICE_OUT_DEFAULT), will set volume index for all devices
11-30 10:31:20.192 W/ANM (7892): [WARN] anm_ap:4370 setStreamVolumeIndex(): setting volume index is only supported for all devices (device = AUDIO_DEVICE_OUT_DEFAULT), will set volume index for all devices
11-30 10:31:20.192 W/ANM (7892): [WARN] anm_ap:4370 setStreamVolumeIndex(): setting volume index is only supported for all devices (device = AUDIO_DEVICE_OUT_DEFAULT), will set volume index for all devices
11-30 10:31:20.202 W/ANM (7892): [WARN] anm_ap:4370 setStreamVolumeIndex(): setting volume index is only supported for all devices (device = AUDIO_DEVICE_OUT_DEFAULT), will set volume index for all devices
11-30 10:31:20.202 W/ANM (7892): [WARN] anm_ap:4370 setStreamVolumeIndex(): setting volume index is only supported for all devices (device = AUDIO_DEVICE_OUT_DEFAULT), will set volume index for all devices
11-30 10:31:20.202 W/ANM (7892): [WARN] anm_ap:4370 setStreamVolumeIndex(): setting volume index is only supported for all devices (device = AUDIO_DEVICE_OUT_DEFAULT), will set volume index for all devices
11-30 10:31:20.202 W/ANM (7892): [WARN] anm_ap:4370 setStreamVolumeIndex(): setting volume index is only supported for all devices (device = AUDIO_DEVICE_OUT_DEFAULT), will set volume index for all devices
11-30 10:31:20.202 W/ANM (7892): [WARN] anm_ap:4370 setStreamVolumeIndex(): setting volume index is only supported for all devices (device = AUDIO_DEVICE_OUT_DEFAULT), will set volume index for all devices
11-30 10:31:20.212 W/ANM (7892): [WARN] anm_ap:4370 setStreamVolumeIndex(): setting volume index is only supported for all devices (device = AUDIO_DEVICE_OUT_DEFAULT), will set volume index for all devices
11-30 10:31:20.212 W/ANM (7892): [WARN] anm_ap:4370 setStreamVolumeIndex(): setting volume index is only supported for all devices (device = AUDIO_DEVICE_OUT_DEFAULT), will set volume index for all devices
11-30 10:31:20.212 W/ANM (7892): [WARN] anm_ap:4370 setStreamVolumeIndex(): setting volume index is only supported for all devices (device = AUDIO_DEVICE_OUT_DEFAULT), will set volume index for all devices
11-30 10:31:20.392 I/ActivityManager(2157): Killing 7600:android.process.media/u0a6 (adj 11): empty #2
11-30 10:31:20.473 V/RenderScript(2406): 0x53c78810 Launching thread(s), CPUs 2
11-30 10:31:21.313 I/Process (7807): Sending signal. PID: 7807 SIG: 9
11-30 10:31:21.343 E/idd-api (2157): idd_add_event: send failed, socket 199, errcode -2 (No such file or directory)
11-30 10:31:21.343 W/InputDispatcher(2157): channel '41cf7cf8 com.android.camera2/com.android.camera.CameraLauncher (server)' ~ Consumer closed input channel or an error occurred. events=0x9
11-30 10:31:21.343 E/InputDispatcher(2157): channel '41cf7cf8 com.android.camera2/com.android.camera.CameraLauncher (server)' ~ Channel is unrecoverably broken and will be disposed!
11-30 10:31:21.343 W/InputDispatcher(2157): Attempted to unregister already unregistered input channel '41cf7cf8 com.android.camera2/com.android.camera.CameraLauncher (server)'
11-30 10:31:21.343 I/ActivityManager(2157): Process com.android.camera2 (pid 7807) has died.
11-30 10:31:21.343 I/WindowState(2157): WIN DEATH: Window{41cf7cf8 u0 com.android.camera2/com.android.camera.CameraLauncher}
11-30 10:31:21.373 I/libblt_hw(1490): Library closed (handle = 8, fd = 31)
11-30 10:31:21.494 I/libblt_hw(1490): Library closed (handle = 7, fd = 58)
11-30 10:31:22.074 I/ActivityManager(2157): Low on memory:
11-30 10:31:22.074 I/ActivityManager(2157): ntv N 8776 kB: surfaceflinger (1490) native
11-30 10:31:22.074 I/ActivityManager(2157): ntv N 8519 kB: zygote (1491) native
11-30 10:31:22.074 I/ActivityManager(2157): ntv N 6318 kB: mediaserver (7892) native
11-30 10:31:22.074 I/ActivityManager(2157): ntv N 4903 kB: admsrv (1501) native
11-30 10:31:22.074 I/ActivityManager(2157): ntv N 2196 kB: drmserver (1492) native
11-30 10:31:22.074 I/ActivityManager(2157): ntv N 1882 kB: at_core (1647) native
11-30 10:31:22.074 I/ActivityManager(2157): ntv N 885 kB: sdcard (2428) native
11-30 10:31:22.074 I/ActivityManager(2157): ntv N 842 kB: lbsd (2590) native
11-30 10:31:22.074 I/ActivityManager(2157): ntv N 789 kB: cn_server (1478) native
11-30 10:31:22.074 I/ActivityManager(2157): ntv N 561 kB: sdcard (2305) native
11-30 10:31:22.074 I/ActivityManager(2157): ntv N 540 kB: simd (1479) native
11-30 10:31:22.074 I/ActivityManager(2157): ntv N 488 kB: netd (1487) native
11-30 10:31:22.074 I/ActivityManager(2157): ntv N 463 kB: sms_server (1646) native
11-30 10:31:22.074 I/ActivityManager(2157): ntv N 458 kB: logcat (7515) native
11-30 10:31:22.074 I/ActivityManager(2157): ntv N 421 kB: psccd (1643) native
11-30 10:31:22.074 I/ActivityManager(2157): ntv N 411 kB: rild (1489) native
11-30 10:31:22.074 I/ActivityManager(2157): ntv N 391 kB: keystore (1499) native
11-30 10:31:22.074 I/ActivityManager(2157): ntv N 375 kB: vold (1484) native
11-30 10:31:22.074 I/ActivityManager(2157): ntv N 331 kB: /init (1) native
11-30 10:31:22.074 I/ActivityManager(2157): ntv N 309 kB: copsdaemon (1477) native
11-30 10:31:22.074 I/ActivityManager(2157): ntv N 255 kB: modemcatcher (1507) native
11-30 10:31:22.074 I/ActivityManager(2157): ntv N 228 kB: simpbd (1645) native
11-30 10:31:22.074 I/ActivityManager(2157): ntv N 228 kB: sh (7511) native
11-30 10:31:22.074 I/ActivityManager(2157): ntv N 223 kB: debuggerd (1488) native
11-30 10:31:22.074 I/ActivityManager(2157): ntv N 216 kB: stercd (1673) native
11-30 10:31:22.074 I/ActivityManager(2157): ntv N 195 kB: installd (1498) native
11-30 10:31:22.074 I/ActivityManager(2157): ntv N 192 kB: adbd (1651) native
11-30 10:31:22.074 I/ActivityManager(2157): ntv N 191 kB: ste_mad (2198) native
11-30 10:31:22.074 I/ActivityManager(2157): ntv N 189 kB: msa (1497) native
11-30 10:31:22.074 I/ActivityManager(2157): ntv N 182 kB: modem-supervisor (1476) native
11-30 10:31:22.074 I/ActivityManager(2157): ntv N 181 kB: dbus-daemon (1494) native
11-30 10:31:22.074 I/ActivityManager(2157): ntv N 172 kB: ueventd (978) native
11-30 10:31:22.074 I/ActivityManager(2157): ntv N 144 kB: healthd (1482) native
11-30 10:31:22.074 I/ActivityManager(2157): ntv N 133 kB: su (7508) native
11-30 10:31:22.074 I/ActivityManager(2157): ntv N 132 kB: auditd (1485) native
11-30 10:31:22.074 I/ActivityManager(2157): ntv N 120 kB: servicemanager (1483) native
11-30 10:31:22.074 I/ActivityManager(2157): ntv N 116 kB: tad (1464) native
11-30 10:31:22.074 I/ActivityManager(2157): ntv N 105 kB: logwrapper (1475) native
11-30 10:31:22.074 I/ActivityManager(2157): ntv N 105 kB: watchdog-kicker (1481) native
11-30 10:31:22.074 I/ActivityManager(2157): ntv N 105 kB: ste-cg29xx_ctrl (1502) native
11-30 10:31:22.074 I/ActivityManager(2157): ntv N 89 kB: su (7510) native
11-30 10:31:22.074 I/ActivityManager(2157): ntv N 43 kB: su (1649) native
11-30 10:31:22.074 I/ActivityManager(2157): sys P 31616 kB: system (2157) fixed
11-30 10:31:22.074 I/ActivityManager(2157): pers P 13929 kB: com.android.systemui (2247) fixed
11-30 10:31:22.074 I/ActivityManager(2157): pers P 8881 kB: com.android.phone (2379) fixed
11-30 10:31:22.074 I/ActivityManager(2157): pers P 3968 kB: com.tmobile.thememanager (2391) fixed
11-30 10:31:22.074 I/ActivityManager(2157): pers P 3689 kB: com.bel.android.dspmanager (2385) fixed
11-30 10:31:22.074 I/ActivityManager(2157): fore T 19659 kB: com.android.launcher3 (2406) top-activity
11-30 10:31:22.074 I/ActivityManager(2157): vis IB 11461 kB: com.google.process.location (2360) service
11-30 10:31:22.074 I/ActivityManager(2157): com.google.android.gms/com.google.android.location.network.NetworkLocationService<=Proc{2157:system/1000}
11-30 10:31:22.074 I/ActivityManager(2157): vis IF 2825 kB: com.android.smspush (2512) service
11-30 10:31:22.074 I/ActivityManager(2157): com.android.smspush/.WapPushManager<=Proc{2379:com.android.phone/1001}
11-30 10:31:22.074 I/ActivityManager(2157): prcp IF 10276 kB: com.sonyericsson.textinput.uxp (2344) service
11-30 10:31:22.074 I/ActivityManager(2157): com.sonyericsson.textinput.uxp/.glue.InputMethodServiceGlue<=Proc{2157:system/1000}
11-30 10:31:22.074 I/ActivityManager(2157): svc S 13277 kB: com.google.process.gapps (2471) started-services
11-30 10:31:22.074 I/ActivityManager(2157): svc S 7315 kB: android.process.acore (4290) provider
11-30 10:31:22.074 I/ActivityManager(2157): com.android.providers.contacts/.ContactsProvider2<=Proc{2471:com.google.process.gapps/u0a17}
11-30 10:31:22.074 I/ActivityManager(2157): svcb S 9780 kB: com.android.vending (3184) started-services
11-30 10:31:22.074 I/ActivityManager(2157): 180078 kB: TOTAL
11-30 10:31:22.074 I/ActivityManager(2157): MemInfo: 20860 kB slab, 316 kB shmem, 3836 kB buffers, 171508 kB cached, 20788 kB free
11-30 10:31:27.850 V/PanelView(2247): animationTick called with dtms=0; nothing to do (h=5.3936434 v=875.5287)
11-30 10:31:27.850 V/PanelView(2247): animationTick called with dtms=-15; nothing to do (h=5.3936434 v=875.5287)
11-30 10:31:29.912 D/BluetoothManagerService(2157): checkIfCallerIsForegroundUser: valid=true callingUser=0 foregroundUser=0
11-30 10:31:29.912 D/BluetoothManagerService(2157): enable(): mBluetooth =null mBinding = false
11-30 10:31:29.912 D/BluetoothManagerService(2157): Message: 1
11-30 10:31:29.912 D/BluetoothManagerService(2157): MESSAGE_ENABLE: mBluetooth = null
11-30 10:31:29.942 V/PanelView(2247): animationTick called with dtms=0; nothing to do (h=854.0 v=-3000.0)
11-30 10:31:29.952 I/ActivityManager(2157): Start proc com.android.bluetooth for service com.android.bluetooth/.btservice.AdapterService: pid=7946 uid=1002 gids={41002, 3003, 3002, 3001, 1028, 1015, 3005, 1016, 3008, 1023}
11-30 10:31:30.112 D/AdapterServiceConfig(7946): Adding HeadsetService
11-30 10:31:30.112 D/AdapterServiceConfig(7946): Adding A2dpService
11-30 10:31:30.112 D/AdapterServiceConfig(7946): Adding HidService
11-30 10:31:30.112 D/AdapterServiceConfig(7946): Adding HealthService
11-30 10:31:30.112 D/AdapterServiceConfig(7946): Adding PanService
11-30 10:31:30.112 D/AdapterServiceConfig(7946): Adding GattService
11-30 10:31:30.112 D/AdapterServiceConfig(7946): Adding BluetoothMapService
11-30 10:31:30.122 D/BluetoothAdapterService(7946): REFCOUNT: CREATED. INSTANCE_COUNT1
11-30 10:31:30.122 D/BluetoothAdapterService(1102900528)( 7946): onCreate
11-30 10:31:30.132 D/BluetoothManagerService(2157): Message: 20
11-30 10:31:30.132 D/BluetoothManagerService(2157): Added callback: android.bluetooth.IBluetoothManagerCallback$Stub$Proxy@4208d6b8:true
11-30 10:31:30.132 D/BluetoothAdapterState(7946): make
11-30 10:31:30.142 I/BluetoothAdapterState(7946): Entering OffState
11-30 10:31:30.142 I/bluedroid(7946): init
11-30 10:31:30.142 I/bte_conf(7946): Attempt to load stack conf from /etc/bluetooth/bt_stack.conf
11-30 10:31:30.142 I/bluedroid(7946): get_profile_interface socket
11-30 10:31:30.142 I/bluedroid(7946): get_profile_interface map_client
11-30 10:31:30.142 D/BluetoothAdapterService(1102900528)( 7946): onBind
11-30 10:31:30.152 D/BluetoothManagerService(2157): BluetoothServiceConnection: com.android.bluetooth.btservice.AdapterService
11-30 10:31:30.152 D/BluetoothManagerService(2157): Message: 40
11-30 10:31:30.152 D/BluetoothManagerService(2157): MESSAGE_BLUETOOTH_SERVICE_CONNECTED: 1
11-30 10:31:30.152 I/GKI_LINUX(7946): gki_task_entry: gki_task_entry task_id=1 [BTIF] starting
11-30 10:31:30.152 I/BluetoothAdapterProperties(7946): adapterPropertyChangedCallback with type:2 len:6
11-30 10:31:30.152 I/bluedroid(7946): config_hci_snoop_log
11-30 10:31:30.152 D/BluetoothManagerService(2157): Calling onBluetoothServiceUp callbacks
11-30 10:31:30.152 D/BluetoothManagerService(2157): Broadcasting onBluetoothServiceUp() to 4 receivers.
11-30 10:31:30.152 D/BluetoothAdapterProperties(7946): Address is:22:22:45:DC:A3:4A
11-30 10:31:30.162 I/BluetoothAdapterProperties(7946): adapterPropertyChangedCallback with type:1 len:5
11-30 10:31:30.162 D/BluetoothAdapterService(1102900528)( 7946): Enable called with quiet mode status = false
11-30 10:31:30.162 D/BluetoothAdapterState(7946): CURRENT_STATE=OFF, MESSAGE = USER_TURN_ON
11-30 10:31:30.172 D/BluetoothAdapterProperties(7946): Name is: MT27i
11-30 10:31:30.172 D/BluetoothManagerService(2157): Bluetooth Adapter name changed to MT27i
11-30 10:31:30.172 D/BluetoothManagerService(2157): Stored Bluetooth name: MT27i
11-30 10:31:30.172 D/BluetoothAdapterProperties(7946): Setting state to 11
11-30 10:31:30.172 I/BluetoothAdapterState(7946): Bluetooth adapter state changed: 10-> 11
11-30 10:31:30.172 D/BluetoothAdapterService(7946): Broadcasting updateAdapterState() to 1 receivers.
11-30 10:31:30.172 D/BluetoothManagerService(2157): Message: 60
11-30 10:31:30.172 D/BluetoothManagerService(2157): MESSAGE_BLUETOOTH_STATE_CHANGE: prevState = 10, newState=11
11-30 10:31:30.172 D/BluetoothManagerService(2157): Bluetooth State Change Intent: 10 -> 11
11-30 10:31:30.172 D/BluetoothAdapterService(1102900528)( 7946): processStart()
11-30 10:31:30.172 D/BluetoothAdapterService(1102900528)( 7946): processStart(): Make Bond State Machine
11-30 10:31:30.172 D/BluetoothBondStateMachine(7946): make
11-30 10:31:30.182 D/BluetoothAdapterService(7946): setAdapterService(): set to: null
11-30 10:31:30.182 W/BluetoothAdapterService(7946): Starting service com.android.bluetooth.hfp.HeadsetService
11-30 10:31:30.192 I/BluetoothBondStateMachine(7946): StableState(): Entering Off State
11-30 10:31:30.192 I/ActivityManager(2157): Start proc com.android.settings for broadcast com.android.settings/.bluetooth.DockEventReceiver: pid=7971 uid=1000 gids={41000, 1028, 1015, 3002, 3001, 3003}
11-30 10:31:30.202 W/BluetoothAdapterService(7946): Starting service com.android.bluetooth.a2dp.A2dpService
11-30 10:31:30.202 D/BluetoothAdapterService(1102900528)( 7946): getState(): mAdapterProperties: com.android.bluetooth.btservice.AdapterProperties@41bd0e40
11-30 10:31:30.212 D/HeadsetService(7946): Received start request. Starting profile...
11-30 10:31:30.212 I/BluetoothHeadsetServiceJni(7946): classInitNative: succeeds
11-30 10:31:30.212 W/BluetoothAdapterService(7946): Starting service com.android.bluetooth.hid.HidService
11-30 10:31:30.212 W/BluetoothAdapterService(7946): Starting service com.android.bluetooth.hdp.HealthService
11-30 10:31:30.222 D/HeadsetStateMachine(7946): Version 1.5
11-30 10:31:30.222 W/BluetoothAdapterService(7946): Starting service com.android.bluetooth.pan.PanService
11-30 10:31:30.222 D/HeadsetStateMachine(7946): make
11-30 10:31:30.222 W/BluetoothAdapterService(7946): Starting service com.android.bluetooth.gatt.GattService
11-30 10:31:30.232 W/BluetoothAdapterService(7946): Starting service com.android.bluetooth.map.BluetoothMapService
11-30 10:31:30.232 I/BluetoothAdapterState(7946): Entering PendingCommandState State: isTurningOn()=true, isTurningOff()=false
11-30 10:31:30.322 W/InputMethodManagerService(2157): Window already focused, ignoring focus gain of: com.android.internal.view.IInputMethodClient$Stub$Proxy@41f7ee10 attribute=null, token = android.os.BinderProxy@41df4408
11-30 10:31:30.342 I/bluedroid(7946): get_profile_interface handsfree
11-30 10:31:30.352 D/BluetoothAdapterService(7946): getAdapterService(): returning com.android.bluetooth.btservice.AdapterService@41bced30
11-30 10:31:30.352 D/A2dpService(7946): Received start request. Starting profile...
11-30 10:31:30.352 I/BluetoothA2dpServiceJni(7946): classInitNative: succeeds
11-30 10:31:30.352 D/A2dpStateMachine(7946): make
11-30 10:31:30.362 I/bluedroid(7946): get_profile_interface a2dp
11-30 10:31:30.362 I/GKI_LINUX(7946): gki_task_entry: gki_task_entry task_id=2 [A2DP-MEDIA] starting
11-30 10:31:30.362 I/BluetoothAvrcpServiceJni(7946): classInitNative: succeeds
11-30 10:31:30.362 D/A2dpStateMachine(7946): Enter Disconnected: -2
11-30 10:31:30.362 V/Avrcp (7946): make
11-30 10:31:30.362 V/Avrcp (7946): Avrcp
11-30 10:31:30.362 I/bluedroid(7946): get_profile_interface avrcp
11-30 10:31:30.362 E/bt-btif (7946): warning : no command pending, ignore ack
11-30 10:31:30.372 V/Avrcp (7946): start
11-30 10:31:30.372 V/Avrcp (7946): ++registerMediaPlayers++
11-30 10:31:30.372 V/Avrcp (7946): MediaPlayerInfo: mPlayerId=1
