11-30 10:30:17.261 I/OmxILOsalProperty(6549): GetProperty ste.video.dec.mpeg4.in.size => 8192
11-30 10:30:17.261 E/OmxILOsalProductId(6549): get_productid returned error code = 2
11-30 10:30:17.261 I/OmxILOsalProperty(6549): GetProperty ste.video.dec.mpeg4.in.size => 8192
11-30 10:30:17.261 I/OmxILOsalProperty(6549): GetProperty ste.video.dec.mpeg4.in.size => 8192
11-30 10:30:17.261 I/OmxILOsalProperty(6549): GetProperty ste.video.dec.mpeg4.in.size => 8192
11-30 10:30:17.261 I/OmxILOsalProperty(6549): GetProperty ste.video.dec.mpeg4.in.size => 8192
11-30 10:30:17.261 E/OmxILOsalProductId(6549): get_productid returned error code = 2
11-30 10:30:17.261 I/OmxILOsalProperty(6549): GetProperty ste.video.dec.mpeg4.in.size => 8192
11-30 10:30:17.261 I/OmxILOsalProperty(6549): GetProperty ste.video.dec.mpeg4.in.size => 8192
11-30 10:30:17.261 I/OmxILOsalProperty(6549): GetProperty ste.video.dec.mpeg4.in.size => 8192
11-30 10:30:17.261 I/OmxILOsalProperty(6549): GetProperty ste.video.dec.mpeg4.in.size => 8192
11-30 10:30:17.261 I/OMXCodec(6549): [OMX.ST.VFM.MPEG4Dec] video dimensions are 640 x 480
11-30 10:30:17.261 I/OMXCodec(6549): [OMX.ST.VFM.MPEG4Dec] Crop rect is 640 x 480 @ (0, 0)
11-30 10:30:17.261 D/MMHWBuffer(6549): Open (aComponent=0x430e0008, aIndex=0x7fff0000)
11-30 10:30:17.261 D/MMHWBuffer(6549): Open allocateNativeBuffersHandle - aComponent=0x430e0008 aIndex=0x7fff0000 => bHandle=0x430e0bf0 bList=0x430e0be0
11-30 10:30:17.261 D/MMHWBuffer(6549): Create (iBuffers=2, iSize=65833, iAlignment=256, iCacheAttr=1, aComponent=0x430e0008)
11-30 10:30:17.261 I/MMHwBufferPool(6549): Role of hComponent=0x430e0008 : video_decoder.mpeg4
11-30 10:30:17.261 D/MMHwBufferPool(6549): mTotalVideoDecoder = 0x00020400
11-30 10:30:17.261 D/MMHWBuffer(6549): Create returns bHandle=0x400dca88 bPool=0x430e0a88
11-30 10:30:17.261 E/OmxILOsalProductId(6549): get_productid returned error code = 2
11-30 10:30:17.261 I/OmxILOsalProperty(6549): GetProperty ste.video.dec.mpeg4.in.size => 8192
11-30 10:30:17.261 I/OmxILOsalProperty(6549): GetProperty ste.video.dec.mpeg4.in.size => 8192
11-30 10:30:17.261 I/OmxILOsalProperty(6549): GetProperty ste.video.dec.mpeg4.in.size => 8192
11-30 10:30:17.261 I/OmxILOsalProperty(6549): GetProperty ste.video.dec.mpeg4.in.size => 8192
11-30 10:30:17.261 E/ENSWrapper(6549): return OMX_ErrorNotImplemented - GetExtensionIndex OMX.ST.VFM.MPEG4Dec h=0x430e0008 cParameterName=OMX.google.android.index.useAndroidNativeBuffer2 IndexType=unknown OMX_INDEXTYPE [ 0x00000000 ]
11-30 10:30:17.261 D/MMHWBuffer(6549): Open (aComponent=0x430e0008, aIndex=0x7fff0002)
11-30 10:30:17.271 E/ENSWrapper(6549): return OMX_ErrorNotImplemented - GetExtensionIndex OMX.ST.VFM.MPEG4Dec h=0x430e0008 cParameterName=OMX.google.android.index.useAndroidNativeBuffer2 IndexType=unknown OMX_INDEXTYPE [ 0x00000010 ]
11-30 10:30:17.271 D/MMHWBuffer(6549): Open (aComponent=0x430e0008, aIndex=0x7fff0002)
11-30 10:30:17.281 E/ENSWrapper(6549): return OMX_ErrorNotImplemented - GetExtensionIndex OMX.ST.VFM.MPEG4Dec h=0x430e0008 cParameterName=OMX.google.android.index.useAndroidNativeBuffer2 IndexType=unknown OMX_INDEXTYPE [ 0x00000010 ]
11-30 10:30:17.281 D/MMHWBuffer(6549): Open (aComponent=0x430e0008, aIndex=0x7fff0002)
11-30 10:30:17.291 E/ENSWrapper(6549): return OMX_ErrorNotImplemented - GetExtensionIndex OMX.ST.VFM.MPEG4Dec h=0x430e0008 cParameterName=OMX.google.android.index.useAndroidNativeBuffer2 IndexType=unknown OMX_INDEXTYPE [ 0x00000010 ]
11-30 10:30:17.291 D/MMHWBuffer(6549): Open (aComponent=0x430e0008, aIndex=0x7fff0002)
11-30 10:30:17.291 E/ENSWrapper(6549): return OMX_ErrorNotImplemented - GetExtensionIndex OMX.ST.VFM.MPEG4Dec h=0x430e0008 cParameterName=OMX.google.android.index.useAndroidNativeBuffer2 IndexType=unknown OMX_INDEXTYPE [ 0x430f7328 ]
11-30 10:30:17.291 D/MMHWBuffer(6549): Open (aComponent=0x430e0008, aIndex=0x7fff0002)
11-30 10:30:17.301 E/ENSWrapper(6549): return OMX_ErrorNotImplemented - GetExtensionIndex OMX.ST.VFM.MPEG4Dec h=0x430e0008 cParameterName=OMX.google.android.index.useAndroidNativeBuffer2 IndexType=unknown OMX_INDEXTYPE [ 0x00000010 ]
11-30 10:30:17.301 D/MMHWBuffer(6549): Open (aComponent=0x430e0008, aIndex=0x7fff0002)
11-30 10:30:17.301 E/ENSWrapper(6549): return OMX_ErrorNotImplemented - GetExtensionIndex OMX.ST.VFM.MPEG4Dec h=0x430e0008 cParameterName=OMX.google.android.index.useAndroidNativeBuffer2 IndexType=unknown OMX_INDEXTYPE [ 0x00000010 ]
11-30 10:30:17.301 D/MMHWBuffer(6549): Open (aComponent=0x430e0008, aIndex=0x7fff0002)
11-30 10:30:17.301 E/ENSWrapper(6549): return OMX_ErrorNotImplemented - GetExtensionIndex OMX.ST.VFM.MPEG4Dec h=0x430e0008 cParameterName=OMX.google.android.index.useAndroidNativeBuffer2 IndexType=unknown OMX_INDEXTYPE [ 0x00000010 ]
11-30 10:30:17.301 D/MMHWBuffer(6549): Open (aComponent=0x430e0008, aIndex=0x7fff0002)
11-30 10:30:17.301 I/RME (6549): visual activity tracker switched ON
11-30 10:30:17.331 D/MMHWBuffer(6549): Create (iBuffers=1, iSize=460800, iAlignment=256, iCacheAttr=2, aComponent=0x430e0008)
11-30 10:30:17.331 I/MMHwBufferPool(6549): Role of hComponent=0x430e0008 : video_decoder.mpeg4
11-30 10:30:17.331 D/MMHwBufferPool(6549): mTotalVideoDecoder = 0x00090c00
11-30 10:30:17.331 D/MMHWBuffer(6549): Create returns bHandle=0x42748500 bPool=0x433fdf88
11-30 10:30:17.331 D/MMHWBuffer(6549): Create (iBuffers=1, iSize=9600, iAlignment=256, iCacheAttr=2, aComponent=0x430e0008)
11-30 10:30:17.331 I/MMHwBufferPool(6549): Role of hComponent=0x430e0008 : video_decoder.mpeg4
11-30 10:30:17.331 D/MMHwBufferPool(6549): mTotalVideoDecoder = 0x00093200
11-30 10:30:17.331 D/MMHWBuffer(6549): Create returns bHandle=0x427485e0 bPool=0x42748588
11-30 10:30:17.331 D/MMHWBuffer(6549): Create (iBuffers=1, iSize=9600, iAlignment=256, iCacheAttr=2, aComponent=0x430e0008)
11-30 10:30:17.331 I/MMHwBufferPool(6549): Role of hComponent=0x430e0008 : video_decoder.mpeg4
11-30 10:30:17.331 D/MMHwBufferPool(6549): mTotalVideoDecoder = 0x00095800
11-30 10:30:17.331 D/MMHWBuffer(6549): Create returns bHandle=0x427486c0 bPool=0x42748668
11-30 10:30:17.331 D/MMHWBuffer(6549): Create (iBuffers=1, iSize=9600, iAlignment=256, iCacheAttr=2, aComponent=0x430e0008)
11-30 10:30:17.331 I/MMHwBufferPool(6549): Role of hComponent=0x430e0008 : video_decoder.mpeg4
11-30 10:30:17.331 D/MMHwBufferPool(6549): mTotalVideoDecoder = 0x00097e00
11-30 10:30:17.331 D/MMHWBuffer(6549): Create returns bHandle=0x427487a0 bPool=0x42748748
11-30 10:30:17.331 D/MMHWBuffer(6549): Create (iBuffers=1, iSize=9600, iAlignment=256, iCacheAttr=2, aComponent=0x430e0008)
11-30 10:30:17.331 I/MMHwBufferPool(6549): Role of hComponent=0x430e0008 : video_decoder.mpeg4
11-30 10:30:17.331 D/MMHwBufferPool(6549): mTotalVideoDecoder = 0x0009a400
11-30 10:30:17.331 D/MMHWBuffer(6549): Create returns bHandle=0x42748880 bPool=0x42748828
11-30 10:30:17.331 D/MMHWBuffer(6549): Create (iBuffers=1, iSize=460800, iAlignment=256, iCacheAttr=2, aComponent=0x430e0008)
11-30 10:30:17.331 I/MMHwBufferPool(6549): Role of hComponent=0x430e0008 : video_decoder.mpeg4
11-30 10:30:17.331 D/MMHwBufferPool(6549): mTotalVideoDecoder = 0x0010ac00
11-30 10:30:17.331 D/MMHWBuffer(6549): Create returns bHandle=0x42748960 bPool=0x42748908
11-30 10:30:17.331 D/MMHWBuffer(6549): Create (iBuffers=1, iSize=460800, iAlignment=256, iCacheAttr=2, aComponent=0x430e0008)
11-30 10:30:17.331 I/MMHwBufferPool(6549): Role of hComponent=0x430e0008 : video_decoder.mpeg4
11-30 10:30:17.341 D/MMHwBufferPool(6549): mTotalVideoDecoder = 0x0017b400
11-30 10:30:17.341 D/MMHWBuffer(6549): Create returns bHandle=0x42748a40 bPool=0x427489e8
11-30 10:30:17.341 D/MMHWBuffer(6549): Create (iBuffers=1, iSize=460800, iAlignment=256, iCacheAttr=2, aComponent=0x430e0008)
11-30 10:30:17.341 I/MMHwBufferPool(6549): Role of hComponent=0x430e0008 : video_decoder.mpeg4
11-30 10:30:17.341 D/MMHwBufferPool(6549): mTotalVideoDecoder = 0x001ebc00
11-30 10:30:17.341 D/MMHWBuffer(6549): Create returns bHandle=0x42748b20 bPool=0x42748ac8
11-30 10:30:17.341 D/MMHWBuffer(6549): Create (iBuffers=1, iSize=460800, iAlignment=256, iCacheAttr=2, aComponent=0x430e0008)
11-30 10:30:17.341 I/MMHwBufferPool(6549): Role of hComponent=0x430e0008 : video_decoder.mpeg4
11-30 10:30:17.341 D/MMHwBufferPool(6549): mTotalVideoDecoder = 0x0025c400
11-30 10:30:17.341 D/MMHWBuffer(6549): Create returns bHandle=0x42748c08 bPool=0x42748bb0
11-30 10:30:17.351 D/MMHWBuffer(6549): Create (iBuffers=1, iSize=460800, iAlignment=256, iCacheAttr=2, aComponent=0x430e0008)
11-30 10:30:17.351 I/MMHwBufferPool(6549): Role of hComponent=0x430e0008 : video_decoder.mpeg4
11-30 10:30:17.351 D/MMHwBufferPool(6549): mTotalVideoDecoder = 0x002ccc00
11-30 10:30:17.351 D/MMHWBuffer(6549): Create returns bHandle=0x42748ce8 bPool=0x42748c90
11-30 10:30:17.361 D/MediaPlayer(7582): getMetadata
11-30 10:30:17.431 D/ADM (1501): devset:414 STATUS Open device 'Speaker', 44100 Hz, format=2, 3 x 6144 bytes bufs
11-30 10:30:17.481 E/ENSWrapper(1501): return OMX_ErrorNotImplemented - GetExtensionIndex OMX.ST.AFM.pcmprocessing.transducer_equalizer h=0x411480d8 cParameterName=STE.ADM IndexType=unknown OMX_INDEXTYPE [ 0x427dd948 ]
11-30 10:30:17.591 D/ADM (1501): devset:588 STATUS API LEAVE: Opened new device 'Speaker', handle = 101
11-30 10:30:17.601 W/MediaPlayer(7582): info/warning (3, 0)
11-30 10:30:25.239 W/InputEventReceiver(2157): Attempted to finish an input event but the input event receiver has already been disposed.
11-30 10:30:25.239 W/InputEventReceiver(2157): Attempted to finish an input event but the input event receiver has already been disposed.
11-30 10:30:45.148 W/InputEventReceiver(2157): Attempted to finish an input event but the input event receiver has already been disposed.
11-30 10:30:45.148 W/InputEventReceiver(2157): Attempted to finish an input event but the input event receiver has already been disposed.
11-30 10:30:58.921 W/InputEventReceiver(2157): Attempted to finish an input event but the input event receiver has already been disposed.
11-30 10:30:58.921 W/InputEventReceiver(2157): Attempted to finish an input event but the input event receiver has already been disposed.
11-30 10:31:03.386 W/InputEventReceiver(2157): Attempted to finish an input event but the input event receiver has already been disposed.
11-30 10:31:03.396 W/InputEventReceiver(2157): Attempted to finish an input event but the input event receiver has already been disposed.
11-30 10:31:06.979 I/InputDispatcher(2157): Dropping event because there is no touchable window at (92, 915).
11-30 10:31:06.979 I/InputDispatcher(2157): Dropping event because there is no touchable window at (92, 915).
11-30 10:31:06.999 I/InputDispatcher(2157): Dropping event because there is no touchable window at (88, 915).
11-30 10:31:07.029 I/InputDispatcher(2157): Dropping event because there is no touchable window at (88, 915).
11-30 10:31:07.220 E/PlayEventLogger(3184): Upload failed class java.net.UnknownHostException(Unable to resolve host "play.googleapis.com": No address associated with hostname)
11-30 10:31:09.602 I/InputDispatcher(2157): Dropped event because of pending overdue app switch.
11-30 10:31:09.602 I/InputDispatcher(2157): Dropped event because of pending overdue app switch.
11-30 10:31:09.602 I/InputDispatcher(2157): Dropped event because of pending overdue app switch.
11-30 10:31:09.602 I/InputDispatcher(2157): Dropping event because there is no touchable window at (268, 915).
11-30 10:31:09.642 I/ActivityManager(2157): START u0 {act=android.intent.action.MAIN cat=[android.intent.category.HOME] flg=0x10200000 cmp=com.android.launcher3/.Launcher} from pid 2157
11-30 10:31:09.652 W/gralloc (1490): gralloc_alloc: Gralloc is used to alloc software only buffers!
11-30 10:31:10.243 W/ActivityManager(2157): Activity pause timeout for ActivityRecord{41d45bb0 u0 com.android.gallery3d/.app.MovieActivity t18}
11-30 10:31:10.253 W/Launcher(2406): setApplicationContext called twice! old=com.android.launcher3.LauncherApplication@41bc25e8 new=com.android.launcher3.LauncherApplication@41bc25e8
11-30 10:31:10.443 I/libblt_hw(1490): Library opened (handle = 9, fd = 69)
11-30 10:31:10.533 I/ActivityManager(2157): Displayed com.android.launcher3/.Launcher: +290ms
11-30 10:31:10.743 I/ActivityManager(2157): Killing 7582:com.android.gallery3d/u0a38 (adj 2): cached #1
11-30 10:31:10.773 W/MediaFocusControl(2157): AudioFocus audio focus client died
11-30 10:31:10.773 I/MediaFocusControl(2157): AudioFocus removeFocusStackEntry(): removing entry for android.os.BinderProxy@41f6dd90
11-30 10:31:10.773 W/ActivityManager(2157): Force removing ActivityRecord{41d45bb0 u0 com.android.gallery3d/.app.MovieActivity t18}: app died, no saved state
11-30 10:31:10.773 I/WindowState(2157): WIN DEATH: Window{41d073c0 u0 SurfaceView}
11-30 10:31:10.773 I/WindowState(2157): WIN DEATH: Window{41cc15d8 u0 com.android.gallery3d/com.android.gallery3d.app.MovieActivity}
11-30 10:31:10.793 E/BufferQueue(1490): [SurfaceView] dequeueBuffer: BufferQueue has been abandoned!
11-30 10:31:10.793 E/OMXCodec(6549): [OMX.ST.VFM.MPEG4Dec] dequeueBuffer failed w/ error 0xffffffed
11-30 10:31:10.793 I/libblt_hw(1490): Library closed (handle = 7, fd = 46)
11-30 10:31:10.793 I/libblt_hw(1490): Library closed (handle = 8, fd = 58)
11-30 10:31:10.793 I/OMXNodeInstance(6549): OMX_FreeBuffer for buffer header 0x411741a8 successful
11-30 10:31:10.793 I/OMXNodeInstance(6549): OMX_FreeBuffer for buffer header 0x411740f0 successful
11-30 10:31:10.793 I/OMXNodeInstance(6549): OMX_FreeBuffer for buffer header 0x41174020 successful
11-30 10:31:10.793 I/OMXNodeInstance(6549): OMX_FreeBuffer for buffer header 0x41173e68 successful
11-30 10:31:10.793 I/OMXNodeInstance(6549): OMX_FreeBuffer for buffer header 0x4009b620 successful
11-30 10:31:10.793 I/OMXNodeInstance(6549): OMX_FreeBuffer for buffer header 0x4009b4e0 successful
11-30 10:31:10.793 I/OMXNodeInstance(6549): OMX_FreeBuffer for buffer header 0x41174548 successful
11-30 10:31:10.793 I/OMXNodeInstance(6549): OMX_FreeBuffer for buffer header 0x41174358 successful
11-30 10:31:10.803 D/MMHWBuffer(6549): Destroy (bHandle=0x42748960)
11-30 10:31:10.803 D/MMHwBufferPool(6549): mTotalVideoDecoder = 0x0025c400
11-30 10:31:10.803 D/MMHWBuffer(6549): Destroy (bHandle=0x42748a40)
11-30 10:31:10.803 D/MMHwBufferPool(6549): mTotalVideoDecoder = 0x001ebc00
11-30 10:31:10.803 D/MMHWBuffer(6549): Destroy (bHandle=0x42748b20)
11-30 10:31:10.803 D/MMHwBufferPool(6549): mTotalVideoDecoder = 0x0017b400
11-30 10:31:10.803 D/MMHWBuffer(6549): Destroy (bHandle=0x42748c08)
11-30 10:31:10.803 D/MMHwBufferPool(6549): mTotalVideoDecoder = 0x0010ac00
11-30 10:31:10.803 D/MMHWBuffer(6549): Destroy (bHandle=0x42748500)
11-30 10:31:10.803 D/MMHwBufferPool(6549): mTotalVideoDecoder = 0x0009a400
11-30 10:31:10.803 D/MMHWBuffer(6549): Destroy (bHandle=0x427485e0)
11-30 10:31:10.803 D/MMHwBufferPool(6549): mTotalVideoDecoder = 0x00097e00
11-30 10:31:10.803 D/MMHWBuffer(6549): Destroy (bHandle=0x427486c0)
11-30 10:31:10.803 D/MMHwBufferPool(6549): mTotalVideoDecoder = 0x00095800
11-30 10:31:10.803 D/MMHWBuffer(6549): Destroy (bHandle=0x427487a0)
11-30 10:31:10.803 D/MMHwBufferPool(6549): mTotalVideoDecoder = 0x00093200
11-30 10:31:10.803 D/MMHWBuffer(6549): Destroy (bHandle=0x42748880)
11-30 10:31:10.803 D/MMHwBufferPool(6549): mTotalVideoDecoder = 0x00090c00
11-30 10:31:10.813 I/OMXNodeInstance(6549): OMX_FreeBuffer for buffer header 0x400251a8 successful
11-30 10:31:10.813 D/MMHWBuffer(6549): Destroy (bHandle=0x400dca88)
11-30 10:31:10.813 D/MMHwBufferPool(6549): mTotalVideoDecoder = 0x00070800
11-30 10:31:10.813 I/OMXNodeInstance(6549): OMX_FreeBuffer for buffer header 0x430e0d18 successful
11-30 10:31:10.813 I/OMXNodeInstance(6549): OMX_FreeBuffer for buffer header 0x430f7df0 successful
11-30 10:31:10.813 W/BufferQueue(1490): [SurfaceView] cancelBuffer: BufferQueue has been abandoned!
11-30 10:31:10.813 I/OMXNodeInstance(6549): OMX_FreeBuffer for buffer header 0x430f7a80 successful
11-30 10:31:10.813 W/BufferQueue(1490): [SurfaceView] cancelBuffer: BufferQueue has been abandoned!
11-30 10:31:10.813 I/OMXNodeInstance(6549): OMX_FreeBuffer for buffer header 0x430f7748 successful
11-30 10:31:10.813 W/BufferQueue(1490): [SurfaceView] cancelBuffer: BufferQueue has been abandoned!
11-30 10:31:10.813 I/OMXNodeInstance(6549): OMX_FreeBuffer for buffer header 0x430f7488 successful
11-30 10:31:10.813 W/BufferQueue(1490): [SurfaceView] cancelBuffer: BufferQueue has been abandoned!
11-30 10:31:10.813 I/OMXNodeInstance(6549): OMX_FreeBuffer for buffer header 0x430f7068 successful
11-30 10:31:10.813 W/BufferQueue(1490): [SurfaceView] cancelBuffer: BufferQueue has been abandoned!
11-30 10:31:10.813 I/OMXNodeInstance(6549): OMX_FreeBuffer for buffer header 0x40025d60 successful
11-30 10:31:10.813 I/OMXNodeInstance(6549): OMX_FreeBuffer for buffer header 0x40025a18 successful
11-30 10:31:10.813 D/MMHWBuffer(6549): Close (bHandle=0x430e0bf0)
11-30 10:31:10.813 D/MMHWBuffer(6549): Destroy (bHandle=0x430e0bf0)
11-30 10:31:10.813 I/RME (6549): visual activity tracker switched OFF
11-30 10:31:10.813 I/OMXNodeInstance(6549): OMX_FreeBuffer for buffer header 0x400255d0 successful
11-30 10:31:10.813 W/BufferQueue(1490): [SurfaceView] cancelBuffer: BufferQueue has been abandoned!
11-30 10:31:10.813 D/MMHWBuffer(6549): Destroy (bHandle=0x42748ce8)
11-30 10:31:10.813 D/MMHwBufferPool(6549): mTotalVideoDecoder = 0x00000000
11-30 10:31:10.823 V/RenderScript(2406): 0x53aba008 Launching thread(s), CPUs 2
11-30 10:31:13.826 D/ADM (1501): devset:282 STATUS Close device 'Speaker'
11-30 10:31:15.798 I/ActivityManager(2157): START u0 {act=android.intent.action.MAIN cat=[android.intent.category.LAUNCHER] flg=0x10200000 cmp=com.android.camera2/com.android.camera.CameraLauncher} from pid 2406
11-30 10:31:15.848 I/libblt_hw(1490): Library opened (handle = 7, fd = 46)
11-30 10:31:15.938 I/ActivityManager(2157): Start proc com.android.camera2 for activity com.android.camera2/com.android.camera.CameraLauncher: pid=7807 uid=10028 gids={50028, 1006, 3003, 1028, 1015}
11-30 10:31:16.158 I/libblt_hw(1490): Library closed (handle = 9, fd = 69)
11-30 10:31:16.308 I/Sony Camera HAL(6549): HAL_getCameraInfo: E cameraId=0
11-30 10:31:16.308 I/Sony Camera HAL(6549): HAL_Camera_GetCameraInfo: HAL_gCameraNum=1
11-30 10:31:16.308 I/Sony Camera HAL(6549): HAL_getCameraInfo: X
11-30 10:31:16.308 V/CameraHolder(7807): open camera 0
11-30 10:31:16.308 I/Sony Camera HAL(6549): HAL_getCameraInfo: E cameraId=0
11-30 10:31:16.308 I/Sony Camera HAL(6549): HAL_Camera_GetCameraInfo: HAL_gCameraNum=1
11-30 10:31:16.308 I/Sony Camera HAL(6549): HAL_getCameraInfo: X
11-30 10:31:16.308 I/Sony Camera HAL(6549): HAL_getCameraInfo: E cameraId=0
11-30 10:31:16.308 I/Sony Camera HAL(6549): HAL_Camera_GetCameraInfo: HAL_gCameraNum=1
11-30 10:31:16.308 I/Sony Camera HAL(6549): HAL_getCameraInfo: X
11-30 10:31:16.308 I/AwesomePlayer(6549): setDataSource_l(URL suppressed)
11-30 10:31:16.328 I/AwesomePlayer(6549): setDataSource_l(URL suppressed)
11-30 10:31:16.348 I/CameraClient(6549): Opening camera 0
11-30 10:31:16.348 I/Sony Camera HAL(6549): HAL_openCameraHardware: E cameraId=0
11-30 10:31:16.348 W/ServiceManager(6549): Permission failure: com.sonyericsson.permission.CAMERA_EXTENDED from uid=10028 pid=7807
11-30 10:31:16.348 I/Sony Camera HAL(6549): HAL_Camera_GetCameraInfo: HAL_gCameraNum=1
11-30 10:31:16.348 W/caladbolg(6549): 340633764 cald_pal.c (2135) 6586 W [PAL] No cache data
11-30 10:31:16.348 I/caladbolg(6549): 340636389 cald_pal.c (4531) 6586 I [INF] PAL_Create
11-30 10:31:16.358 E/idd-api (2157): idd_add_event: send failed, socket 204, errcode -2 (No such file or directory)
11-30 10:31:16.358 I/caladbolg(6549): 340639410 cald_camctrl.c (16854) 6586 I [INF] + Cald_CamCtrl_Create
11-30 10:31:16.358 I/caladbolg(6549): 340639715 cald_hal.c (5513) 6586 I [INF] + Cald_Hal_Create
11-30 10:31:16.358 I/caladbolg(6549): 340640600 cald_hal.c (5541) 6586 I [INF] - Cald_Hal_Create
11-30 10:31:16.358 I/caladbolg(6549): 340640783 cald_camctrl.c (8120) 6586 I [INF] Module name KMO05BN0
11-30 10:31:16.369 W/caladbolg(6549): 340650396 cald_parammgr_generic.c (3633) 6586 W [PRM] Fail: eeprom LSC check2 Light[1] posH[0], V[0], Rval[0x31], Gval[0x3a], R/Gval[0xf85], threshold min[0xfffff100] max[0xf00]
11-30 10:31:16.369 W/caladbolg(6549): 340650518 cald_parammgr_generic.c (3633) 6586 W [PRM] Fail: eeprom LSC check2 Light[1] posH[2], V[1], Rval[0x59], Gval[0x61], R/Gval[0x840], threshold min[0xfffff800] max[0x800]
11-30 10:31:16.369 E/caladbolg(6549): 340650762 cald_parammgr_generic.c (3755) 6586 E [PRM] Fail: camera eeprom status
11-30 10:31:16.369 I/caladbolg(6549): 340650884 cald_camctrl.c (5625) 6586 I [INF] CameraIndex : [0x1]
11-30 10:31:16.369 I/caladbolg(6549): 340651006 cald_camctrl.c (5626) 6586 I [INF] numOfCameras: [0x1]
11-30 10:31:16.369 I/caladbolg(6549): 340651129 cald_camctrl.c (5627) 6586 I [INF] majorVersion: [0x1]
11-30 10:31:16.369 I/caladbolg(6549): 340651251 cald_camctrl.c (5628) 6586 I [INF] minorVersion: [0x5]
11-30 10:31:16.369 I/caladbolg(6549): 340652349 cald_camctrl.c (16879) 6586 I [INF] - Cald_CamCtrl_Create
11-30 10:31:16.369 I/caladbolg(6549): 340652532 cald_server.c (837) 6586 I [INF] Cald_Server_ICameraServer_Start
11-30 10:31:16.369 I/caladbolg(6549): 340653143 cald_client.c (1704) 6586 I [INF] Cald_Client_Create
11-30 10:31:16.369 I/caladbolg(6549): 340653326 cald_client.c (307) 6586 I [INF] + Cald_Client_ICamera_ReserveCamera index[0x1] priority[0] pICBCamera[0x40c004d0] userData[0x417423b0]
11-30 10:31:16.369 I/caladbolg(6549): 340653539 cald_camctrl.c (8294) 7836 P [PFM] 340653539 + Cald_CamCtrl_PowerUp
11-30 10:31:16.369 I/caladbolg(6549): 340653692 cald_capctrl.c (10309) 7836 I [INF] + Cald_CapCtrl_Create
11-30 10:31:16.379 I/caladbolg(6549): 340657781 cald_capctrl.c (10337) 7836 I [INF] - Cald_CapCtrl_Create
11-30 10:31:16.379 I/caladbolg(6549): 340657964 cald_iqctrl.c (19268) 7836 I [INF] + Cald_IqCtrl_Create
11-30 10:31:16.379 I/caladbolg(6549): 340660223 cald_iqctrl.c (19315) 7836 I [INF] - Cald_IqCtrl_Create
11-30 10:31:16.379 I/caladbolg(6549): 340661779 cald_hal_ste_camera.c (330) 7836 P [HAL] 340661749 + Cald_Hal_Ste_If_PowerUp
11-30 10:31:16.379 I/caladbolg(6549): 340661901 cald_hal_ste_camera.c (2880) 7837 P [HAL] 340661901 + Cald_Hal_Ste_Func_PowerUp
11-30 10:31:16.379 I/OSI-Trace(6549): [DBGT][persist.debug.imgcommon.level] disabled
11-30 10:31:16.379 I/OSI-Trace(6549): [DBGT][persist.debug.damper.level] disabled
11-30 10:31:16.379 I/OSI-Trace(6549): [DBGT][persist.debug.damper.level] disabled
11-30 10:31:16.379 I/OSI-Trace(6549): [DBGT][persist.debug.damper.level] disabled
11-30 10:31:16.379 I/OSI-Trace(6549): [DBGT][persist.debug.damper.level] disabled
11-30 10:31:16.379 I/OSI-Trace(6549): [DBGT][persist.debug.damper.level] disabled
11-30 10:31:16.379 I/OSI-Trace(6549): [DBGT][persist.debug.damper.level] disabled
11-30 10:31:16.379 I/OSI-Trace(6549): [DBGT][persist.debug.damper.level] disabled
11-30 10:31:16.379 I/OSI-Trace(6549): [DBGT][persist.debug.damper.level] disabled
11-30 10:31:16.379 I/OSI-Trace(6549): [DBGT][persist.debug.damper.level] disabled
11-30 10:31:16.379 I/OSI-Trace(6549): [DBGT][persist.debug.damper.level] disabled
11-30 10:31:16.379 I/OSI-Trace(6549): [DBGT][persist.debug.damper.level] disabled
11-30 10:31:16.379 I/OSI-Trace(6549): [DBGT][persist.debug.damper.level] disabled
11-30 10:31:16.379 I/OSI-Trace(6549): [DBGT][persist.debug.damper.level] disabled
11-30 10:31:16.379 I/OSI-Trace(6549): [DBGT][persist.debug.damper.level] disabled
11-30 10:31:16.379 I/OSI-Trace(6549): [DBGT][persist.debug.damper.level] disabled
11-30 10:31:16.379 I/OSI-Trace(6549): [DBGT][persist.debug.damper.level] disabled
11-30 10:31:16.379 I/OSI-Trace(6549): [DBGT][persist.debug.hsmcamera.level] disabled
11-30 10:31:16.379 I/OSI-Trace(6549): [DBGT][persist.debug.ifm.level] disabled
11-30 10:31:16.379 I/caladbolg(6549): 340662969 cald_hal_ste_camera.c (376) 7836 P [HAL] 340662969 - Cald_Hal_Ste_If_PowerUp(0)
11-30 10:31:16.389 I/RME (6549): visual activity tracker switched ON
11-30 10:31:16.389 I/OSI-Trace(6549): [DBGT][persist.debug.tuningload.level] disabled
11-30 10:31:16.389 I/OSI-Trace(6549): [DBGT][persist.debug.tuning.level] disabled
11-30 10:31:16.389 I/OSI-Trace(6549): [DBGT][persist.debug.tuning.level] disabled
11-30 10:31:16.389 I/OSI-Trace(6549): [DBGT][persist.debug.tuning.level] disabled
11-30 10:31:16.389 I/OSI-Trace(6549): [DBGT][persist.debug.tuning.level] disabled
11-30 10:31:16.389 I/SemcCFlashDriver(6549): FlashModeContainer - Initialized
11-30 10:31:16.389 D/SemcCFlashDriver(6549): Time taken: 0s, 367us
11-30 10:31:16.389 I/caladbolg(6549): 340671453 cald_camctrl.c (8301) 7836 P [PFM] 340671453 - Cald_CamCtrl_PowerUp
11-30 10:31:16.389 I/caladbolg(6549): 340671575 cald_client.c (332) 6586 I [INF] - Cald_Client_ICamera_ReserveCamera (0)
11-30 10:31:16.389 D/SemcCFlashDriver(6549): SemcCFlashDriver - Chip is initialized
11-30 10:31:16.389 I/caladbolg(6549): 340672674 cald_client.c (113) 6586 I [INF] + Cald_Client_ICamera_GetCameraCaps
11-30 10:31:16.389 I/caladbolg(6549): 340672918 cald_client.c (137) 6586 I [INF] - Cald_Client_ICamera_GetCameraCaps (0)
11-30 10:31:16.389 I/caladbolg(6549): 340672949 cald_client.c (151) 6586 I [INF] + Cald_Client_ICamera_GetPreviewCaps
11-30 10:31:16.389 I/caladbolg(6549): 340673071 cald_client.c (177) 6586 I [INF] - Cald_Client_ICamera_GetPreviewCaps (0)
11-30 10:31:16.389 I/caladbolg(6549): 340673101 cald_client.c (268) 6586 I [INF] + Cald_Client_ICamera_GetSnapshotCaps
11-30 10:31:16.389 I/caladbolg(6549): 340673193 cald_client.c (293) 6586 I [INF] - Cald_Client_ICamera_GetSnapshotCaps (0)
11-30 10:31:16.389 I/caladbolg(6549): 340673223 cald_client.c (191) 6586 I [INF] + Cald_Client_ICamera_GetVideoCaps
11-30 10:31:16.389 I/caladbolg(6549): 340673315 cald_client.c (217) 6586 I [INF] - Cald_Client_ICamera_GetVideoCaps (0)
11-30 10:31:16.399 I/caladbolg(6549): 340677709 cald_camctrl.c (10888) 7836 I [INF] Thumbnail size [480 x 320]
11-30 10:31:16.399 I/caladbolg(6549): 340679571 cald_client.c (113) 6586 I [INF] + Cald_Client_ICamera_GetCameraCaps
11-30 10:31:16.399 I/caladbolg(6549): 340679998 cald_client.c (137) 6586 I [INF] - Cald_Client_ICamera_GetCameraCaps (0)
11-30 10:31:16.399 I/caladbolg(6549): 340680029 cald_client.c (151) 6586 I [INF] + Cald_Client_ICamera_GetPreviewCaps
11-30 10:31:16.399 I/caladbolg(6549): 340680151 cald_client.c (177) 6586 I [INF] - Cald_Client_ICamera_GetPreviewCaps (0)
11-30 10:31:16.399 I/caladbolg(6549): 340680181 cald_client.c (268) 6586 I [INF] + Cald_Client_ICamera_GetSnapshotCaps
11-30 10:31:16.399 I/caladbolg(6549): 340680273 cald_client.c (293) 6586 I [INF] - Cald_Client_ICamera_GetSnapshotCaps (0)
11-30 10:31:16.399 E/idd-api (6549): idd_set_sdata: send failed, socket 28, errcode -2 (No such file or directory)
11-30 10:31:16.399 E/idd-api (6549): idd_set_sdata: send failed, socket 28, errcode -2 (No such file or directory)
11-30 10:31:16.399 I/Sony Camera HAL(6549): HAL_openCameraHardware: X created hardware=0x417423b0
11-30 10:31:16.399 I/OSI-Trace(6549): [DBGT][persist.debug.mmiocamera.level] disabled
11-30 10:31:16.409 D/MMHWBuffer(6549): Create (iBuffers=1, iSize=1310720, iAlignment=256, iCacheAttr=2, aComponent=0x00000000)
11-30 10:31:16.409 D/MMHWBuffer(6549): Create returns bHandle=0x425154a0 bPool=0x431f6998
11-30 10:31:16.409 V/CAM_VideoModule(7807): mDesiredPreviewWidth=480. mDesiredPreviewHeight=270
11-30 10:31:16.419 I/Sony Camera HAL(6549): HAL_getCameraInfo: E cameraId=0
11-30 10:31:16.419 I/Sony Camera HAL(6549): HAL_Camera_GetCameraInfo: HAL_gCameraNum=1
11-30 10:31:16.419 I/Sony Camera HAL(6549): HAL_getCameraInfo: X
11-30 10:31:16.419 D/MMHWBuffer(6549): Create (iBuffers=1, iSize=95640, iAlignment=-1, iCacheAttr=2, aComponent=0x00000000)
11-30 10:31:16.429 D/MMHWBuffer(6549): Create returns bHandle=0x431f6a48 bPool=0x431f69f0
11-30 10:31:16.449 V/NFC (7807): this device does not have NFC support
11-30 10:31:16.459 V/CAM_VideoModule(7807): mDesiredPreviewWidth=480. mDesiredPreviewHeight=270
11-30 10:31:16.459 D/SemcCFlashDriver(6549): GetSupportedFlashModes Adding supported flashmode 0x40
11-30 10:31:16.459 D/SemcCFlashDriver(6549): GetSupportedFlashModes Adding supported flashmode 0x20
11-30 10:31:16.459 D/SemcCFlashDriver(6549): GetSupportedFlashModes Adding supported flashmode 0x10
11-30 10:31:16.459 D/SemcCFlashDriver(6549): GetSupportedFlashModes Adding supported flashmode 0x08
11-30 10:31:16.459 D/SemcCFlashDriver(6549): GetSupportedFlashModes Adding supported flashmode 0x04
11-30 10:31:16.459 D/SemcCFlashDriver(6549): virtual TFlashReturnCode SemcCFlashDriver::GetFlashModeDetails(TFlashMode, TFlashDetails&, TCameraId) - Called
11-30 10:31:16.459 D/SemcCFlashDriver(6549): virtual TFlashReturnCode SemcCFlashDriver::GetFlashModeDetails(TFlashMode, TFlashDetails&, TCameraId) -Done
11-30 10:31:16.459 V/CAM_VideoModule(7807): startPreview
11-30 10:31:16.509 I/libblt_hw(1490): Library opened (handle = 8, fd = 31)
11-30 10:31:16.549 D/libEGL (7807): loaded /system/lib/egl/libEGL_mali.so
11-30 10:31:16.569 D/libEGL (7807): loaded /system/lib/egl/libGLESv1_CM_mali.so
11-30 10:31:16.569 D/libEGL (7807): loaded /system/lib/egl/libGLESv2_mali.so
11-30 10:31:16.579 I/caladbolg(6549): 340857702 cald_hal_ste_camera.c (3217) 7837 P [HAL] 340857702 - Cald_Hal_Ste_Func_PowerUp(0)
11-30 10:31:16.599 D/OpenGLRenderer(7807): Enabling debug mode 0
11-30 10:31:16.649 I/libblt_hw(7807): Library opened (handle = 0, fd = 58)
11-30 10:31:16.649 V/CAM_VideoModule(7807): startPreview
11-30 10:31:16.659 I/Sony Camera HAL(6549): HAL_getCameraInfo: E cameraId=0
11-30 10:31:16.659 I/Sony Camera HAL(6549): HAL_Camera_GetCameraInfo: HAL_gCameraNum=1
11-30 10:31:16.659 I/Sony Camera HAL(6549): HAL_getCameraInfo: X
11-30 10:31:16.659 V/CAM_VideoModule(7807): Video snapshot size is 2560x1440
11-30 10:31:16.669 I/caladbolg(6549): 340950475 cald_camctrl.c (10575) 7836 I [INF] Preview size [480 x 270]
11-30 10:31:16.669 I/caladbolg(6549): 340950781 cald_camctrl.c (10888) 7836 I [INF] Thumbnail size [480 x 270]
11-30 10:31:16.669 I/caladbolg(6549): 340951147 cald_camctrl.c (10771) 7836 I [INF] Snapshot size [2560 x 1440]
11-30 10:31:16.669 I/caladbolg(6549): 340952978 cald_client.c (113) 7634 I [INF] + Cald_Client_ICamera_GetCameraCaps
11-30 10:31:16.669 I/caladbolg(6549): 340953283 cald_client.c (137) 7634 I [INF] - Cald_Client_ICamera_GetCameraCaps (0)
11-30 10:31:16.669 I/caladbolg(6549): 340953436 cald_client.c (151) 7634 I [INF] + Cald_Client_ICamera_GetPreviewCaps
11-30 10:31:16.669 I/caladbolg(6549): 340953619 cald_client.c (177) 7634 I [INF] - Cald_Client_ICamera_GetPreviewCaps (0)
11-30 10:31:16.669 I/caladbolg(6549): 340953741 cald_client.c (268) 7634 I [INF] + Cald_Client_ICamera_GetSnapshotCaps
11-30 10:31:16.669 I/caladbolg(6549): 340953954 cald_client.c (293) 7634 I [INF] - Cald_Client_ICamera_GetSnapshotCaps (0)
11-30 10:31:16.679 I/caladbolg(6549): 340962438 cald_client.c (406) 6586 I [INF] + Cald_Client_ICamera_GetBufInfo index[0x0]
11-30 10:31:16.679 I/caladbolg(6549): 340962835 cald_client.c (429) 6586 I [INF] - Cald_Client_ICamera_GetBufInfo (0)
11-30 10:31:16.679 D/MMHWBuffer(6549): Create (iBuffers=5, iSize=196608, iAlignment=256, iCacheAttr=1, aComponent=0x00000000)
11-30 10:31:16.679 D/MMHWBuffer(6549): Create returns bHandle=0x431f6968 bPool=0x42578ca0
11-30 10:31:16.689 I/caladbolg(6549): 340967046 cald_client.c (441) 6586 I [INF] + Cald_Client_ICamera_StartPreview
11-30 10:31:16.689 I/caladbolg(6549): 340967291 cald_client.c (458) 6586 I [INF] pBufNum[5]
11-30 10:31:16.689 I/caladbolg(6549): 340967413 cald_client.c (464) 6586 I [INF] pBuf[0]:0x459ce000
11-30 10:31:16.689 I/caladbolg(6549): 340967535 cald_client.c (464) 6586 I [INF] pBuf[1]:0x459fe000
11-30 10:31:16.689 I/caladbolg(6549): 340967626 cald_client.c (464) 6586 I [INF] pBuf[2]:0x45a2e000
11-30 10:31:16.689 I/caladbolg(6549): 340967748 cald_client.c (464) 6586 I [INF] pBuf[3]:0x45a5e000
11-30 10:31:16.689 I/caladbolg(6549): 340967870 cald_client.c (464) 6586 I [INF] pBuf[4]:0x45a8e000
11-30 10:31:16.689 I/caladbolg(6549): 340968084 cald_camctrl.c (4961) 7836 P [PFM] 340968054 Cald_CamCtrl_ICamera_StartPreview
11-30 10:31:16.689 I/caladbolg(6549): 340972326 cald_capctrl.c (7633) 7840 P [CAP] 340972326 + Cald_CapCtrl_FSM_Func_StartPreview
11-30 10:31:16.689 D/MMHWBuffer(6549): Create (iBuffers=5, iSize=270336, iAlignment=256, iCacheAttr=1, aComponent=0x00000000)
11-30 10:31:16.689 D/MMHWBuffer(6549): Create returns bHandle=0x431f6b00 bPool=0x42578d60
11-30 10:31:16.689 I/libblt_hw(6549): Library opened (handle = 0, fd = 39)
11-30 10:31:16.689 I/caladbolg(6549): 340976019 cald_hal_ste_camera.c (426) 7840 P [HAL] 340975988 + Cald_Hal_Ste_If_StartPreview
11-30 10:31:16.689 I/caladbolg(6549): 340976415 cald_hal_ste_camera.c (461) 7840 P [HAL] 340976385 - Cald_Hal_Ste_If_StartPreview(0)
11-30 10:31:16.699 I/caladbolg(6549): 340976629 cald_hal_ste_camera.c (3340) 7837 P [HAL] 340976629 + Cald_Hal_Ste_Func_StartPreview
11-30 10:31:16.699 I/caladbolg(6549): 340977026 cald_capctrl.c (7652) 7840 P [CAP] 340977026 - Cald_CapCtrl_FSM_Func_StartPreview
11-30 10:31:16.699 D/MMHWBuffer(6549): Open (aComponent=0x400bbe68, aIndex=0x7fd19e5c)
11-30 10:31:16.699 D/MMHWBuffer(6549): Open shared chunk from same process (bHandle=0x431f6b00)
11-30 10:31:16.699 D/MMHWBuffer(6549): bHandle=0x431f6b00 AddBufferInfo(aBufferIndex=0, aLogAddr=0x45b9e000, aSize=270336)
11-30 10:31:16.699 D/MMHWBuffer(6549): bHandle=0x431f6b00 AddBufferInfo(aBufferIndex=1, aLogAddr=0x45be0000, aSize=270336)
11-30 10:31:16.699 D/MMHWBuffer(6549): bHandle=0x431f6b00 AddBufferInfo(aBufferIndex=2, aLogAddr=0x45c22000, aSize=270336)
11-30 10:31:16.699 D/MMHWBuffer(6549): bHandle=0x431f6b00 AddBufferInfo(aBufferIndex=3, aLogAddr=0x45c64000, aSize=270336)
11-30 10:31:16.699 D/MMHWBuffer(6549): bHandle=0x431f6b00 AddBufferInfo(aBufferIndex=4, aLogAddr=0x45ca6000, aSize=270336)
11-30 10:31:16.699 I/caladbolg(6549): 340985357 cald_client.c (478) 6586 I [INF] - Cald_Client_ICamera_StartPreview (0)
11-30 10:31:16.699 E/idd-api (6549): idd_set_sdata: send failed, socket 28, errcode -2 (No such file or directory)
11-30 10:31:16.779 I/ActivityManager(2157): Displayed com.android.camera2/com.android.camera.CameraLauncher: +854ms
11-30 10:31:16.789 I/caladbolg(6549): 341069189 cald_hal_ste_camera.c (3509) 7837 P [HAL] 341069189 - Cald_Hal_Ste_Func_StartPreview(0)
11-30 10:31:16.799 I/caladbolg(6549): 341081548 cald_3a.c (203) 7856 P [SVR] 341081518 + Cald_3a_DoNewFrameAF_Proc 3a ContinuousAF Start
11-30 10:31:16.879 I/caladbolg(6549): 341164526 cald_3a.c (114) 7856 P [SVR] 341164495 + Cald_3a_DoNewFrameAEWB_Proc 3a ConvergenceAE Start
11-30 10:31:16.909 I/libblt_hw(1490): Library closed (handle = 7, fd = 46)
11-30 10:31:17.109 I/caladbolg(6549): 341402044 cald_camctrl.c (12322) 7840 I [INF] + Cald_CamCtrl_Func_FrameDoneVF
11-30 10:31:17.109 I/caladbolg(6549): 341402349 cald_camctrl.c (12334) 7840 I [INF] - Cald_CamCtrl_Func_FrameDoneVF
11-30 10:31:17.109 I/Sony Camera HAL(6549): Preview average frame rate : 0.0008 (fps)
11-30 10:31:17.279 I/caladbolg(6549): 341566473 cald_3a.c (130) 7856 P [SVR] 341566473 - Cald_3a_DoNewFrameAEWB_Proc 3a ConvergenceAE End
11-30 10:31:17.510 W/caladbolg(6549): 341797674 cald_libflickerdetect.c (424) 7854 W [FLC] frameIndex is too large [6]
11-30 10:31:17.890 V/CAM_VideoModule(7807): startVideoRecording
11-30 10:31:17.900 D/CameraStorage(7807): External storage state=mounted
11-30 10:31:17.900 V/CAM_VideoModule(7807): initializeRecorder
11-30 10:31:17.910 W/StagefrightRecorder(6549): Max file duration is not positive: 0 us. Disabling duration limit.
11-30 10:31:17.910 W/StagefrightRecorder(6549): Target duration (0 us) too short to be respected
11-30 10:31:17.910 W/caladbolg(6549): 342201635 cald_libflickerdetect.c (424) 7854 W [FLC] frameIndex is too large [6]
11-30 10:31:17.910 V/CAM_VideoModule(7807): New video filename: /storage/sdcard0/DCIM/Camera/VID_20131130_103117.mp4.tmp
11-30 10:31:17.940 I/Sony Camera HAL(6549): Meta data mode (Zero copy) = OFF
11-30 10:31:17.940 I/Sony Camera HAL(6549): Meta data mode (Zero copy) = ON
11-30 10:31:17.940 D/ (6549): In STEOMXCodecsPlugin:: makeComponentInstance
11-30 10:31:17.940 D/ (6549): OMX.ST.VFM.H264Enc
11-30 10:31:17.940 I/OmxILOsalProperty(6549): GetProperty ste.video.dec.out.reorder =>
11-30 10:31:17.940 I/OmxILOsalProperty(6549): GetProperty ste.video.dec.recycle.delay => 1
11-30 10:31:17.940 I/OmxILOsalProperty(6549): GetProperty ste.video.decoder.h264.max.lev => 3.2
11-30 10:31:17.940 I/OmxILOsalProperty(6549): GetProperty ste.video.enc.out.buffercnt => 5
11-30 10:31:17.940 E/OMXCodec(6549): [OMX.ST.VFM.H264Enc] Found supported color format: 2141192192
11-30 10:31:17.940 E/OmxILOsalProductId(6549): get_productid returned error code = 2
11-30 10:31:17.940 E/OmxILOsalProductId(6549): get_productid returned error code = 2
11-30 10:31:17.940 E/OmxILOsalProductId(6549): get_productid returned error code = 2
11-30 10:31:17.950 W/AudioFlinger(6549): findSuitableHwDev_l() loading well know audio hw modules
11-30 10:31:17.950 W/AudioFlinger(6549): loadHwModule() module primary already loaded
11-30 10:31:17.950 W/AudioFlinger(6549): loadHwModule() module a2dp already loaded
11-30 10:31:17.950 W/AudioFlinger(6549): loadHwModule() module usb already loaded
11-30 10:31:17.960 D/AudioSource(6549): Start autoramp from 138000
11-30 10:31:17.960 I/MPEG4Writer(6549): limits: 1203408768/0 bytes/us, bit rate: 12128000 bps and the estimated moov size 405000 bytes
11-30 10:31:17.970 I/MPEG4Writer(6549): Start time offset: 1000000 us
11-30 10:31:17.970 D/MMHWBuffer(6549): Create (iBuffers=4, iSize=12, iAlignment=256, iCacheAttr=2, aComponent=0x45f0ec00)
11-30 10:31:17.970 I/MMHwBufferPool(6549): Role of hComponent=0x45f0ec00 : video_encoder.avc
11-30 10:31:17.970 D/MMHWBuffer(6549): Create returns bHandle=0x427452a8 bPool=0x4681df30
11-30 10:31:17.970 D/MMHWBuffer(6549): Create (iBuffers=5, iSize=1843200, iAlignment=256, iCacheAttr=1, aComponent=0x45f0ec00)
11-30 10:31:17.970 I/MMHwBufferPool(6549): Role of hComponent=0x45f0ec00 : video_encoder.avc
11-30 10:31:17.980 D/MMHWBuffer(6549): Create returns bHandle=0x4699bd78 bPool=0x4699bd20
11-30 10:31:17.980 V/OmxILOsalPrm(6549): ChangeResourceState(0, 100, 0x48ca8078)
11-30 10:31:17.980 V/OmxILOsalPrm(6549): updateSocDvfsOpp 100
11-30 10:31:17.980 V/OmxILOsalPrm(6549): ChangeResourceState(1, 100, 0x48ca8078)
11-30 10:31:17.980 V/OmxILOsalPrm(6549): updateDDROpp 100
11-30 10:31:17.980 V/OmxILOsalPrm(6549): ChangeResourceState(2, 20, 0x48ca8008)
11-30 10:31:17.980 W/OmxILOsalPrm(6549): updatePwrResLatency not implemented
11-30 10:31:18.000 D/MMHWBuffer(6549): Create (iBuffers=25, iSize=160, iAlignment=8, iCacheAttr=2, aComponent=0x00000000)
11-30 10:31:18.000 D/MMHWBuffer(6549): Create returns bHandle=0x46f87c40 bPool=0x46f87be8
11-30 10:31:18.000 D/MMHWBuffer(6549): Create (iBuffers=12, iSize=320, iAlignment=8, iCacheAttr=2, aComponent=0x00000000)
11-30 10:31:18.000 D/MMHWBuffer(6549): Create returns bHandle=0x46f87d20 bPool=0x46f87cc8
11-30 10:31:18.000 D/MMHWBuffer(6549): Create (iBuffers=32, iSize=32, iAlignment=8, iCacheAttr=2, aComponent=0x00000000)
11-30 10:31:18.000 D/MMHWBuffer(6549): Create returns bHandle=0x46f87e00 bPool=0x46f87da8
11-30 10:31:18.000 D/MMHWBuffer(6549): Create (iBuffers=32, iSize=16, iAlignment=8, iCacheAttr=2, aComponent=0x00000000)
11-30 10:31:18.000 D/MMHWBuffer(6549): Create returns bHandle=0x46f87f18 bPool=0x46f87ec0
11-30 10:31:18.000 D/MMHWBuffer(6549): Create (iBuffers=2, iSize=1600, iAlignment=8, iCacheAttr=2, aComponent=0x00000000)
11-30 10:31:18.000 D/MMHWBuffer(6549): Create returns bHandle=0x47019a60 bPool=0x47019a08
11-30 10:31:18.000 D/MMHWBuffer(6549): Create (iBuffers=1, iSize=13920, iAlignment=8, iCacheAttr=2, aComponent=0x00000000)
11-30 10:31:18.000 D/MMHWBuffer(6549): Create returns bHandle=0x47019b08 bPool=0x47019ab0
11-30 10:31:18.000 D/MMHWBuffer(6549): Create (iBuffers=1, iSize=64000, iAlignment=8, iCacheAttr=2, aComponent=0x00000000)
11-30 10:31:18.000 D/MMHWBuffer(6549): Create returns bHandle=0x47019d60 bPool=0x47019d08
11-30 10:31:18.000 D/MMHWBuffer(6549): Destroy (bHandle=0x47019d60)
11-30 10:31:18.000 D/MMHWBuffer(6549): Create (iBuffers=1, iSize=64000, iAlignment=8, iCacheAttr=2, aComponent=0x00000000)
11-30 10:31:18.000 D/MMHWBuffer(6549): Create returns bHandle=0x47019d60 bPool=0x47019d08
11-30 10:31:18.000 D/MMHWBuffer(6549): Destroy (bHandle=0x47019d60)
11-30 10:31:18.000 W/CameraSource(6549): Failed to set video buffer count to 4 due to -38
11-30 10:31:18.010 I/OMXNodeInstance(6549): OMX_FreeBuffer for buffer header 0x400dbbf0 successful
11-30 10:31:18.010 I/OMXNodeInstance(6549): OMX_FreeBuffer for buffer header 0x400dbe00 successful
11-30 10:31:18.010 I/OMXNodeInstance(6549): OMX_FreeBuffer for buffer header 0x400dbf40 successful
11-30 10:31:18.010 I/OMXNodeInstance(6549): OMX_FreeBuffer for buffer header 0x41742008 successful
11-30 10:31:18.010 D/ADM (1501): devset:414 STATUS Open device 'Speaker', 44100 Hz, format=2, 3 x 6144 bytes bufs
11-30 10:31:18.060 E/ENSWrapper(1501): return OMX_ErrorNotImplemented - GetExtensionIndex OMX.ST.AFM.pcmprocessing.transducer_equalizer h=0x41184a30 cParameterName=STE.ADM IndexType=unknown OMX_INDEXTYPE [ 0x41811008 ]
11-30 10:31:18.180 D/ADM (1501): devset:588 STATUS API LEAVE: Opened new device 'Speaker', handle = 101
11-30 10:31:18.190 I/caladbolg(6549): 342481390 cald_client.c (406) 7635 I [INF] + Cald_Client_ICamera_GetBufInfo index[0x1]
11-30 10:31:18.190 I/caladbolg(6549): 342481664 cald_client.c (429) 7635 I [INF] - Cald_Client_ICamera_GetBufInfo (0)
11-30 10:31:18.210 I/caladbolg(6549): 342503790 cald_client.c (569) 7635 I [INF] + Cald_Client_ICamera_StartVideo
11-30 10:31:18.220 I/caladbolg(6549): 342507543 cald_client.c (586) 7635 I [INF] pBufNum[9]
11-30 10:31:18.220 I/caladbolg(6549): 342507604 cald_client.c (592) 7635 I [INF] pBuf[0]:0x0
11-30 10:31:18.220 I/caladbolg(6549): 342507635 cald_client.c (592) 7635 I [INF] pBuf[1]:0x1
11-30 10:31:18.220 I/caladbolg(6549): 342507665 cald_client.c (592) 7635 I [INF] pBuf[2]:0x2
11-30 10:31:18.220 I/caladbolg(6549): 342507696 cald_client.c (592) 7635 I [INF] pBuf[3]:0x3
11-30 10:31:18.220 I/caladbolg(6549): 342507696 cald_client.c (592) 7635 I [INF] pBuf[4]:0x4
11-30 10:31:18.220 I/caladbolg(6549): 342507726 cald_client.c (592) 7635 I [INF] pBuf[5]:0x5
11-30 10:31:18.220 I/caladbolg(6549): 342507757 cald_client.c (592) 7635 I [INF] pBuf[6]:0x6
11-30 10:31:18.220 I/caladbolg(6549): 342507757 cald_client.c (592) 7635 I [INF] pBuf[7]:0x7
11-30 10:31:18.220 I/caladbolg(6549): 342507787 cald_client.c (592) 7635 I [INF] pBuf[8]:0x8
11-30 10:31:18.220 I/caladbolg(6549): 342508032 cald_capctrl.c (8623) 7840 P [CAP] 342508001 + Cald_CapCtrl_FSM_Func_StartVideo
11-30 10:31:18.220 I/caladbolg(6549): 342508276 cald_hal_ste_camera.c (514) 7840 P [HAL] 342508276 + Cald_Hal_Ste_If_StartVideo
11-30 10:31:18.220 I/caladbolg(6549): 342508337 cald_hal_ste_camera.c (549) 7840 P [HAL] 342508337 - Cald_Hal_Ste_If_StartVideo(0)
11-30 10:31:18.220 I/caladbolg(6549): 342508398 cald_capctrl.c (8665) 7840 P [CAP] 342508367 - Cald_CapCtrl_FSM_Func_StartVideo
11-30 10:31:18.220 I/caladbolg(6549): 342508459 cald_hal_ste_camera.c (3716) 7837 P [HAL] 342508459 + Cald_Hal_Ste_Func_StartVideo
11-30 10:31:18.220 D/MMHWBuffer(6549): Open (aComponent=0x400bbe68, aIndex=0x7fff0000)
11-30 10:31:18.220 D/MMHWBuffer(6549): Open allocateNativeBuffersHandle - aComponent=0x400bbe68 aIndex=0x7fff0000 => bHandle=0x4320e198 bList=0x40084d48
11-30 10:31:18.220 F/libc (6549): Fatal signal 11 (SIGSEGV) at 0x00001000 (code=1), thread 7837 (cald_hal_camera)
11-30 10:31:18.220 I/caladbolg(6549): 342509435 cald_client.c (606) 7635 I [INF] - Cald_Client_ICamera_StartVideo (0)
11-30 10:31:18.220 E/idd-api (6549): idd_set_sdata: send failed, socket 28, errcode -2 (No such file or directory)
11-30 10:31:18.220 I/caladbolg(6549): 342509557 cald_client.c (406) 7635 I [INF] + Cald_Client_ICamera_GetBufInfo index[0x1]
11-30 10:31:18.220 I/caladbolg(6549): 342510534 cald_client.c (429) 7635 I [INF] - Cald_Client_ICamera_GetBufInfo (0)
11-30 10:31:18.220 I/MPEG4Writer(6549): Start time offset: 1000000 us
11-30 10:31:18.220 D/ADM (1501): api_cscal:2838 STATUS Remap Mic to farfield_2m_mono_mic.
11-30 10:31:18.270 D/ADM (1501): devset:414 STATUS Open device 'Mic', 48000 Hz, format=2, 3 x 12288 bytes bufs
11-30 10:31:18.320 I/DEBUG (1488): *** *** *** *** *** *** *** *** *** *** *** *** *** *** *** ***
11-30 10:31:18.320 I/DEBUG (1488): Build fingerprint: 'SEMC/MT27i_1262-1120/MT27i:4.0.4/6.1.1.B.1.10/9bt3zw:user/release-keys'
11-30 10:31:18.320 I/DEBUG (1488): Revision: '0'
11-30 10:31:18.320 I/DEBUG (1488): pid: 6549, tid: 7837, name: cald_hal_camera >>> /system/bin/mediaserver <<<
11-30 10:31:18.320 I/DEBUG (1488): signal 11 (SIGSEGV), code 1 (SEGV_MAPERR), fault addr 00001000
11-30 10:31:18.320 W/NativeCrashListener(2157): Couldn't find ProcessRecord for pid 6549
11-30 10:31:18.360 D/ADM (1501): devset:588 STATUS API LEAVE: Opened new device 'Mic', handle = 201
11-30 10:31:18.441 I/DEBUG (1488): r0 43349f34 r1 00000000 r2 ffffffff r3 43349f94
11-30 10:31:18.441 I/DEBUG (1488): AM write failure (32 / Broken pipe)
11-30 10:31:18.441 I/DEBUG (1488): r4 426f50e4 r5 439d4c64 r6 00001000 r7 00000002
11-30 10:31:18.441 I/DEBUG (1488): r8 001e8000 r9 00000002 sl 00000000 fp 00000000
11-30 10:31:18.441 I/DEBUG (1488): ip 01000001 sp 439d4c18 lr 40c16bcb pc 00001000 cpsr 200f0010
11-30 10:31:18.441 I/DEBUG (1488): d0 0000000000000000 d1 0000000000000000
11-30 10:31:18.441 I/DEBUG (1488): d2 0000000000000000 d3 0000000000000000
11-30 10:31:18.441 I/DEBUG (1488): d4 453a373333323a70 d5 656d614320746978
11-30 10:31:18.441 I/DEBUG (1488): d6 6c7070613a3a6172 d7 206769666e6f4379
11-30 10:31:18.441 I/DEBUG (1488): d8 0000000000000000 d9 0000000000000000
11-30 10:31:18.441 I/DEBUG (1488): d10 0000000000000000 d11 0000000000000000
11-30 10:31:18.441 I/DEBUG (1488): d12 0000000000000000 d13 0000000000000000
11-30 10:31:18.441 I/DEBUG (1488): d14 0000000000000000 d15 0000000000000000
11-30 10:31:18.441 I/DEBUG (1488): d16 41d31c16ed165604 d17 0000000000000004
11-30 10:31:18.441 I/DEBUG (1488): d18 41b9bea47d000000 d19 3fe2c8b439581062
11-30 10:31:18.441 I/DEBUG (1488): d20 4038a76c8b439581 d21 3fbd2f1a9fbe76c9
11-30 10:31:18.441 I/DEBUG (1488): d22 3f1150f54507319f d23 bebbb480a010342e
11-30 10:31:18.441 I/DEBUG (1488): d24 3ff3f9d5a036c568 d25 3ff0000000000000
11-30 10:31:18.441 I/DEBUG (1488): d26 bfcfcead01b62b3f d27 bf9b3187450a9041
11-30 10:31:18.441 I/DEBUG (1488): d28 bf9b3187450a903d d29 3e2d38fc57f240cc
11-30 10:31:18.441 I/DEBUG (1488): d30 3fcc687be6f37000 d31 3fc550dae9890964
11-30 10:31:18.441 I/DEBUG (1488): scr 20000010
11-30 10:31:18.451 I/DEBUG (1488):
11-30 10:31:18.451 I/DEBUG (1488): backtrace:
11-30 10:31:18.451 I/DEBUG (1488): #00 pc 00001000
11-30 10:31:18.451 I/DEBUG (1488): #01 pc 00006bc9 /system/lib/libcald_hal.so (Cald_Hal_OMX_PortSetupBuffer+948)
11-30 10:31:18.451 I/DEBUG (1488): #02 pc 00012fa5 /system/lib/libcald_hal.so
11-30 10:31:18.451 I/DEBUG (1488): #03 pc 00015a9f /system/lib/libcald_hal.so
11-30 10:31:18.451 I/DEBUG (1488): #04 pc 000086fb /system/lib/libcald_pal.so
11-30 10:31:18.451 I/DEBUG (1488): #05 pc 0000d248 /system/lib/libc.so (__thread_entry+72)
11-30 10:31:18.451 I/DEBUG (1488): #06 pc 0000d3e0 /system/lib/libc.so (pthread_create+240)
11-30 10:31:18.451 I/DEBUG (1488): #07 pc 00000004
11-30 10:31:18.451 I/DEBUG (1488):
11-30 10:31:18.451 I/DEBUG (1488): stack:
11-30 10:31:18.451 I/DEBUG (1488): 439d4bd8 00000000
11-30 10:31:18.451 I/DEBUG (1488): 439d4bdc 00000000
11-30 10:31:18.451 I/DEBUG (1488): 439d4be0 00000000
11-30 10:31:18.451 I/DEBUG (1488): 439d4be4 00000000
11-30 10:31:18.451 I/DEBUG (1488): 439d4be8 00000000
11-30 10:31:18.451 I/DEBUG (1488): 439d4bec 203470ec
11-30 10:31:18.451 I/DEBUG (1488): 439d4bf0 00000000
11-30 10:31:18.451 I/DEBUG (1488): 439d4bf4 426f50e4
11-30 10:31:18.451 I/DEBUG (1488): 439d4bf8 40c4b2bb /system/lib/libcald_hal.so
11-30 10:31:18.451 I/DEBUG (1488): 439d4bfc 00000002
11-30 10:31:18.451 I/DEBUG (1488): 439d4c00 40c3d3ae /system/lib/libcald_hal.so
11-30 10:31:18.451 I/DEBUG (1488): 439d4c04 40c40584 /system/lib/libcald_hal.so
11-30 10:31:18.451 I/DEBUG (1488): 439d4c08 4320e024
11-30 10:31:18.451 I/DEBUG (1488): 439d4c0c 00000002
11-30 10:31:18.451 I/DEBUG (1488): 439d4c10 426f50e4
11-30 10:31:18.451 I/DEBUG (1488): 439d4c14 40c16bbf /system/lib/libcald_hal.so (Cald_Hal_OMX_PortSetupBuffer+938)
11-30 10:31:18.451 I/DEBUG (1488): #00 439d4c18 40c3d3e9 /system/lib/libcald_hal.so
11-30 10:31:18.451 I/DEBUG (1488): ........ ........
11-30 10:31:18.451 I/DEBUG (1488): #01 439d4c18 40c3d3e9 /system/lib/libcald_hal.so
11-30 10:31:18.451 I/DEBUG (1488): 439d4c1c 40c4b2bb /system/lib/libcald_hal.so
11-30 10:31:18.451 I/DEBUG (1488): 439d4c20 00000000
11-30 10:31:18.451 I/DEBUG (1488): 439d4c24 00000000
11-30 10:31:18.451 I/DEBUG (1488): 439d4c28 00000000
11-30 10:31:18.451 I/DEBUG (1488): 439d4c2c 00000000
11-30 10:31:18.451 I/DEBUG (1488): 439d4c30 00000000
11-30 10:31:18.451 I/DEBUG (1488): 439d4c34 00000000
11-30 10:31:18.451 I/DEBUG (1488): 439d4c38 00000000
11-30 10:31:18.451 I/DEBUG (1488): 439d4c3c 00000000
11-30 10:31:18.451 I/DEBUG (1488): 439d4c40 00000000
11-30 10:31:18.451 I/DEBUG (1488): 439d4c44 00000018
11-30 10:31:18.451 I/DEBUG (1488): 439d4c48 426f5678
11-30 10:31:18.451 I/DEBUG (1488): 439d4c4c 00000000
11-30 10:31:18.451 I/DEBUG (1488): 439d4c50 00000000
11-30 10:31:18.451 I/DEBUG (1488): 439d4c54 426f51a4
11-30 10:31:18.451 I/DEBUG (1488): ........ ........
11-30 10:31:18.451 I/DEBUG (1488): #02 439d4cc8 426f8e54
11-30 10:31:18.451 I/DEBUG (1488): 439d4ccc 00000000
11-30 10:31:18.451 I/DEBUG (1488): 439d4cd0 000002d0
11-30 10:31:18.451 I/DEBUG (1488): 439d4cd4 00000000
