--------- beginning of /dev/log/system
11-30 08:51:28.425 I/bs_startupflag(1466): Started
11-30 08:51:28.425 I/bs_startupflag(1466): Option: bootstarted (4)
11-30 08:51:28.425 I/bs_startupflag(1466): Read value of MiscTA 2227: 0x55
11-30 08:51:28.425 I/bs_startupflag(1466): Startupflag return success.
11-30 08:51:28.445 I/bs_rfhal_export(1467): Started
11-30 08:51:28.445 I/bs_rfhal_export(1467): The status file /modemfs/rfhal_export_done exists and nothing is changed in /modemfs/semc-rf/ and operator customization files, exporting already done.
11-30 08:51:28.445 I/bs_rfhal_export(1467): Done
11-30 08:51:28.475 W/bs_taimport(1468): Failed to read unit 60240: Unit not found
11-30 08:51:28.475 W/bs_taimport(1468): Failed to read unit 60240: Unit not found
11-30 08:51:28.665 I/auditd (1485): Starting up
11-30 08:51:28.746 I/audit_log(1485): Previous audit logfile detected, rotating
11-30 08:51:28.986 I/Vold (1484): Vold 2.1 (the revenge) firing up
11-30 08:51:28.986 D/Vold (1484): Volume sdcard0 state changing -1 (Initializing) -> 0 (No-Media)
11-30 08:51:28.986 D/Vold (1484): Volume sdcard1 state changing -1 (Initializing) -> 0 (No-Media)
11-30 08:51:28.986 D/Vold (1484): Volume usbdisk state changing -1 (Initializing) -> 0 (No-Media)
11-30 08:51:29.006 D/Vold (1484): Volume sdcard0 state changing 0 (No-Media) -> 2 (Pending)
11-30 08:51:29.006 D/DirectVolume(1484): DirectVolume::handlePartitionAdded -> MAJOR 179, MINOR 1, PARTN 1
11-30 08:51:29.006 D/DirectVolume(1484): DirectVolume::handlePartitionAdded -> MAJOR 179, MINOR 2, PARTN 2
11-30 08:51:29.006 D/DirectVolume(1484): DirectVolume::handlePartitionAdded -> MAJOR 179, MINOR 3, PARTN 3
11-30 08:51:29.016 D/DirectVolume(1484): DirectVolume::handlePartitionAdded -> MAJOR 179, MINOR 4, PARTN 4
11-30 08:51:29.016 D/DirectVolume(1484): DirectVolume::handlePartitionAdded -> MAJOR 179, MINOR 5, PARTN 5
11-30 08:51:29.016 D/DirectVolume(1484): DirectVolume::handlePartitionAdded -> MAJOR 179, MINOR 6, PARTN 6
11-30 08:51:29.016 D/DirectVolume(1484): DirectVolume::handlePartitionAdded -> MAJOR 179, MINOR 7, PARTN 7
11-30 08:51:29.016 D/DirectVolume(1484): DirectVolume::handlePartitionAdded -> MAJOR 179, MINOR 8, PARTN 8
11-30 08:51:29.016 D/DirectVolume(1484): DirectVolume::handlePartitionAdded -> MAJOR 179, MINOR 9, PARTN 9
11-30 08:51:29.016 D/DirectVolume(1484): DirectVolume::handlePartitionAdded -> MAJOR 179, MINOR 10, PARTN 10
11-30 08:51:29.016 D/DirectVolume(1484): DirectVolume::handlePartitionAdded -> MAJOR 179, MINOR 11, PARTN 11
11-30 08:51:29.026 D/DirectVolume(1484): DirectVolume::handlePartitionAdded -> MAJOR 179, MINOR 12, PARTN 12
11-30 08:51:29.026 D/DirectVolume(1484): DirectVolume::handlePartitionAdded -> MAJOR 179, MINOR 13, PARTN 13
11-30 08:51:29.026 D/DirectVolume(1484): DirectVolume::handlePartitionAdded -> MAJOR 179, MINOR 14, PARTN 14
11-30 08:51:29.026 D/Vold (1484): Volume sdcard0 state changing 2 (Pending) -> 1 (Idle-Unmounted)
11-30 08:51:29.026 W/Vold (1484): Duplicate state (1)
11-30 08:51:29.026 W/Vold (1484): Duplicate state (1)
11-30 08:51:29.026 W/Vold (1484): Duplicate state (1)
11-30 08:51:29.026 W/Vold (1484): Duplicate state (1)
11-30 08:51:29.026 D/Vold (1484): Volume sdcard1 state changing 0 (No-Media) -> 2 (Pending)
11-30 08:51:29.026 D/DirectVolume(1484): DirectVolume::handlePartitionAdded -> MAJOR 179, MINOR 97, PARTN 1
11-30 08:51:29.026 D/Vold (1484): Volume sdcard1 state changing 2 (Pending) -> 1 (Idle-Unmounted)
11-30 08:51:37.884 I/SystemServer(2157): Entered the Android system server!
11-30 08:51:38.095 I/SystemServer(2157): Waiting for installd to be ready.
11-30 08:51:38.095 I/Installer(2157): connecting...
11-30 08:51:38.095 I/SystemServer(2157): Power Manager
11-30 08:51:38.105 I/SystemServer(2157): Activity Manager
11-30 08:51:38.105 I/SystemServer(2157): Enabled StrictMode logging for WM Looper
11-30 08:51:38.295 I/ActivityManager(2157): Memory class: 48
11-30 08:51:38.435 I/UiThread(2157): Enabled StrictMode logging for UI thread
11-30 08:51:38.455 I/IntentFirewall(2157): Read new rules (A:0 B:0 S:0)
11-30 08:51:38.465 I/ActivityManager(2157): Enabled StrictMode logging for AThread's Looper
11-30 08:51:38.465 I/SystemServer(2157): Display Manager
11-30 08:51:38.465 I/SystemServer(2157): Telephony Registry
11-30 08:51:38.475 I/SystemServer(2157): Scheduling Policy
11-30 08:51:38.475 I/DisplayManagerService(2157): Display device added: DisplayDeviceInfo{"Schermo incorporato": 480 x 854, 60.000004 fps, density 240, 283.53488 x 281.70908 dpi, touch INTERNAL, rotation 0, type BUILT_IN, FLAG_DEFAULT_DISPLAY, FLAG_ROTATES_WITH_CONTENT, FLAG_SECURE, FLAG_SUPPORTS_PROTECTED_BUFFERS}
11-30 08:51:38.475 I/SystemServer(2157): Package Manager
11-30 08:51:38.615 D/SELinuxMMAC(2157): Couldn't find install policy /data/security/mac_permissions.xml
11-30 08:51:38.615 D/SELinuxMMAC(2157): Using install policy file /system/etc/security/mac_permissions.xml
11-30 08:51:38.945 W/PackageManager(2157): Library not found: /system/framework/com.google.android.maps.jar
11-30 08:51:39.136 W/PackageParser(2157): No actions in intent filter at /system/priv-app/Contacts.apk Binary XML file line #375
11-30 08:51:39.236 W/PackageParser(2157): No actions in intent filter at /system/priv-app/Dialer.apk Binary XML file line #172
11-30 08:51:40.257 W/PackageParser(2157): No actions in intent filter at /system/app/Bluetooth.apk Binary XML file line #211
11-30 08:51:40.277 W/PackageParser(2157): No actions in intent filter at /system/app/BluetoothExt.apk Binary XML file line #62
11-30 08:51:40.277 W/PackageParser(2157): No actions in intent filter at /system/app/BluetoothExt.apk Binary XML file line #86
11-30 08:51:40.277 W/PackageParser(2157): No actions in intent filter at /system/app/BluetoothExt.apk Binary XML file line #139
11-30 08:51:40.377 W/PackageParser(2157): No actions in intent filter at /system/app/CMFileManager.apk Binary XML file line #137
11-30 08:51:40.777 W/PackageParser(2157): Unknown element under : permission at /system/app/Gallery2.apk Binary XML file line #243
11-30 08:51:40.777 W/PackageParser(2157): Unknown element under : permission at /system/app/Gallery2.apk Binary XML file line #246
11-30 08:51:41.268 W/PackageParser(2157): No actions in intent filter at /system/app/textinput-chn.apk Binary XML file line #44
11-30 08:51:41.308 W/PackageParser(2157): No actions in intent filter at /system/app/textinput-tng.apk Binary XML file line #53
11-30 08:51:41.308 W/PackageParser(2157): No actions in intent filter at /system/app/textinput-tng.apk Binary XML file line #62
11-30 08:51:41.308 W/PackageParser(2157): No actions in intent filter at /system/app/textinput-tng.apk Binary XML file line #70
11-30 08:51:41.308 W/PackageParser(2157): No actions in intent filter at /system/app/textinput-tng.apk Binary XML file line #79
11-30 08:51:41.308 W/PackageParser(2157): No actions in intent filter at /system/app/textinput-tng.apk Binary XML file line #131
11-30 08:51:41.448 E/PackageManager(2157): Package com.sonyericsson.textinput.chinese requires unavailable shared library com.sonyericsson.uxp; failing!
11-30 08:51:41.448 I/PackageManager(2157): Time to scan packages: 2.515 seconds
11-30 08:51:41.448 W/PackageManager(2157): Unknown permission com.android.launcher.permission.PRELOAD_WORKSPACE in package com.google.android.partnersetup
11-30 08:51:41.448 W/PackageManager(2157): Unknown permission com.sonyericsson.permission.CUSTOMIZATION in package com.sonyericsson.textinput.chinese
11-30 08:51:41.448 W/PackageManager(2157): Not granting permission android.permission.INTERNAL_SYSTEM_WINDOW to package com.sonyericsson.textinput.chinese (protectionLevel=2 flags=0x8bc45)
11-30 08:51:41.448 W/PackageManager(2157): Unknown permission com.android.vending.billing.IBillingAccountService.BIND2 in package com.google.android.gsf.login
11-30 08:51:41.448 W/PackageManager(2157): Unknown permission com.android.chrome.TOS_ACKED in package com.google.android.gsf.login
11-30 08:51:41.448 W/PackageManager(2157): Unknown permission com.google.android.gallery3d.permission.GALLERY_PROVIDER in package com.android.bluetooth
11-30 08:51:41.458 W/PackageManager(2157): Not granting permission android.permission.ACCESS_DOWNLOAD_MANAGER to package com.android.browser (protectionLevel=18 flags=0x49be45)
11-30 08:51:41.458 W/PackageManager(2157): Not granting permission android.permission.SEND_DOWNLOAD_COMPLETED_INTENTS to package com.android.browser (protectionLevel=2 flags=0x49be45)
11-30 08:51:41.468 W/PackageManager(2157): Unknown permission com.sonyericsson.permission.CUSTOMIZATION in package com.sonyericsson.textinput.uxp
11-30 08:51:41.468 W/PackageManager(2157): Not granting permission android.permission.INTERNAL_SYSTEM_WINDOW to package com.sonyericsson.textinput.uxp (protectionLevel=2 flags=0x9bc45)
11-30 08:51:41.468 W/PackageManager(2157): Unknown permission com.android.launcher.permission.READ_SETTINGS in package com.android.onetimeinitializer
11-30 08:51:41.468 W/PackageManager(2157): Unknown permission com.android.launcher.permission.WRITE_SETTINGS in package com.android.onetimeinitializer
11-30 08:51:41.468 W/PackageManager(2157): Not granting permission android.permission.BIND_APPWIDGET to package com.android.launcher3 (protectionLevel=18 flags=0x48be45)
11-30 08:51:41.468 W/PackageManager(2157): Unknown permission com.android.launcher.permission.READ_SETTINGS in package com.android.launcher3
11-30 08:51:41.468 W/PackageManager(2157): Unknown permission com.android.launcher.permission.WRITE_SETTINGS in package com.android.launcher3
11-30 08:51:41.468 W/PackageManager(2157): Not granting permission android.permission.BIND_WALLPAPER to package com.android.camera2 (protectionLevel=18 flags=0x18bc45)
11-30 08:51:41.468 W/PackageManager(2157): Unknown permission android.permission.INSTALL_DRM in package com.android.mms
11-30 08:51:41.468 W/PackageManager(2157): Unknown permission com.cyanogenmod.filemanager.permissions.READ_THEME in package com.cyanogenmod.filemanager
11-30 08:51:41.468 W/PackageManager(2157): Unknown permission android.permission.MMS_PUSH in package org.codeaurora.bluetooth
11-30 08:51:41.468 W/PackageManager(2157): Unknown permission com.google.android.gallery3d.permission.PICASA_STORE in package com.android.dreams.phototable
11-30 08:51:41.468 W/PackageManager(2157): Unknown permission com.android.launcher.permission.READ_SETTINGS in package com.android.settings
11-30 08:51:41.468 W/PackageManager(2157): Unknown permission com.android.launcher.permission.WRITE_SETTINGS in package com.android.settings
11-30 08:51:41.468 W/PackageManager(2157): Unknown permission android.permission.CHANGE_PRIVACY_GUARD_STATE in package com.android.settings
11-30 08:51:41.468 W/PackageManager(2157): Not granting permission android.permission.SEND_DOWNLOAD_COMPLETED_INTENTS to package com.android.vending (protectionLevel=2 flags=0x400abe45)
11-30 08:51:41.468 W/PackageManager(2157): Unknown permission android.permission.SEND_SMS_NO_CONFIRMATION in package com.android.vending
11-30 08:51:41.478 W/PackageManager(2157): Not granting permission android.permission.DEVICE_POWER to package com.android.deskclock (protectionLevel=2 flags=0x48be45)
11-30 08:51:41.478 W/PackageManager(2157): Not granting permission android.permission.READ_DREAM_STATE to package com.google.android.gsf (protectionLevel=2 flags=0x40083e45)
11-30 08:51:41.518 V/PackageManager(2157): Disabling com.google.android.gsf/com.google.android.gsf.update.SystemUpdateActivity
11-30 08:51:41.518 V/PackageManager(2157): Disabling com.google.android.gsf/com.google.android.gsf.update.SystemUpdateService
11-30 08:51:41.518 V/PackageManager(2157): Disabling com.google.android.gsf/com.google.android.gsf.update.SystemUpdateService$Receiver
11-30 08:51:42.359 I/SystemServer(2157): Entropy Mixer
11-30 08:51:42.359 I/EntropyMixer(2157): Writing entropy...
11-30 08:51:42.399 I/SystemServer(2157): User Service
11-30 08:51:42.399 I/SystemServer(2157): Account Manager
11-30 08:51:42.419 I/SystemServer(2157): Content Manager
11-30 08:51:42.419 I/SystemServer(2157): System Content Providers
11-30 08:51:42.469 I/SystemServer(2157): Lights Service
11-30 08:51:42.469 I/SystemServer(2157): Battery Service
11-30 08:51:42.489 I/SystemServer(2157): Vibrator Service
11-30 08:51:42.489 I/SystemServer(2157): Consumer IR Service
11-30 08:51:42.499 I/SystemServer(2157): Alarm Manager
11-30 08:51:42.509 I/SystemServer(2157): Init Watchdog
11-30 08:51:42.509 I/SystemServer(2157): Input Manager
11-30 08:51:42.509 I/InputManager(2157): Initializing input manager, mUseDevInputEventForAudioJack=false
11-30 08:51:42.519 I/SystemServer(2157): Window Manager
11-30 08:51:42.549 I/WindowManager(2157): No existing display settings /data/system/display_settings.xml; starting empty
11-30 08:51:42.589 I/WindowManager(2157): No keyguard interface!
11-30 08:51:42.599 I/InputManager(2157): Starting input manager
11-30 08:51:42.609 I/SystemServer(2157): Bluetooth Manager Service
11-30 08:51:42.609 I/SystemServer(2157): Input Method Service
11-30 08:51:42.629 W/InputMethodManagerService(2157): Couldn't create dir.: /data/system/inputmethod
11-30 08:51:42.669 I/SystemServer(2157): Accessibility Manager
11-30 08:51:42.679 I/ActivityManager(2157): Config changes=1df8 {1.0 ?mcc?mnc it_IT ldltr sw320dp w320dp h569dp 240dpi nrml long port ?uimode ?night -touch -keyb/v/h -nav/h s.2 themeResource=null}
11-30 08:51:42.689 I/ActivityManager(2157): Config changes=400 {1.0 ?mcc?mnc it_IT ldltr sw320dp w320dp h544dp 240dpi nrml long port ?uimode ?night -touch -keyb/v/h -nav/h s.3 themeResource=null}
11-30 08:51:42.689 I/SystemServer(2157): Mount Service
11-30 08:51:42.689 D/MountService(2157): got storage path: /storage/sdcard0 description: Memoria interna primary: true removable: false emulated: false mtpReserve: 0 allowMassStorage: true maxFileSize: 0
11-30 08:51:42.689 D/MountService(2157): addVolumeLocked() StorageVolume [mStorageId=0 mPath=/storage/sdcard0 mDescriptionId=17040775 mPrimary=true mRemovable=false mEmulated=false mMtpReserveSpace=0 mAllowMassStorage=true mMaxFileSize=0 mOwner=null]
11-30 08:51:42.689 D/MountService(2157): got storage path: /storage/sdcard1 description: Scheda SD primary: false removable: true emulated: false mtpReserve: 0 allowMassStorage: true maxFileSize: 0
11-30 08:51:42.689 D/MountService(2157): addVolumeLocked() StorageVolume [mStorageId=0 mPath=/storage/sdcard1 mDescriptionId=17040776 mPrimary=false mRemovable=true mEmulated=false mMtpReserveSpace=0 mAllowMassStorage=true mMaxFileSize=0 mOwner=null]
11-30 08:51:42.689 D/MountService(2157): got storage path: /storage/usbdisk description: Archivio USB primary: false removable: true emulated: false mtpReserve: 0 allowMassStorage: true maxFileSize: 0
11-30 08:51:42.689 D/MountService(2157): addVolumeLocked() StorageVolume [mStorageId=0 mPath=/storage/usbdisk mDescriptionId=17040777 mPrimary=false mRemovable=true mEmulated=false mMtpReserveSpace=0 mAllowMassStorage=true mMaxFileSize=0 mOwner=null]
11-30 08:51:42.699 I/SystemServer(2157): LockSettingsService
11-30 08:51:42.709 I/SystemServer(2157): Device Policy
11-30 08:51:42.709 I/SystemServer(2157): Status Bar
11-30 08:51:42.729 I/SystemServer(2157): Clipboard Service
11-30 08:51:42.729 I/SystemServer(2157): NetworkManagement Service
11-30 08:51:42.739 W/MountService(2157): Duplicate state transition (unmounted -> unmounted) for /storage/sdcard0
11-30 08:51:42.739 W/MountService(2157): Duplicate state transition (unmounted -> unmounted) for /storage/sdcard1
11-30 08:51:42.739 D/MountService(2157): volume state changed for /storage/usbdisk (unmounted -> removed)
11-30 08:51:42.739 I/SystemServer(2157): Text Service Manager Service
11-30 08:51:42.739 W/MountService(2157): getSecureContainerList() called when storage not mounted
11-30 08:51:42.739 W/PackageManager(2157): Unknown permission com.android.launcher.permission.PRELOAD_WORKSPACE in package com.google.android.partnersetup
11-30 08:51:42.739 W/PackageManager(2157): Unknown permission com.sonyericsson.permission.CUSTOMIZATION in package com.sonyericsson.textinput.chinese
11-30 08:51:42.739 W/PackageManager(2157): Not granting permission android.permission.INTERNAL_SYSTEM_WINDOW to package com.sonyericsson.textinput.chinese (protectionLevel=2 flags=0x88bc45)
11-30 08:51:42.749 I/SystemServer(2157): NetworkStats Service
11-30 08:51:42.749 W/PackageManager(2157): Unknown permission com.android.vending.billing.IBillingAccountService.BIND2 in package com.google.android.gsf.login
11-30 08:51:42.749 W/PackageManager(2157): Unknown permission com.android.chrome.TOS_ACKED in package com.google.android.gsf.login
11-30 08:51:42.749 W/PackageManager(2157): Unknown permission com.google.android.gallery3d.permission.GALLERY_PROVIDER in package com.android.bluetooth
11-30 08:51:42.749 W/PackageManager(2157): Not granting permission android.permission.ACCESS_DOWNLOAD_MANAGER to package com.android.browser (protectionLevel=18 flags=0x49be45)
11-30 08:51:42.749 W/PackageManager(2157): Not granting permission android.permission.SEND_DOWNLOAD_COMPLETED_INTENTS to package com.android.browser (protectionLevel=2 flags=0x49be45)
11-30 08:51:42.749 W/PackageManager(2157): Unknown permission com.sonyericsson.permission.CUSTOMIZATION in package com.sonyericsson.textinput.uxp
11-30 08:51:42.749 W/PackageManager(2157): Not granting permission android.permission.INTERNAL_SYSTEM_WINDOW to package com.sonyericsson.textinput.uxp (protectionLevel=2 flags=0x89bc45)
11-30 08:51:42.749 W/PackageManager(2157): Unknown permission com.android.launcher.permission.READ_SETTINGS in package com.android.onetimeinitializer
11-30 08:51:42.749 W/PackageManager(2157): Unknown permission com.android.launcher.permission.WRITE_SETTINGS in package com.android.onetimeinitializer
11-30 08:51:42.749 W/PackageManager(2157): Not granting permission android.permission.BIND_APPWIDGET to package com.android.launcher3 (protectionLevel=18 flags=0x48be45)
11-30 08:51:42.749 W/PackageManager(2157): Unknown permission com.android.launcher.permission.READ_SETTINGS in package com.android.launcher3
11-30 08:51:42.749 W/PackageManager(2157): Unknown permission com.android.launcher.permission.WRITE_SETTINGS in package com.android.launcher3
11-30 08:51:42.749 W/PackageManager(2157): Not granting permission android.permission.BIND_WALLPAPER to package com.android.camera2 (protectionLevel=18 flags=0x18bc45)
11-30 08:51:42.749 W/PackageManager(2157): Unknown permission android.permission.INSTALL_DRM in package com.android.mms
11-30 08:51:42.749 W/PackageManager(2157): Unknown permission com.cyanogenmod.filemanager.permissions.READ_THEME in package com.cyanogenmod.filemanager
11-30 08:51:42.749 W/PackageManager(2157): Unknown permission android.permission.MMS_PUSH in package org.codeaurora.bluetooth
11-30 08:51:42.749 W/PackageManager(2157): Unknown permission com.google.android.gallery3d.permission.PICASA_STORE in package com.android.dreams.phototable
11-30 08:51:42.749 W/PackageManager(2157): Unknown permission com.android.launcher.permission.READ_SETTINGS in package com.android.settings
11-30 08:51:42.749 W/PackageManager(2157): Unknown permission com.android.launcher.permission.WRITE_SETTINGS in package com.android.settings
11-30 08:51:42.749 I/SystemServer(2157): NetworkPolicy Service
11-30 08:51:42.759 W/PackageManager(2157): Unknown permission android.permission.CHANGE_PRIVACY_GUARD_STATE in package com.android.settings
11-30 08:51:42.759 W/PackageManager(2157): Not granting permission android.permission.SEND_DOWNLOAD_COMPLETED_INTENTS to package com.android.vending (protectionLevel=2 flags=0x400abe45)
11-30 08:51:42.759 W/PackageManager(2157): Unknown permission android.permission.SEND_SMS_NO_CONFIRMATION in package com.android.vending
11-30 08:51:42.759 W/PackageManager(2157): Not granting permission android.permission.DEVICE_POWER to package com.android.deskclock (protectionLevel=2 flags=0x48be45)
11-30 08:51:42.759 W/PackageManager(2157): Not granting permission android.permission.READ_DREAM_STATE to package com.google.android.gsf (protectionLevel=2 flags=0x40083e45)
11-30 08:51:42.759 I/SystemServer(2157): Wi-Fi P2pService
11-30 08:51:43.120 I/SystemServer(2157): Wi-Fi Service
11-30 08:51:43.150 I/ActivityManager(2157): Config changes=8 {1.0 ?mcc?mnc it_IT ldltr sw320dp w320dp h544dp 240dpi nrml long port ?uimode ?night finger -keyb/v/h -nav/h s.4 themeResource=null}
11-30 08:51:43.230 I/SystemServer(2157): Connectivity Service
11-30 08:51:43.230 D/ConnectivityService(2157): ConnectivityService starting up
11-30 08:51:43.240 D/ConnectivityService(2157): wifiOnly=false
11-30 08:51:43.240 E/ConnectivityService(2157): Ignoring protectedNetwork 10
11-30 08:51:43.240 E/ConnectivityService(2157): Ignoring protectedNetwork 11
11-30 08:51:43.240 E/ConnectivityService(2157): Ignoring protectedNetwork 12
11-30 08:51:43.240 E/ConnectivityService(2157): Ignoring protectedNetwork 14
11-30 08:51:43.260 W/ContextImpl(2157): Calling a method in the system process without a qualified user: android.app.ContextImpl.bindService:1574 android.bluetooth.BluetoothPan.doBind:149 android.bluetooth.BluetoothPan.:141 android.bluetooth.BluetoothAdapter.getProfileProxy:1200 android.bluetooth.BluetoothTetheringDataTracker.startMonitoring:116
11-30 08:51:43.270 E/MobileDataStateTracker(2157): default: Ignoring feature request because could not acquire PhoneService
11-30 08:51:43.270 E/MobileDataStateTracker(2157): default: Could not enable APN type "default"
11-30 08:51:43.270 I/WifiService(2157): WifiService starting up with Wi-Fi enabled
11-30 08:51:43.270 D/WifiService(2157): setWifiEnabled: true pid=2157, uid=1000
11-30 08:51:43.290 I/SystemServer(2157): Network Service Discovery Service
11-30 08:51:43.290 D/NsdService(2157): Network service discovery enabled true
11-30 08:51:43.290 I/SystemServer(2157): UpdateLock Service
11-30 08:51:43.380 I/SystemServer(2157): Profile Manager
11-30 08:51:43.440 I/SystemServer(2157): Notification Manager
11-30 08:51:43.450 I/SystemServer(2157): Device Storage Monitor
11-30 08:51:43.450 I/SystemServer(2157): Location Manager
11-30 08:51:43.450 I/SystemServer(2157): Country Detector
11-30 08:51:43.450 I/SystemServer(2157): Search Service
11-30 08:51:43.460 I/SystemServer(2157): DropBox Service
11-30 08:51:43.460 I/SystemServer(2157): Wallpaper Service
11-30 08:51:43.460 I/SystemServer(2157): Audio Service
11-30 08:51:43.580 I/SystemServer(2157): Dock Observer
11-30 08:51:43.580 W/DockObserver(2157): This kernel does not have dock station support
11-30 08:51:43.580 I/SystemServer(2157): Wired Accessory Manager
11-30 08:51:43.580 W/WiredAccessoryManager(2157): This kernel does not have usb audio support
11-30 08:51:43.580 W/WiredAccessoryManager(2157): This kernel does not have Motorola EMU audio support
11-30 08:51:43.580 W/WiredAccessoryManager(2157): This kernel does not have samsung usb dock audio support
11-30 08:51:43.590 W/WiredAccessoryManager(2157): This kernel does not have HDMI audio support
11-30 08:51:43.590 I/SystemServer(2157): USB Service
11-30 08:51:43.590 I/SystemServer(2157): Serial Service
11-30 08:51:43.590 I/SystemServer(2157): Twilight Service
11-30 08:51:43.590 I/SystemServer(2157): UI Mode Manager Service
11-30 08:51:43.600 I/SystemServer(2157): Backup Service
11-30 08:51:43.600 V/BackupManagerService(2157): Initializing package tracking
11-30 08:51:43.600 V/BackupManagerService(2157): No ancestral data
11-30 08:51:43.600 V/BackupManagerService(2157): addPackageParticipantsLocked: all
11-30 08:51:43.600 I/BackupManagerService(2157): Scheduling backup for new app com.android.browser
11-30 08:51:43.600 D/BackupManagerService(2157): Now staging backup of com.android.browser
11-30 08:51:43.620 I/BackupManagerService(2157): Scheduling backup for new app com.sonyericsson.textinput.uxp
11-30 08:51:43.620 D/BackupManagerService(2157): Now staging backup of com.sonyericsson.textinput.uxp
11-30 08:51:43.630 I/BackupManagerService(2157): Scheduling backup for new app com.android.providers.userdictionary
11-30 08:51:43.630 D/BackupManagerService(2157): Now staging backup of com.android.providers.userdictionary
11-30 08:51:43.650 I/BackupManagerService(2157): Scheduling backup for new app com.android.sharedstoragebackup
11-30 08:51:43.650 D/BackupManagerService(2157): Now staging backup of com.android.sharedstoragebackup
11-30 08:51:43.660 I/BackupManagerService(2157): Scheduling backup for new app com.rhmsoft.fm
11-30 08:51:43.660 D/BackupManagerService(2157): Now staging backup of com.rhmsoft.fm
11-30 08:51:43.670 I/BackupManagerService(2157): Scheduling backup for new app android
11-30 08:51:43.670 D/BackupManagerService(2157): Now staging backup of android
11-30 08:51:43.680 I/BackupManagerService(2157): Scheduling backup for new app com.android.vending
11-30 08:51:43.680 D/BackupManagerService(2157): Now staging backup of com.android.vending
11-30 08:51:43.690 I/BackupManagerService(2157): Scheduling backup for new app com.android.providers.telephony
11-30 08:51:43.690 D/BackupManagerService(2157): Now staging backup of com.android.providers.telephony
11-30 08:51:43.700 I/BackupManagerService(2157): Scheduling backup for new app com.android.dialer
11-30 08:51:43.700 D/BackupManagerService(2157): Now staging backup of com.android.dialer
11-30 08:51:43.710 I/BackupManagerService(2157): Scheduling backup for new app com.android.providers.settings
11-30 08:51:43.710 D/BackupManagerService(2157): Now staging backup of com.android.providers.settings
11-30 08:51:43.720 V/BackupManagerService(2157): Starting with transport com.google.android.backup/.BackupTransportService
11-30 08:51:43.720 V/BackupManagerService(2157): Found transports: 1
11-30 08:51:43.720 I/BackupManagerService(2157): Binding to transport host ComponentInfo{android/com.android.internal.backup.LocalTransportService}
11-30 08:51:43.730 I/BackupManagerService(2157): Found stale backup journal, scheduling
11-30 08:51:43.730 I/BackupManagerService(2157): com.android.browser
11-30 08:51:43.730 I/BackupManagerService(2157): com.sonyericsson.textinput.uxp
11-30 08:51:43.730 I/BackupManagerService(2157): com.android.providers.userdictionary
11-30 08:51:43.730 I/BackupManagerService(2157): com.android.sharedstoragebackup
11-30 08:51:43.730 I/BackupManagerService(2157): com.rhmsoft.fm
11-30 08:51:43.730 I/BackupManagerService(2157): android
11-30 08:51:43.730 I/BackupManagerService(2157): com.android.vending
11-30 08:51:43.730 I/BackupManagerService(2157): com.android.providers.telephony
11-30 08:51:43.730 I/BackupManagerService(2157): com.android.dialer
11-30 08:51:43.730 I/BackupManagerService(2157): com.android.providers.settings
11-30 08:51:43.730 I/BackupManagerService(2157): Backup enabled => false
11-30 08:51:43.730 I/BackupManagerService(2157): Opting out of backup
11-30 08:51:43.730 I/SystemServer(2157): AppWidget Service
11-30 08:51:43.730 I/SystemServer(2157): Recognition Service
11-30 08:51:43.730 I/SystemServer(2157): DiskStats Service
11-30 08:51:43.730 I/SystemServer(2157): SamplingProfiler Service
11-30 08:51:43.740 I/SystemServer(2157): NetworkTimeUpdateService
11-30 08:51:43.740 I/SystemServer(2157): CommonTimeManagementService
11-30 08:51:43.740 I/SystemServer(2157): CertBlacklister
11-30 08:51:43.750 I/SystemServer(2157): Dreams Service
11-30 08:51:43.750 I/SystemServer(2157): Assets Atlas Service
11-30 08:51:43.750 I/SystemServer(2157): IdleMaintenanceService
11-30 08:51:43.750 I/SystemServer(2157): Print Service
11-30 08:51:43.760 I/SystemServer(2157): AssetRedirectionManager Service
11-30 08:51:43.960 I/ActivityManager(2157): Start proc com.android.systemui for service com.android.keyguard/.KeyguardService: pid=2247 uid=10008 gids={50008, 1028, 1015, 1035, 1006, 3002, 3001}
11-30 08:51:44.030 I/AppOps (2157): Pruning old package media/1013: new uid=-1
11-30 08:51:44.030 I/ActivityManager(2157): System now ready
11-30 08:51:44.040 I/SystemServer(2157): Making services ready
11-30 08:51:44.040 D/NetworkManagementService(2157): enabling bandwidth control
11-30 08:51:44.040 I/Vold (1484): /dev/block/vold/179:97 being considered for volume sdcard1
11-30 08:51:44.040 D/Vold (1484): Volume sdcard1 state changing 1 (Idle-Unmounted) -> 3 (Checking)
11-30 08:51:44.040 D/Vold (1484): Trying to get filesystem type for /dev/block/vold/179:97
11-30 08:51:44.050 D/MountService(2157): volume state changed for /storage/sdcard1 (unmounted -> checking)
11-30 08:51:44.050 D/MountService(2157): sendStorageIntent Intent { act=android.intent.action.MEDIA_CHECKING dat=file:///storage/sdcard1 (has extras) } to UserHandle{-1}
11-30 08:51:44.070 D/Vold (1484): Found vfat filesystem on /dev/block/vold/179:97
11-30 08:51:44.601 I/StatusBarManagerService(2157): registerStatusBar bar=com.android.internal.statusbar.IStatusBar$Stub$Proxy@42091070
11-30 08:51:44.631 I/Vold (1484): Filesystem check completed OK
11-30 08:51:44.641 D/Vold (1484): Volume sdcard1 state changing 3 (Checking) -> 4 (Mounted)
11-30 08:51:44.651 E/VoldConnector(2157): NDC Command {3 volume mount /storage/sdcard1} took too long (603ms)
11-30 08:51:44.661 I/Vold (1484): /dev/block/vold/179:14 being considered for volume sdcard0
11-30 08:51:44.661 D/Vold (1484): Volume sdcard0 state changing 1 (Idle-Unmounted) -> 3 (Checking)
11-30 08:51:44.661 D/Vold (1484): Trying to get filesystem type for /dev/block/vold/179:14
11-30 08:51:44.661 D/MountService(2157): volume state changed for /storage/sdcard1 (checking -> mounted)
11-30 08:51:44.661 D/MountService(2157): sendStorageIntent Intent { act=android.intent.action.MEDIA_MOUNTED dat=file:///storage/sdcard1 (has extras) } to UserHandle{-1}
11-30 08:51:44.671 D/Vold (1484): Found vfat filesystem on /dev/block/vold/179:14
11-30 08:51:44.681 D/MountService(2157): volume state changed for /storage/sdcard0 (unmounted -> checking)
11-30 08:51:44.691 D/MountService(2157): sendStorageIntent Intent { act=android.intent.action.MEDIA_CHECKING dat=file:///storage/sdcard0 (has extras) } to UserHandle{-1}
11-30 08:51:44.691 I/ActivityManager(2157): Start proc android.process.media for broadcast com.android.providers.downloads/.DownloadReceiver: pid=2310 uid=10006 gids={50006, 1028, 1015, 1023, 1024, 2001, 3003, 3007}
11-30 08:51:45.001 I/ActivityManager(2157): Config changes=200 {1.0 ?mcc?mnc it_IT ldltr sw320dp w320dp h544dp 240dpi nrml long port finger -keyb/v/h -nav/h s.5 themeResource=null}
11-30 08:51:45.021 W/RecognitionManagerService(2157): no available voice recognition services found for user 0
11-30 08:51:45.152 W/InputMethodManagerService(2157): Ignoring setImeWindowStatus of uid 1000 token: null
11-30 08:51:45.252 I/ActivityManager(2157): Start proc com.sonyericsson.textinput.uxp for service com.sonyericsson.textinput.uxp/.glue.InputMethodServiceGlue: pid=2344 uid=10067 gids={50067}
11-30 08:51:45.252 V/InputMethodManagerService(2157): Adding window token: android.os.Binder@41c10cc0
11-30 08:51:45.332 I/ActivityManager(2157): Start proc com.google.process.location for service com.google.android.gms/com.google.android.location.network.NetworkLocationService: pid=2360 uid=10017 gids={50017, 3003, 1007, 1028, 1015, 1006, 2001, 3006, 3007}
11-30 08:51:45.462 E/LocationManagerService(2157): No FusedProvider found.
11-30 08:51:45.602 I/ActivityManager(2157): Start proc com.android.phone for added application com.android.phone: pid=2379 uid=1001 gids={41001, 3002, 3001, 3003, 1028, 1015}
11-30 08:51:45.622 I/ActivityManager(2157): Start proc com.bel.android.dspmanager for added application com.bel.android.dspmanager: pid=2385 uid=10031 gids={50031, 3002}
11-30 08:51:45.652 I/ActivityManager(2157): Start proc com.tmobile.thememanager for added application com.tmobile.thememanager: pid=2391 uid=1300 gids={41300, 1300}
11-30 08:51:45.652 I/ActivityManager(2157): START u0 {act=android.intent.action.MAIN cat=[android.intent.category.HOME] flg=0x10000000 cmp=com.android.launcher3/.Launcher} from pid 0
11-30 08:51:45.722 I/ActivityManager(2157): Start proc com.android.launcher3 for activity com.android.launcher3/.Launcher: pid=2406 uid=10042 gids={50042, 1028}
11-30 08:51:45.772 I/SystemServer(2157): Enabled StrictMode for system server main thread.
11-30 08:51:45.772 E/ActivityThread(2344): Failed to find provider info for com.sonyericsson.provider.customization
11-30 08:51:45.872 I/Vold (1484): Filesystem check completed OK
11-30 08:51:45.882 D/Vold (1484): Volume sdcard0 state changing 3 (Checking) -> 4 (Mounted)
11-30 08:51:45.892 D/MountService(2157): volume state changed for /storage/sdcard0 (checking -> mounted)
11-30 08:51:45.892 E/VoldConnector(2157): NDC Command {4 volume mount /storage/sdcard0} took too long (1247ms)
11-30 08:51:45.902 D/MountService(2157): sendStorageIntent Intent { act=android.intent.action.MEDIA_MOUNTED dat=file:///storage/sdcard0 (has extras) } to UserHandle{-1}
11-30 08:51:45.902 W/InputMethodManagerService(2157): Focus gain on non-focused client android.view.inputmethod.InputMethodManager$1@41dfb7c0 (uid=1000 pid=2157)
11-30 08:51:45.962 I/ActivityManager(2157): Start proc com.android.printspooler for service com.android.printspooler/.PrintSpoolerService: pid=2426 uid=10052 gids={50052}
11-30 08:51:46.403 W/PackageManager(2157): Unknown permission com.android.launcher.permission.PRELOAD_WORKSPACE in package com.google.android.partnersetup
11-30 08:51:46.403 W/PackageManager(2157): Unknown permission com.sonyericsson.permission.CUSTOMIZATION in package com.sonyericsson.textinput.chinese
11-30 08:51:46.403 W/PackageManager(2157): Not granting permission android.permission.INTERNAL_SYSTEM_WINDOW to package com.sonyericsson.textinput.chinese (protectionLevel=2 flags=0x88bc45)
11-30 08:51:46.413 W/PackageManager(2157): Unknown permission com.android.vending.billing.IBillingAccountService.BIND2 in package com.google.android.gsf.login
11-30 08:51:46.413 W/PackageManager(2157): Unknown permission com.android.chrome.TOS_ACKED in package com.google.android.gsf.login
11-30 08:51:46.423 W/PackageManager(2157): Unknown permission com.google.android.gallery3d.permission.GALLERY_PROVIDER in package com.android.bluetooth
11-30 08:51:46.423 W/PackageManager(2157): Not granting permission android.permission.ACCESS_DOWNLOAD_MANAGER to package com.android.browser (protectionLevel=18 flags=0xc9be45)
11-30 08:51:46.423 W/PackageManager(2157): Not granting permission android.permission.SEND_DOWNLOAD_COMPLETED_INTENTS to package com.android.browser (protectionLevel=2 flags=0xc9be45)
11-30 08:51:46.423 W/PackageManager(2157): Unknown permission com.sonyericsson.permission.CUSTOMIZATION in package com.sonyericsson.textinput.uxp
11-30 08:51:46.423 W/PackageManager(2157): Not granting permission android.permission.INTERNAL_SYSTEM_WINDOW to package com.sonyericsson.textinput.uxp (protectionLevel=2 flags=0x89bc45)
11-30 08:51:46.423 W/PackageManager(2157): Unknown permission com.android.launcher.permission.READ_SETTINGS in package com.android.onetimeinitializer
11-30 08:51:46.423 W/PackageManager(2157): Unknown permission com.android.launcher.permission.WRITE_SETTINGS in package com.android.onetimeinitializer
11-30 08:51:46.423 W/PackageManager(2157): Not granting permission android.permission.BIND_APPWIDGET to package com.android.launcher3 (protectionLevel=18 flags=0xc8be45)
11-30 08:51:46.423 W/PackageManager(2157): Unknown permission com.android.launcher.permission.READ_SETTINGS in package com.android.launcher3
11-30 08:51:46.423 W/PackageManager(2157): Unknown permission com.android.launcher.permission.WRITE_SETTINGS in package com.android.launcher3
11-30 08:51:46.423 W/PackageManager(2157): Not granting permission android.permission.BIND_WALLPAPER to package com.android.camera2 (protectionLevel=18 flags=0x98bc45)
11-30 08:51:46.423 W/PackageManager(2157): Unknown permission android.permission.INSTALL_DRM in package com.android.mms
11-30 08:51:46.423 W/PackageManager(2157): Unknown permission com.cyanogenmod.filemanager.permissions.READ_THEME in package com.cyanogenmod.filemanager
11-30 08:51:46.433 W/PackageManager(2157): Unknown permission android.permission.MMS_PUSH in package org.codeaurora.bluetooth
11-30 08:51:46.433 W/PackageManager(2157): Unknown permission com.google.android.gallery3d.permission.PICASA_STORE in package com.android.dreams.phototable
11-30 08:51:46.443 W/PackageManager(2157): Unknown permission com.android.launcher.permission.READ_SETTINGS in package com.android.settings
11-30 08:51:46.443 W/PackageManager(2157): Unknown permission com.android.launcher.permission.WRITE_SETTINGS in package com.android.settings
11-30 08:51:46.443 W/PackageManager(2157): Unknown permission android.permission.CHANGE_PRIVACY_GUARD_STATE in package com.android.settings
11-30 08:51:46.443 W/PackageManager(2157): Not granting permission android.permission.SEND_DOWNLOAD_COMPLETED_INTENTS to package com.android.vending (protectionLevel=2 flags=0x408abe45)
11-30 08:51:46.453 W/PackageManager(2157): Unknown permission android.permission.SEND_SMS_NO_CONFIRMATION in package com.android.vending
11-30 08:51:46.453 W/PackageManager(2157): Not granting permission android.permission.DEVICE_POWER to package com.android.deskclock (protectionLevel=2 flags=0xc8be45)
11-30 08:51:46.463 W/PackageManager(2157): Not granting permission android.permission.READ_DREAM_STATE to package com.google.android.gsf (protectionLevel=2 flags=0x40883e45)
11-30 08:51:46.743 I/ActivityManager(2157): Start proc com.google.process.gapps for content provider com.google.android.gsf/.settings.GoogleSettingsProvider: pid=2471 uid=10017 gids={50017, 3003, 1007, 1028, 1015, 1006, 2001, 3006, 3007}
11-30 08:51:46.993 I/ActivityManager(2157): Start proc android.process.acore for content provider com.android.providers.contacts/.ContactsProvider2: pid=2489 uid=10003 gids={50003, 3003, 1028, 1015}
11-30 08:51:47.093 V/BackupManagerService(2157): Connected to transport ComponentInfo{android/com.android.internal.backup.LocalTransportService}
11-30 08:51:47.093 V/BackupManagerService(2157): Registering transport android/com.android.internal.backup.LocalTransportService::android/com.android.internal.backup.LocalTransport = com.android.internal.backup.LocalTransport@4200a2f8
11-30 08:51:47.454 I/ActivityManager(2157): Start proc com.android.smspush for service com.android.smspush/.WapPushManager: pid=2512 uid=10060 gids={50060}
11-30 08:51:47.544 I/ActivityManager(2157): Start proc com.google.android.gms for broadcast com.google.android.gms/com.google.android.location.internal.NlpNetworkProviderSettingsUpdateReceiver: pid=2528 uid=10017 gids={50017, 3003, 1007, 1028, 1015, 1006, 2001, 3006, 3007}
11-30 08:51:48.605 D/MobileDataStateTracker(2157): dun: Broadcast received: android.intent.action.ANY_DATA_STATE apnType=dun
11-30 08:51:48.695 D/MobileDataStateTracker(2157): dun: Received state=DISCONNECTED, old=DISCONNECTED, reason=radioTurnedOff
11-30 08:51:48.695 D/MobileDataStateTracker(2157): supl: Broadcast received: android.intent.action.ANY_DATA_STATE apnType=supl
11-30 08:51:48.715 D/MobileDataStateTracker(2157): supl: Received state=DISCONNECTED, old=DISCONNECTED, reason=radioTurnedOff
11-30 08:51:48.715 D/MobileDataStateTracker(2157): hipri: Broadcast received: android.intent.action.ANY_DATA_STATE apnType=hipri
11-30 08:51:48.725 D/MobileDataStateTracker(2157): hipri: Received state=DISCONNECTED, old=DISCONNECTED, reason=radioTurnedOff
11-30 08:51:48.725 D/MobileDataStateTracker(2157): default: Broadcast received: android.intent.action.ANY_DATA_STATE apnType=default
11-30 08:51:48.735 D/MobileDataStateTracker(2157): default: Received state=DISCONNECTED, old=DISCONNECTED, reason=radioTurnedOff
11-30 08:51:48.735 D/MobileDataStateTracker(2157): mms: Broadcast received: android.intent.action.ANY_DATA_STATE apnType=mms
11-30 08:51:48.745 D/MobileDataStateTracker(2157): mms: Received state=DISCONNECTED, old=DISCONNECTED, reason=radioTurnedOff
11-30 08:51:48.745 D/MobileDataStateTracker(2157): dun: Broadcast received: android.intent.action.ANY_DATA_STATE apnType=dun
11-30 08:51:48.745 D/MobileDataStateTracker(2157): dun: Received state=DISCONNECTED, old=DISCONNECTED, reason=radioTurnedOff
11-30 08:51:48.745 D/MobileDataStateTracker(2157): supl: Broadcast received: android.intent.action.ANY_DATA_STATE apnType=supl
11-30 08:51:48.755 D/MobileDataStateTracker(2157): supl: Received state=DISCONNECTED, old=DISCONNECTED, reason=radioTurnedOff
11-30 08:51:48.755 D/MobileDataStateTracker(2157): hipri: Broadcast received: android.intent.action.ANY_DATA_STATE apnType=hipri
11-30 08:51:48.755 D/MobileDataStateTracker(2157): hipri: Received state=DISCONNECTED, old=DISCONNECTED, reason=radioTurnedOff
11-30 08:51:48.755 D/MobileDataStateTracker(2157): default: Broadcast received: android.intent.action.ANY_DATA_STATE apnType=default
11-30 08:51:48.765 D/MobileDataStateTracker(2157): default: Received state=DISCONNECTED, old=DISCONNECTED, reason=radioTurnedOff
11-30 08:51:48.775 D/MobileDataStateTracker(2157): mms: Broadcast received: android.intent.action.ANY_DATA_STATE apnType=mms
11-30 08:51:48.785 D/MobileDataStateTracker(2157): mms: Received state=DISCONNECTED, old=DISCONNECTED, reason=radioTurnedOff
11-30 08:51:48.785 D/MobileDataStateTracker(2157): dun: Broadcast received: android.intent.action.ANY_DATA_STATE apnType=dun
11-30 08:51:48.795 D/MobileDataStateTracker(2157): dun: Received state=DISCONNECTED, old=DISCONNECTED, reason=dataDetached
11-30 08:51:48.795 D/MobileDataStateTracker(2157): supl: Broadcast received: android.intent.action.ANY_DATA_STATE apnType=supl
11-30 08:51:48.815 D/MobileDataStateTracker(2157): supl: Received state=DISCONNECTED, old=DISCONNECTED, reason=dataDetached
11-30 08:51:48.815 D/MobileDataStateTracker(2157): hipri: Broadcast received: android.intent.action.ANY_DATA_STATE apnType=hipri
11-30 08:51:48.845 D/MobileDataStateTracker(2157): hipri: Received state=DISCONNECTED, old=DISCONNECTED, reason=dataDetached
11-30 08:51:48.845 D/MobileDataStateTracker(2157): default: Broadcast received: android.intent.action.ANY_DATA_STATE apnType=default
11-30 08:51:48.845 D/MobileDataStateTracker(2157): default: Received state=DISCONNECTED, old=DISCONNECTED, reason=dataDetached
11-30 08:51:48.845 D/MobileDataStateTracker(2157): mms: Broadcast received: android.intent.action.ANY_DATA_STATE apnType=mms
11-30 08:51:48.845 D/MobileDataStateTracker(2157): mms: Received state=DISCONNECTED, old=DISCONNECTED, reason=dataDetached
11-30 08:51:50.487 I/ActivityManager(2157): Start proc com.android.settings for broadcast com.android.settings/.widget.SettingsAppWidgetProvider: pid=2596 uid=1000 gids={41000, 1028, 1015, 3002, 3001, 3003}
11-30 08:51:50.587 W/WindowManager(2157): Window freeze timeout expired.
11-30 08:51:50.587 W/WindowManager(2157): Force clearing orientation change: Window{41c01b90 u0 StatusBar}
11-30 08:51:50.957 W/ContextImpl(2596): Calling a method in the system process without a qualified user: android.app.ContextImpl.bindService:1574 android.content.ContextWrapper.bindService:517 android.bluetooth.BluetoothInputDevice.doBind:256 android.bluetooth.BluetoothInputDevice.:249 android.bluetooth.BluetoothAdapter.getProfileProxy:1197
11-30 08:51:50.977 W/ContextImpl(2596): Calling a method in the system process without a qualified user: android.app.ContextImpl.bindService:1574 android.content.ContextWrapper.bindService:517 android.bluetooth.BluetoothPan.doBind:149 android.bluetooth.BluetoothPan.:141 android.bluetooth.BluetoothAdapter.getProfileProxy:1200
11-30 08:51:50.977 W/ContextImpl(2596): Calling a method in the system process without a qualified user: android.app.ContextImpl.bindService:1574 android.content.ContextWrapper.bindService:517 android.bluetooth.BluetoothMap.doBind:109 android.bluetooth.BluetoothMap.:102 android.bluetooth.BluetoothAdapter.getProfileProxy:1212
11-30 08:51:50.997 W/ContextImpl(2596): Calling a method in the system process without a qualified user: android.app.ContextImpl.bindService:1574 android.content.ContextWrapper.bindService:517 android.bluetooth.BluetoothPbap.doBind:164 android.bluetooth.BluetoothPbap.:157 com.android.settings.bluetooth.PbapServerProfile.:68
11-30 08:51:51.197 I/ActivityManager(2157): Start proc com.google.android.apps.uploader for broadcast com.google.android.apps.uploader/com.google.android.picasasync.BatteryReceiver: pid=2615 uid=10061 gids={50061, 3003, 1028, 1015}
11-30 08:51:51.538 D/MccTable(2379): updateMccMncConfiguration: mcc=222, mnc=88
11-30 08:51:51.538 D/MccTable(2379): getLocaleFromMcc to it_it mcc=222
11-30 08:51:51.538 D/MccTable(2379): getLocaleForLanguageCountry: skipping already persisted
11-30 08:51:51.538 D/MccTable(2379): getLocaleForLanguageCountry: X locale=null
11-30 08:51:51.538 D/MccTable(2379): WIFI_COUNTRY_CODE set to it
11-30 08:51:51.538 I/WifiService(2157): WifiService trying to set country code to it with persist set to true
11-30 08:51:51.548 D/MccTable(2379): updateMccMncConfiguration updateConfig config={1.0 222mcc88mnc ?locale ?layoutDir ?swdp ?wdp ?hdp ?density ?lsize ?long ?orien ?uimode ?night ?touch ?keyb/?/? ?nav/? themeResource=null}
11-30 08:51:51.230 D/MobileDataStateTracker(2157): dun: Broadcast received: android.intent.action.ANY_DATA_STATE apnType=dun
11-30 08:51:51.230 D/MobileDataStateTracker(2157): dun: Received state=DISCONNECTED, old=DISCONNECTED, reason=dataAttached
11-30 08:51:51.230 D/MobileDataStateTracker(2157): supl: Broadcast received: android.intent.action.ANY_DATA_STATE apnType=supl
11-30 08:51:51.240 D/MobileDataStateTracker(2157): supl: Received state=DISCONNECTED, old=DISCONNECTED, reason=dataAttached
11-30 08:51:51.240 D/MobileDataStateTracker(2157): hipri: Broadcast received: android.intent.action.ANY_DATA_STATE apnType=hipri
11-30 08:51:51.240 D/MobileDataStateTracker(2157): hipri: Received state=DISCONNECTED, old=DISCONNECTED, reason=dataAttached
11-30 08:51:51.240 D/MobileDataStateTracker(2157): mms: Broadcast received: android.intent.action.ANY_DATA_STATE apnType=mms
11-30 08:51:51.250 D/MobileDataStateTracker(2157): mms: Received state=DISCONNECTED, old=DISCONNECTED, reason=dataAttached
11-30 08:51:51.250 D/MobileDataStateTracker(2157): dun: Broadcast received: android.intent.action.ANY_DATA_STATE apnType=dun
11-30 08:51:51.260 D/MobileDataStateTracker(2157): dun: Received state=DISCONNECTED, old=DISCONNECTED, reason=dataAttached
11-30 08:51:51.260 D/MobileDataStateTracker(2157): supl: Broadcast received: android.intent.action.ANY_DATA_STATE apnType=supl
11-30 08:51:51.260 D/MobileDataStateTracker(2157): supl: Received state=DISCONNECTED, old=DISCONNECTED, reason=dataAttached
11-30 08:51:51.260 D/MobileDataStateTracker(2157): hipri: Broadcast received: android.intent.action.ANY_DATA_STATE apnType=hipri
11-30 08:51:51.280 D/MobileDataStateTracker(2157): hipri: Received state=DISCONNECTED, old=DISCONNECTED, reason=dataAttached
11-30 08:51:51.280 D/MobileDataStateTracker(2157): mms: Broadcast received: android.intent.action.ANY_DATA_STATE apnType=mms
11-30 08:51:51.290 D/MobileDataStateTracker(2157): mms: Received state=DISCONNECTED, old=DISCONNECTED, reason=dataAttached
11-30 08:51:51.440 I/ActivityManager(2157): Delay finish: com.google.android.gms/.init.InitializeGmsReceiver
11-30 08:51:51.548 I/ActivityManager(2157): Config changes=3 {1.0 222mcc88mnc it_IT ldltr sw320dp w320dp h544dp 240dpi nrml long port finger -keyb/v/h -nav/h s.6 themeResource=null}
11-30 08:51:51.580 I/ActivityManager(2157): Resuming delayed broadcast
11-30 08:51:51.700 D/MobileDataStateTracker(2157): dun: Broadcast received: android.intent.action.ANY_DATA_STATE apnType=dun
11-30 08:51:51.700 D/MobileDataStateTracker(2157): dun: Received state=DISCONNECTED, old=DISCONNECTED, reason=simLoaded
11-30 08:51:51.710 D/MobileDataStateTracker(2157): supl: Broadcast received: android.intent.action.ANY_DATA_STATE apnType=supl
11-30 08:51:51.710 D/MobileDataStateTracker(2157): supl: Received state=DISCONNECTED, old=DISCONNECTED, reason=simLoaded
11-30 08:51:51.710 D/MobileDataStateTracker(2157): hipri: Broadcast received: android.intent.action.ANY_DATA_STATE apnType=hipri
11-30 08:51:51.720 D/MobileDataStateTracker(2157): hipri: Received state=DISCONNECTED, old=DISCONNECTED, reason=simLoaded
11-30 08:51:51.720 D/MobileDataStateTracker(2157): mms: Broadcast received: android.intent.action.ANY_DATA_STATE apnType=mms
11-30 08:51:51.720 D/MobileDataStateTracker(2157): mms: Received state=DISCONNECTED, old=DISCONNECTED, reason=simLoaded
11-30 08:51:51.730 D/MobileDataStateTracker(2157): dun: Broadcast received: android.intent.action.ANY_DATA_STATE apnType=dun
11-30 08:51:51.730 D/MobileDataStateTracker(2157): dun: Received state=DISCONNECTED, old=DISCONNECTED, reason=simLoaded
11-30 08:51:51.730 D/MobileDataStateTracker(2157): supl: Broadcast received: android.intent.action.ANY_DATA_STATE apnType=supl
11-30 08:51:51.730 D/MobileDataStateTracker(2157): supl: Received state=DISCONNECTED, old=DISCONNECTED, reason=simLoaded
11-30 08:51:51.730 D/MobileDataStateTracker(2157): hipri: Broadcast received: android.intent.action.ANY_DATA_STATE apnType=hipri
11-30 08:51:51.730 D/MobileDataStateTracker(2157): hipri: Received state=DISCONNECTED, old=DISCONNECTED, reason=simLoaded
11-30 08:51:51.740 D/MobileDataStateTracker(2157): mms: Broadcast received: android.intent.action.ANY_DATA_STATE apnType=mms
11-30 08:51:51.740 D/MobileDataStateTracker(2157): mms: Received state=DISCONNECTED, old=DISCONNECTED, reason=simLoaded
11-30 08:51:52.390 I/ActivityManager(2157): Delay finish: com.google.android.gms/.init.InitializeGmsReceiver
11-30 08:51:52.440 I/ActivityManager(2157): Resuming delayed broadcast
11-30 08:51:53.041 D/ConnectivityService(2157): handleInetConditionChange: no active default network - ignore
11-30 08:51:53.541 I/WindowManager(2157): Screen frozen for +2s741ms due to Window{41e279d0 u0 Keyguard}
