11-30 10:32:54.604 D/MMHWBuffer(8288): Destroy (bHandle=0x40e52738)
11-30 10:32:54.614 I/RME (8288): visual activity tracker switched OFF
11-30 10:32:54.614 I/ENSWrapper(8288): stopNMFWrapperServices
11-30 10:32:54.614 E/ENSWrapper(8288): stopENSWrapperServices: EE_CloseChannel failed
11-30 10:32:54.614 E/ENSLoader(8288): dbc_assert errorId=0 file=/home/hudsonslave/root/workspace/offbuild_jb-riogrande-6.2-release_matrix/HUDSON_PRODUCT/lotus/HUDSON_VARIANT/user/label/CM/vendor/st-ericsson/multimedia/shared/enswrapper/src/ENS_Wrapper_NMF.cpp line=176
11-30 10:32:54.614 I/ENSWrapper(8288): stopNMFWrapperServices Done
11-30 10:32:54.614 I/ENSWrapper(8288): stopENSWrapperServices
11-30 10:32:54.614 I/ENSWrapper(8288): stopOMXWrapperServices
11-30 10:32:54.614 I/ENSWrapper(8288): stopOMXWrapperServices Done
11-30 10:32:54.614 I/ENSWrapper(8288): stopENSWrapperServices Done
11-30 10:32:54.614 I/ActivityManager(2157): Killing 8245:android.process.media/u0a6 (adj 11): empty #2
11-30 10:32:54.634 I/OmxILOsalProperty(8288): GetProperty ste.video.dec.out.reorder =>
11-30 10:32:54.644 I/OmxILOsalProperty(8288): GetProperty ste.video.dec.recycle.delay => 1
11-30 10:32:54.644 I/ENSWrapper(8288): initOMXWrapperServices
11-30 10:32:54.644 I/ENSWrapper(8288): ASIC_ID=2
11-30 10:32:54.644 I/ENSWrapper(8288): initOMXWrapperServices Done
11-30 10:32:54.644 I/ENSWrapper(8288): initENSWrapperServices
11-30 10:32:54.644 I/OSTTRACE(8288): Executing OSTTraceInit
11-30 10:32:54.644 I/ENSWrapper(8288): initNMFWrapperServices
11-30 10:32:54.644 I/ENSWrapper(8288): initNMFWrapperServices: Enabling CM ULP mode
11-30 10:32:54.644 I/ENSWrapper(8288): initNMFWrapperServices Done
11-30 10:32:54.644 I/ENSWrapper(8288): initENSWrapperServices Done
11-30 10:32:54.644 I/OmxILOsalProperty(8288): GetProperty ste.video.dec.out.reorder =>
11-30 10:32:54.644 I/OmxILOsalProperty(8288): GetProperty ste.video.dec.recycle.delay => 1
11-30 10:32:54.644 I/OmxILOsalProperty(8288): GetProperty ste.video.dec.out.reorder =>
11-30 10:32:54.654 I/OmxILOsalProperty(8288): GetProperty ste.video.dec.recycle.delay => 1
11-30 10:32:54.664 I/OSI-Trace(8288): [DBGT][persist.debug.imgcommon.level] disabled
11-30 10:32:54.664 I/OSI-Trace(8288): [DBGT][persist.debug.damper.level] disabled
11-30 10:32:54.664 I/OSI-Trace(8288): [DBGT][persist.debug.damper.level] disabled
11-30 10:32:54.664 I/OSI-Trace(8288): [DBGT][persist.debug.damper.level] disabled
11-30 10:32:54.664 I/OSI-Trace(8288): [DBGT][persist.debug.damper.level] disabled
11-30 10:32:54.664 I/OSI-Trace(8288): [DBGT][persist.debug.damper.level] disabled
11-30 10:32:54.664 I/OSI-Trace(8288): [DBGT][persist.debug.damper.level] disabled
11-30 10:32:54.664 I/OSI-Trace(8288): [DBGT][persist.debug.damper.level] disabled
11-30 10:32:54.664 I/OSI-Trace(8288): [DBGT][persist.debug.damper.level] disabled
11-30 10:32:54.664 I/OSI-Trace(8288): [DBGT][persist.debug.damper.level] disabled
11-30 10:32:54.664 I/OSI-Trace(8288): [DBGT][persist.debug.damper.level] disabled
11-30 10:32:54.664 I/OSI-Trace(8288): [DBGT][persist.debug.damper.level] disabled
11-30 10:32:54.664 I/OSI-Trace(8288): [DBGT][persist.debug.damper.level] disabled
11-30 10:32:54.664 I/OSI-Trace(8288): [DBGT][persist.debug.damper.level] disabled
11-30 10:32:54.664 I/OSI-Trace(8288): [DBGT][persist.debug.damper.level] disabled
11-30 10:32:54.664 I/OSI-Trace(8288): [DBGT][persist.debug.damper.level] disabled
11-30 10:32:54.664 I/OSI-Trace(8288): [DBGT][persist.debug.damper.level] disabled
11-30 10:32:54.664 I/OSI-Trace(8288): [DBGT][persist.debug.hsmcamera.level] disabled
11-30 10:32:54.664 I/OSI-Trace(8288): [DBGT][persist.debug.ifm.level] disabled
11-30 10:32:54.674 I/OSI-Trace(8288): [DBGT][persist.debug.extcamera.level] disabled
11-30 10:32:54.674 I/OSI-Trace(8288): [DBGT][persist.debug.extcamera.level] disabled
11-30 10:32:54.674 I/caladbolg(8288): 978638 cald_pal.c (4554) 8288 I [INF] PAL_Delete
11-30 10:32:54.684 I/Sony Camera HAL(8288): HAL_getNumberOfCameras: X
11-30 10:32:54.694 V/RenderScript(2406): 0x53f76138 Launching thread(s), CPUs 2
11-30 10:32:54.704 W/AudioFlinger(8288): findSuitableHwDev_l() loading well know audio hw modules
11-30 10:32:54.724 D/ADM (1501): api_cscal:2838 STATUS Remap Mic to farfield_40cm_mono_mic.
11-30 10:32:55.015 I/AudioFlinger(8288): loadHwModule() Loaded primary audio interface from LEGACY Audio HW HAL (audio) handle 1
11-30 10:32:55.015 I/audio_a2dp_hw(8288): adev_open: adev_open in A2dp_hw module
11-30 10:32:55.015 I/AudioFlinger(8288): loadHwModule() Loaded a2dp audio interface from A2DP Audio HW HAL (audio) handle 2
11-30 10:32:55.015 I/AudioFlinger(8288): loadHwModule() Loaded usb audio interface from USB audio HW HAL (audio) handle 3
11-30 10:32:55.015 I/AudioFlinger(8288): HAL output buffer size 1536 frames, normal mix buffer size 1536 frames
11-30 10:32:55.025 I/AudioMixer(8288): found effect "Multichannel Downmix To Stereo" from The Android Open Source Project
11-30 10:32:55.025 I/AudioFlinger(8288): Using module 0 has the primary audio interface
11-30 10:32:55.025 D/AudioHardwareInterface(8288): setMode(NORMAL)
11-30 10:32:55.025 I/AudioFlinger(8288): AudioFlinger's thread 0x42173008 ready to run
11-30 10:32:55.035 I/AudioPolicyService(8288): Loaded audio policy from LEGACY Audio Policy HAL (audio_policy)
11-30 10:32:55.035 D/AudioHardwareInterface(8288): setMode(NORMAL)
11-30 10:32:55.035 W/ANM (8288): [WARN] anm_ap:3059 setPhoneState(): Trying to set same state as current state MODE_NORMAL
11-30 10:32:55.035 W/ANM (8288): [WARN] anm_ap:4370 setStreamVolumeIndex(): setting volume index is only supported for all devices (device = AUDIO_DEVICE_OUT_DEFAULT), will set volume index for all devices
11-30 10:32:55.035 W/ANM (8288): [WARN] anm_ap:4370 setStreamVolumeIndex(): setting volume index is only supported for all devices (device = AUDIO_DEVICE_OUT_DEFAULT), will set volume index for all devices
11-30 10:32:55.045 W/ANM (8288): [WARN] anm_ap:4370 setStreamVolumeIndex(): setting volume index is only supported for all devices (device = AUDIO_DEVICE_OUT_DEFAULT), will set volume index for all devices
11-30 10:32:55.045 W/ANM (8288): [WARN] anm_ap:4370 setStreamVolumeIndex(): setting volume index is only supported for all devices (device = AUDIO_DEVICE_OUT_DEFAULT), will set volume index for all devices
11-30 10:32:55.045 W/ANM (8288): [WARN] anm_ap:4370 setStreamVolumeIndex(): setting volume index is only supported for all devices (device = AUDIO_DEVICE_OUT_DEFAULT), will set volume index for all devices
11-30 10:32:55.045 W/ANM (8288): [WARN] anm_ap:4370 setStreamVolumeIndex(): setting volume index is only supported for all devices (device = AUDIO_DEVICE_OUT_DEFAULT), will set volume index for all devices
11-30 10:32:55.045 W/ANM (8288): [WARN] anm_ap:4370 setStreamVolumeIndex(): setting volume index is only supported for all devices (device = AUDIO_DEVICE_OUT_DEFAULT), will set volume index for all devices
11-30 10:32:55.045 W/ANM (8288): [WARN] anm_ap:4370 setStreamVolumeIndex(): setting volume index is only supported for all devices (device = AUDIO_DEVICE_OUT_DEFAULT), will set volume index for all devices
11-30 10:32:55.045 W/ANM (8288): [WARN] anm_ap:4370 setStreamVolumeIndex(): setting volume index is only supported for all devices (device = AUDIO_DEVICE_OUT_DEFAULT), will set volume index for all devices
11-30 10:32:55.055 W/ANM (8288): [WARN] anm_ap:4370 setStreamVolumeIndex(): setting volume index is only supported for all devices (device = AUDIO_DEVICE_OUT_DEFAULT), will set volume index for all devices
11-30 10:32:55.055 W/ANM (8288): [WARN] anm_ap:4370 setStreamVolumeIndex(): setting volume index is only supported for all devices (device = AUDIO_DEVICE_OUT_DEFAULT), will set volume index for all devices
11-30 10:32:55.055 W/ANM (8288): [WARN] anm_ap:4370 setStreamVolumeIndex(): setting volume index is only supported for all devices (device = AUDIO_DEVICE_OUT_DEFAULT), will set volume index for all devices
11-30 10:32:55.055 W/ANM (8288): [WARN] anm_ap:4370 setStreamVolumeIndex(): setting volume index is only supported for all devices (device = AUDIO_DEVICE_OUT_DEFAULT), will set volume index for all devices
11-30 10:32:55.055 W/ANM (8288): [WARN] anm_ap:4370 setStreamVolumeIndex(): setting volume index is only supported for all devices (device = AUDIO_DEVICE_OUT_DEFAULT), will set volume index for all devices
11-30 10:32:55.055 W/ANM (8288): [WARN] anm_ap:4370 setStreamVolumeIndex(): setting volume index is only supported for all devices (device = AUDIO_DEVICE_OUT_DEFAULT), will set volume index for all devices
11-30 10:32:55.055 W/ANM (8288): [WARN] anm_ap:4370 setStreamVolumeIndex(): setting volume index is only supported for all devices (device = AUDIO_DEVICE_OUT_DEFAULT), will set volume index for all devices
11-30 10:32:55.305 I/Process (8183): Sending signal. PID: 8183 SIG: 9
11-30 10:32:55.335 I/ActivityManager(2157): Process com.android.camera2 (pid 8183) has died.
11-30 10:32:55.345 E/idd-api (2157): idd_add_event: send failed, socket 198, errcode -2 (No such file or directory)
11-30 10:32:55.345 I/WindowState(2157): WIN DEATH: Window{41c85e40 u0 com.android.camera2/com.android.camera.CameraLauncher}
11-30 10:32:55.355 I/libblt_hw(1490): Library closed (handle = 8, fd = 33)
11-30 10:32:55.475 I/libblt_hw(1490): Library closed (handle = 7, fd = 58)
11-30 10:32:58.098 I/ActivityManager(2157): START u0 {act=android.intent.action.MAIN cat=[android.intent.category.LAUNCHER] flg=0x10200000 cmp=com.rhmsoft.fm/.FileManager} from pid 2406
11-30 10:32:58.228 I/ActivityManager(2157): Start proc com.rhmsoft.fm for activity com.rhmsoft.fm/.FileManager: pid=8338 uid=10063 gids={50063, 3003, 1028, 1015}
11-30 10:32:58.258 I/dalvikvm(8338): Enabling JNI app bug workarounds for target SDK version 10...
11-30 10:32:58.278 I/libblt_hw(1490): Library opened (handle = 7, fd = 33)
11-30 10:32:58.328 V/PhoneStatusBar(2247): setLightsOn(true)
11-30 10:32:58.508 I/libblt_hw(1490): Library closed (handle = 9, fd = 60)
11-30 10:32:58.568 V/WebViewChromium(8338): Binding Chromium to the main looper Looper{41bb5660}
11-30 10:32:58.568 I/chromium(8338): [INFO:library_loader_hooks.cc(112)] Chromium logging enabled: level = 0, default verbosity = 0
11-30 10:32:58.578 I/BrowserProcessMain(8338): Initializing chromium process, renderers=0
11-30 10:32:58.608 W/chromium(8338): [WARNING:proxy_service.cc(888)] PAC support disabled because there is no system implementation
11-30 10:32:58.618 D/libEGL (8338): loaded /system/lib/egl/libEGL_mali.so
11-30 10:32:58.628 D/libEGL (8338): loaded /system/lib/egl/libGLESv1_CM_mali.so
11-30 10:32:58.628 D/libEGL (8338): loaded /system/lib/egl/libGLESv2_mali.so
11-30 10:32:58.718 E/ActivityThread(8338): Failed to find provider info for com.google.plus.platform
11-30 10:32:58.738 I/Ads (8338): To get test ads on this device, call adRequest.addTestDevice("3D8DB0B0759FD958CFEB6CBE6B17D23C");
11-30 10:32:58.788 I/libblt_hw(1490): Library opened (handle = 8, fd = 47)
11-30 10:32:58.788 D/dalvikvm(8338): DexOpt: --- BEGIN 'ads-972583938.jar' (bootstrap=0) ---
11-30 10:32:58.879 D/dalvikvm(8381): DexOpt: load 9ms, verify+opt 9ms, 149332 bytes
11-30 10:32:58.879 I/ActivityManager(2157): Displayed com.rhmsoft.fm/.FileManager: +671ms
11-30 10:32:59.039 I/libblt_hw(1490): Library closed (handle = 7, fd = 33)
11-30 10:32:59.159 D/dalvikvm(8338): DexOpt: --- END 'ads-972583938.jar' (success) ---
11-30 10:32:59.159 D/dalvikvm(8338): DEX prep '/data/data/com.rhmsoft.fm/cache/ads-972583938.jar': unzip in 0ms, rewrite 364ms
11-30 10:32:59.179 I/Ads (8338): adRequestUrlHtml:
11-30 10:32:59.179 I/libblt_hw(8338): Library opened (handle = 0, fd = 71)
11-30 10:32:59.379 W/SocketClient(1487): write error (Broken pipe)
11-30 10:32:59.389 E/Ads (8338): JS: Uncaught ReferenceError: AFMA_getSdkConstants is not defined (http://media.admob.com/:1)
11-30 10:32:59.389 I/chromium(8338): [INFO:CONSOLE(1)] "Uncaught ReferenceError: AFMA_getSdkConstants is not defined", source: http://media.admob.com/ (1)
11-30 10:33:03.183 I/ActivityManager(2157): START u0 {act=android.intent.action.VIEW dat=file:///storage/sdcard1/Video/gattino.3gp typ=video/3gpp cmp=com.android.gallery3d/.app.MovieActivity} from pid 8338
11-30 10:33:03.193 W/gralloc (1490): gralloc_alloc: Gralloc is used to alloc software only buffers!
11-30 10:33:03.333 I/libblt_hw(1490): Library opened (handle = 7, fd = 33)
11-30 10:33:03.383 I/ActivityManager(2157): Start proc com.android.gallery3d for activity com.android.gallery3d/.app.MovieActivity: pid=8399 uid=10038 gids={50038, 1006, 3003, 1028, 1015}
11-30 10:33:03.473 D/dalvikvm(8399): DexOpt: VM build version mismatch (27 vs 28)
11-30 10:33:03.473 E/dalvikvm(8399): /system/framework/com.google.android.media.effects.jar odex has stale dependencies
11-30 10:33:03.623 I/libblt_hw(1490): Library closed (handle = 8, fd = 47)
11-30 10:33:03.653 I/MediaFocusControl(2157): AudioFocus requestAudioFocus() from android.media.AudioManager@41caca60
11-30 10:33:03.683 I/libblt_hw(1490): Library opened (handle = 8, fd = 47)
11-30 10:33:03.723 D/libEGL (8399): loaded /system/lib/egl/libEGL_mali.so
11-30 10:33:03.723 D/libEGL (8399): loaded /system/lib/egl/libGLESv1_CM_mali.so
11-30 10:33:03.733 D/libEGL (8399): loaded /system/lib/egl/libGLESv2_mali.so
11-30 10:33:03.753 D/OpenGLRenderer(8399): Enabling debug mode 0
11-30 10:33:03.803 I/ActivityManager(2157): Displayed com.android.gallery3d/.app.MovieActivity: +442ms
11-30 10:33:03.843 I/ActivityManager(2157): Killing 8338:com.rhmsoft.fm/u0a63 (adj 2): cached #1
11-30 10:33:03.863 I/WindowState(2157): WIN DEATH: Window{41e7e308 u0 com.rhmsoft.fm/com.rhmsoft.fm.FileManager}
11-30 10:33:03.863 W/ActivityManager(2157): Force removing ActivityRecord{41be76c0 u0 com.rhmsoft.fm/.FileManager t16}: app died, no saved state
11-30 10:33:03.943 I/libblt_hw(1490): Library closed (handle = 7, fd = 33)
11-30 10:33:04.184 I/libblt_hw(1490): Library opened (handle = 7, fd = 46)
11-30 10:33:04.254 D/ (8288): In STEOMXCodecsPlugin:: Constructor
11-30 10:33:04.254 D/ (8288): In STEOMXCodecsPlugin:: dlopen passed
11-30 10:33:04.264 D/ (8288): In STEOMXCodecsPlugin:: GetpOMX_Init passed
11-30 10:33:04.274 D/AwesomePlayer(8288): Before reset_l
11-30 10:33:04.274 D/AwesomePlayer(8288): printFileName fd(23) -> /storage/sdcard1/Video/gattino.3gp
11-30 10:33:04.344 E/cutils-trace(8288): Error opening trace file: No such file or directory (2)
11-30 10:33:04.344 D/ (8288): In STEOMXCodecsPlugin:: makeComponentInstance
11-30 10:33:04.344 D/ (8288): OMX.ST.VFM.MPEG4Dec
11-30 10:33:04.364 I/OmxILOsalProperty(8288): GetProperty ste.video.dec.out.reorder =>
11-30 10:33:04.364 I/OmxILOsalProperty(8288): GetProperty ste.video.dec.recycle.delay => 1
11-30 10:33:04.364 E/OmxILOsalProductId(8288): get_productid returned error code = 2
11-30 10:33:04.364 I/OmxILOsalProperty(8288): GetProperty ste.video.dec.mpeg4.in.size => 8192
11-30 10:33:04.364 I/OmxILOsalProperty(8288): GetProperty ste.video.dec.mpeg4.in.size => 8192
11-30 10:33:04.364 I/OmxILOsalProperty(8288): GetProperty ste.video.dec.mpeg4.in.size => 8192
11-30 10:33:04.364 I/OmxILOsalProperty(8288): GetProperty ste.video.dec.mpeg4.in.size => 8192
11-30 10:33:04.364 E/OmxILOsalProductId(8288): get_productid returned error code = 2
11-30 10:33:04.364 I/OmxILOsalProperty(8288): GetProperty ste.video.dec.mpeg4.in.size => 8192
11-30 10:33:04.364 I/OmxILOsalProperty(8288): GetProperty ste.video.dec.mpeg4.in.size => 8192
11-30 10:33:04.364 I/OmxILOsalProperty(8288): GetProperty ste.video.dec.mpeg4.in.size => 8192
11-30 10:33:04.364 I/OmxILOsalProperty(8288): GetProperty ste.video.dec.mpeg4.in.size => 8192
11-30 10:33:04.364 E/OmxILOsalProductId(8288): get_productid returned error code = 2
11-30 10:33:04.364 I/OmxILOsalProperty(8288): GetProperty ste.video.dec.mpeg4.in.size => 8192
11-30 10:33:04.364 I/OmxILOsalProperty(8288): GetProperty ste.video.dec.mpeg4.in.size => 8192
11-30 10:33:04.364 I/OmxILOsalProperty(8288): GetProperty ste.video.dec.mpeg4.in.size => 8192
11-30 10:33:04.364 I/OmxILOsalProperty(8288): GetProperty ste.video.dec.mpeg4.in.size => 8192
11-30 10:33:04.364 I/OMXCodec(8288): [OMX.ST.VFM.MPEG4Dec] video dimensions are 640 x 480
11-30 10:33:04.364 I/OMXCodec(8288): [OMX.ST.VFM.MPEG4Dec] Crop rect is 640 x 480 @ (0, 0)
11-30 10:33:04.364 D/MMHWBuffer(8288): Open (aComponent=0x40e55e58, aIndex=0x7fff0000)
11-30 10:33:04.364 D/MMHWBuffer(8288): Open allocateNativeBuffersHandle - aComponent=0x40e55e58 aIndex=0x7fff0000 => bHandle=0x400966b0 bList=0x400966a0
11-30 10:33:04.364 D/MMHWBuffer(8288): Create (iBuffers=2, iSize=65833, iAlignment=256, iCacheAttr=1, aComponent=0x40e55e58)
11-30 10:33:04.364 I/MMHwBufferPool(8288): Role of hComponent=0x40e55e58 : video_decoder.mpeg4
11-30 10:33:04.364 D/MMHwBufferPool(8288): mTotalVideoDecoder = 0x00020400
11-30 10:33:04.364 D/MMHWBuffer(8288): Create returns bHandle=0x400968e8 bPool=0x40096890
11-30 10:33:04.364 E/OmxILOsalProductId(8288): get_productid returned error code = 2
11-30 10:33:04.364 I/OmxILOsalProperty(8288): GetProperty ste.video.dec.mpeg4.in.size => 8192
11-30 10:33:04.364 I/OmxILOsalProperty(8288): GetProperty ste.video.dec.mpeg4.in.size => 8192
11-30 10:33:04.364 I/OmxILOsalProperty(8288): GetProperty ste.video.dec.mpeg4.in.size => 8192
11-30 10:33:04.364 I/OmxILOsalProperty(8288): GetProperty ste.video.dec.mpeg4.in.size => 8192
11-30 10:33:04.374 E/ENSWrapper(8288): return OMX_ErrorNotImplemented - GetExtensionIndex OMX.ST.VFM.MPEG4Dec h=0x40e55e58 cParameterName=OMX.google.android.index.useAndroidNativeBuffer2 IndexType=unknown OMX_INDEXTYPE [ 0x00000000 ]
11-30 10:33:04.374 D/MMHWBuffer(8288): Open (aComponent=0x40e55e58, aIndex=0x7fff0002)
11-30 10:33:04.374 E/ENSWrapper(8288): return OMX_ErrorNotImplemented - GetExtensionIndex OMX.ST.VFM.MPEG4Dec h=0x40e55e58 cParameterName=OMX.google.android.index.useAndroidNativeBuffer2 IndexType=unknown OMX_INDEXTYPE [ 0x00000010 ]
11-30 10:33:04.374 D/MMHWBuffer(8288): Open (aComponent=0x40e55e58, aIndex=0x7fff0002)
11-30 10:33:04.374 E/ENSWrapper(8288): return OMX_ErrorNotImplemented - GetExtensionIndex OMX.ST.VFM.MPEG4Dec h=0x40e55e58 cParameterName=OMX.google.android.index.useAndroidNativeBuffer2 IndexType=unknown OMX_INDEXTYPE [ 0x00000010 ]
11-30 10:33:04.374 D/MMHWBuffer(8288): Open (aComponent=0x40e55e58, aIndex=0x7fff0002)
11-30 10:33:04.384 E/ENSWrapper(8288): return OMX_ErrorNotImplemented - GetExtensionIndex OMX.ST.VFM.MPEG4Dec h=0x40e55e58 cParameterName=OMX.google.android.index.useAndroidNativeBuffer2 IndexType=unknown OMX_INDEXTYPE [ 0x00000010 ]
11-30 10:33:04.384 D/MMHWBuffer(8288): Open (aComponent=0x40e55e58, aIndex=0x7fff0002)
11-30 10:33:04.384 E/ENSWrapper(8288): return OMX_ErrorNotImplemented - GetExtensionIndex OMX.ST.VFM.MPEG4Dec h=0x40e55e58 cParameterName=OMX.google.android.index.useAndroidNativeBuffer2 IndexType=unknown OMX_INDEXTYPE [ 0x410c9768 ]
11-30 10:33:04.384 D/MMHWBuffer(8288): Open (aComponent=0x40e55e58, aIndex=0x7fff0002)
11-30 10:33:04.384 E/ENSWrapper(8288): return OMX_ErrorNotImplemented - GetExtensionIndex OMX.ST.VFM.MPEG4Dec h=0x40e55e58 cParameterName=OMX.google.android.index.useAndroidNativeBuffer2 IndexType=unknown OMX_INDEXTYPE [ 0x00000010 ]
11-30 10:33:04.384 D/MMHWBuffer(8288): Open (aComponent=0x40e55e58, aIndex=0x7fff0002)
11-30 10:33:04.394 E/ENSWrapper(8288): return OMX_ErrorNotImplemented - GetExtensionIndex OMX.ST.VFM.MPEG4Dec h=0x40e55e58 cParameterName=OMX.google.android.index.useAndroidNativeBuffer2 IndexType=unknown OMX_INDEXTYPE [ 0x00000010 ]
11-30 10:33:04.394 D/MMHWBuffer(8288): Open (aComponent=0x40e55e58, aIndex=0x7fff0002)
11-30 10:33:04.394 E/ENSWrapper(8288): return OMX_ErrorNotImplemented - GetExtensionIndex OMX.ST.VFM.MPEG4Dec h=0x40e55e58 cParameterName=OMX.google.android.index.useAndroidNativeBuffer2 IndexType=unknown OMX_INDEXTYPE [ 0x00000010 ]
11-30 10:33:04.404 D/MMHWBuffer(8288): Open (aComponent=0x40e55e58, aIndex=0x7fff0002)
11-30 10:33:04.404 I/RME (8288): visual activity tracker switched ON
11-30 10:33:04.434 D/MMHWBuffer(8288): Create (iBuffers=1, iSize=460800, iAlignment=256, iCacheAttr=2, aComponent=0x40e55e58)
11-30 10:33:04.434 I/MMHwBufferPool(8288): Role of hComponent=0x40e55e58 : video_decoder.mpeg4
11-30 10:33:04.434 D/MMHwBufferPool(8288): mTotalVideoDecoder = 0x00090c00
11-30 10:33:04.444 D/MMHWBuffer(8288): Create returns bHandle=0x41564430 bPool=0x415643d8
11-30 10:33:04.444 D/MMHWBuffer(8288): Create (iBuffers=1, iSize=9600, iAlignment=256, iCacheAttr=2, aComponent=0x40e55e58)
11-30 10:33:04.444 I/MMHwBufferPool(8288): Role of hComponent=0x40e55e58 : video_decoder.mpeg4
11-30 10:33:04.444 D/MMHwBufferPool(8288): mTotalVideoDecoder = 0x00093200
11-30 10:33:04.444 D/MMHWBuffer(8288): Create returns bHandle=0x41564510 bPool=0x415644b8
11-30 10:33:04.444 D/MMHWBuffer(8288): Create (iBuffers=1, iSize=9600, iAlignment=256, iCacheAttr=2, aComponent=0x40e55e58)
11-30 10:33:04.444 I/MMHwBufferPool(8288): Role of hComponent=0x40e55e58 : video_decoder.mpeg4
11-30 10:33:04.444 D/MMHwBufferPool(8288): mTotalVideoDecoder = 0x00095800
11-30 10:33:04.444 D/MMHWBuffer(8288): Create returns bHandle=0x415645f0 bPool=0x41564598
11-30 10:33:04.444 D/MMHWBuffer(8288): Create (iBuffers=1, iSize=9600, iAlignment=256, iCacheAttr=2, aComponent=0x40e55e58)
11-30 10:33:04.444 I/MMHwBufferPool(8288): Role of hComponent=0x40e55e58 : video_decoder.mpeg4
11-30 10:33:04.444 D/MMHwBufferPool(8288): mTotalVideoDecoder = 0x00097e00
11-30 10:33:04.444 D/MMHWBuffer(8288): Create returns bHandle=0x415646d0 bPool=0x41564678
11-30 10:33:04.444 D/MMHWBuffer(8288): Create (iBuffers=1, iSize=9600, iAlignment=256, iCacheAttr=2, aComponent=0x40e55e58)
11-30 10:33:04.444 I/MMHwBufferPool(8288): Role of hComponent=0x40e55e58 : video_decoder.mpeg4
11-30 10:33:04.444 D/MMHwBufferPool(8288): mTotalVideoDecoder = 0x0009a400
11-30 10:33:04.444 D/MMHWBuffer(8288): Create returns bHandle=0x415647b0 bPool=0x41564758
11-30 10:33:04.444 D/MMHWBuffer(8288): Create (iBuffers=1, iSize=460800, iAlignment=256, iCacheAttr=2, aComponent=0x40e55e58)
11-30 10:33:04.444 I/MMHwBufferPool(8288): Role of hComponent=0x40e55e58 : video_decoder.mpeg4
11-30 10:33:04.444 D/MMHwBufferPool(8288): mTotalVideoDecoder = 0x0010ac00
11-30 10:33:04.444 D/MMHWBuffer(8288): Create returns bHandle=0x41564890 bPool=0x41564838
11-30 10:33:04.454 D/MMHWBuffer(8288): Create (iBuffers=1, iSize=460800, iAlignment=256, iCacheAttr=2, aComponent=0x40e55e58)
11-30 10:33:04.454 I/MMHwBufferPool(8288): Role of hComponent=0x40e55e58 : video_decoder.mpeg4
11-30 10:33:04.454 D/MMHwBufferPool(8288): mTotalVideoDecoder = 0x0017b400
11-30 10:33:04.454 D/MMHWBuffer(8288): Create returns bHandle=0x41564970 bPool=0x41564918
11-30 10:33:04.454 D/MMHWBuffer(8288): Create (iBuffers=1, iSize=460800, iAlignment=256, iCacheAttr=2, aComponent=0x40e55e58)
11-30 10:33:04.454 I/MMHwBufferPool(8288): Role of hComponent=0x40e55e58 : video_decoder.mpeg4
11-30 10:33:04.454 D/MMHwBufferPool(8288): mTotalVideoDecoder = 0x001ebc00
11-30 10:33:04.454 D/MMHWBuffer(8288): Create returns bHandle=0x41564a50 bPool=0x415649f8
11-30 10:33:04.454 D/MMHWBuffer(8288): Create (iBuffers=1, iSize=460800, iAlignment=256, iCacheAttr=2, aComponent=0x40e55e58)
11-30 10:33:04.454 I/MMHwBufferPool(8288): Role of hComponent=0x40e55e58 : video_decoder.mpeg4
11-30 10:33:04.454 D/MMHwBufferPool(8288): mTotalVideoDecoder = 0x0025c400
11-30 10:33:04.454 D/MMHWBuffer(8288): Create returns bHandle=0x42626f00 bPool=0x41564ad8
11-30 10:33:04.464 D/MMHWBuffer(8288): Create (iBuffers=1, iSize=460800, iAlignment=256, iCacheAttr=2, aComponent=0x40e55e58)
11-30 10:33:04.464 I/MMHwBufferPool(8288): Role of hComponent=0x40e55e58 : video_decoder.mpeg4
11-30 10:33:04.464 D/MMHwBufferPool(8288): mTotalVideoDecoder = 0x002ccc00
11-30 10:33:04.464 D/MMHWBuffer(8288): Create returns bHandle=0x4184a008 bPool=0x42626f68
11-30 10:33:04.474 D/MediaPlayer(8399): getMetadata
11-30 10:33:04.534 D/ADM (1501): devset:414 STATUS Open device 'Speaker', 44100 Hz, format=2, 3 x 6144 bytes bufs
11-30 10:33:04.584 E/ENSWrapper(1501): return OMX_ErrorNotImplemented - GetExtensionIndex OMX.ST.AFM.pcmprocessing.transducer_equalizer h=0x40077f48 cParameterName=STE.ADM IndexType=unknown OMX_INDEXTYPE [ 0x42fcd948 ]
11-30 10:33:04.704 D/ADM (1501): devset:588 STATUS API LEAVE: Opened new device 'Speaker', handle = 101
11-30 10:33:04.704 W/MediaPlayer(8399): info/warning (3, 0)
11-30 10:33:04.704 E/AudioSink(8288): received unknown event type: 1 inside CallbackWrapper !
11-30 10:34:02.200 D/ConnectivityService(2157): handleInetConditionChange: no active default network - ignore
11-30 10:34:02.380 I/ActivityManager(2157): Start proc com.google.android.gms for broadcast com.google.android.gms/.playlog.uploader.UploaderAlarmReceiver: pid=8487 uid=10017 gids={50017, 3003, 1007, 1028, 1015, 1006, 2001, 3006, 3007}
11-30 10:34:02.561 W/ContextImpl(8487): Implicit intents with startService are not safe: Intent { act=com.google.android.gms.INITIALIZE } android.content.ContextWrapper.startService:494 android.content.ContextWrapper.startService:494 com.google.android.gms.init.InitializeGmsReceiver.onReceive:29
11-30 10:34:02.581 D/GCM (2471): GcmService start Intent { act=com.google.android.gms.INITIALIZE flg=0x10 pkg=com.google.android.gms cmp=com.google.android.gms/.gcm.GcmService } com.google.android.gms.INITIALIZE
11-30 10:34:02.661 W/Uploader(8487): No account for auth token provided
11-30 10:34:02.741 D/Uploader(8487): Network request failed class java.net.UnknownHostException(Unable to resolve host "play.googleapis.com": No address associated with hostname)
11-30 10:34:03.061 W/InputEventReceiver(2157): Attempted to finish an input event but the input event receiver has already been disposed.
11-30 10:34:03.061 W/InputEventReceiver(2157): Attempted to finish an input event but the input event receiver has already been disposed.
11-30 10:34:09.127 W/gralloc (1490): gralloc_alloc: Gralloc is used to alloc software only buffers!
11-30 10:34:09.207 I/WindowManager(2157): Screenshot Window{4213ad90 u0 com.android.gallery3d/com.android.gallery3d.app.MovieActivity} was monochrome(ff000000)! mSurfaceLayer=21010 minLayer=21010 maxLayer=21010
11-30 10:34:09.217 W/gralloc (1490): gralloc_alloc: Gralloc is used to alloc software only buffers!
11-30 10:34:09.267 I/WindowManager(2157): Screenshot Window{4213ad90 u0 com.android.gallery3d/com.android.gallery3d.app.MovieActivity} was monochrome(ff000000)! mSurfaceLayer=21010 minLayer=21010 maxLayer=21010
11-30 10:34:09.347 I/ActivityManager(2157): START u0 {act=android.intent.action.MAIN cat=[android.intent.category.HOME] flg=0x10200000 cmp=com.android.launcher3/.Launcher} from pid 2157
11-30 10:34:09.848 W/ActivityManager(2157): Activity pause timeout for ActivityRecord{41d16998 u0 com.android.gallery3d/.app.MovieActivity t16}
11-30 10:34:09.858 W/Launcher(2406): setApplicationContext called twice! old=com.android.launcher3.LauncherApplication@41bc25e8 new=com.android.launcher3.LauncherApplication@41bc25e8
11-30 10:34:10.048 I/libblt_hw(1490): Library opened (handle = 9, fd = 69)
11-30 10:34:10.138 I/ActivityManager(2157): Displayed com.android.launcher3/.Launcher: +286ms
11-30 10:34:10.348 I/ActivityManager(2157): Killing 8399:com.android.gallery3d/u0a38 (adj 2): cached #1
11-30 10:34:10.378 W/MediaFocusControl(2157): AudioFocus audio focus client died
11-30 10:34:10.378 I/MediaFocusControl(2157): AudioFocus removeFocusStackEntry(): removing entry for android.os.BinderProxy@41d92db0
11-30 10:34:10.378 I/WindowState(2157): WIN DEATH: Window{4213ad90 u0 com.android.gallery3d/com.android.gallery3d.app.MovieActivity}
11-30 10:34:10.378 W/ActivityManager(2157): Force removing ActivityRecord{41d16998 u0 com.android.gallery3d/.app.MovieActivity t16}: app died, no saved state
11-30 10:34:10.378 W/WindowManager(2157): Force-removing child win Window{41c67998 u0 SurfaceView} from container Window{4213ad90 u0 com.android.gallery3d/com.android.gallery3d.app.MovieActivity}
11-30 10:34:10.398 E/BufferQueue(1490): [SurfaceView] dequeueBuffer: BufferQueue has been abandoned!
11-30 10:34:10.398 I/libblt_hw(1490): Library closed (handle = 7, fd = 46)
11-30 10:34:10.398 E/OMXCodec(8288): [OMX.ST.VFM.MPEG4Dec] dequeueBuffer failed w/ error 0xffffffed
11-30 10:34:10.398 I/libblt_hw(1490): Library closed (handle = 8, fd = 47)
11-30 10:34:10.398 W/AudioFlinger(8288): session id 5 not found for pid 8399
11-30 10:34:10.398 W/WindowManager(2157): Failed looking up window
11-30 10:34:10.398 W/WindowManager(2157): java.lang.IllegalArgumentException: Requested window android.os.BinderProxy@41d23730 does not exist
11-30 10:34:10.398 W/WindowManager(2157): at com.android.server.wm.WindowManagerService.windowForClientLocked(WindowManagerService.java:7929)
11-30 10:34:10.398 W/WindowManager(2157): at com.android.server.wm.WindowManagerService.windowForClientLocked(WindowManagerService.java:7920)
11-30 10:34:10.398 W/WindowManager(2157): at com.android.server.wm.WindowState$DeathRecipient.binderDied(WindowState.java:1040)
11-30 10:34:10.398 W/WindowManager(2157): at android.os.BinderProxy.sendDeathNotice(Binder.java:493)
11-30 10:34:10.398 W/WindowManager(2157): at dalvik.system.NativeStart.run(Native Method)
11-30 10:34:10.398 I/WindowState(2157): WIN DEATH: null
11-30 10:34:10.408 I/OMXNodeInstance(8288): OMX_FreeBuffer for buffer header 0x4001ab58 successful
11-30 10:34:10.408 I/OMXNodeInstance(8288): OMX_FreeBuffer for buffer header 0x4001aaa0 successful
11-30 10:34:10.408 I/OMXNodeInstance(8288): OMX_FreeBuffer for buffer header 0x4001a9d0 successful
11-30 10:34:10.408 I/OMXNodeInstance(8288): OMX_FreeBuffer for buffer header 0x4001a818 successful
11-30 10:34:10.408 I/OMXNodeInstance(8288): OMX_FreeBuffer for buffer header 0x400c0bc0 successful
11-30 10:34:10.408 I/OMXNodeInstance(8288): OMX_FreeBuffer for buffer header 0x400c0a80 successful
11-30 10:34:10.408 I/OMXNodeInstance(8288): OMX_FreeBuffer for buffer header 0x4001aef0 successful
11-30 10:34:10.408 I/OMXNodeInstance(8288): OMX_FreeBuffer for buffer header 0x4001ace0 successful
11-30 10:34:10.418 D/MMHWBuffer(8288): Destroy (bHandle=0x41564890)
11-30 10:34:10.418 D/MMHwBufferPool(8288): mTotalVideoDecoder = 0x0025c400
11-30 10:34:10.418 D/MMHWBuffer(8288): Destroy (bHandle=0x41564970)
11-30 10:34:10.418 D/MMHwBufferPool(8288): mTotalVideoDecoder = 0x001ebc00
11-30 10:34:10.418 D/MMHWBuffer(8288): Destroy (bHandle=0x41564a50)
11-30 10:34:10.418 D/MMHwBufferPool(8288): mTotalVideoDecoder = 0x0017b400
11-30 10:34:10.418 D/MMHWBuffer(8288): Destroy (bHandle=0x42626f00)
11-30 10:34:10.418 D/MMHwBufferPool(8288): mTotalVideoDecoder = 0x0010ac00
11-30 10:34:10.418 D/MMHWBuffer(8288): Destroy (bHandle=0x41564430)
11-30 10:34:10.418 D/MMHwBufferPool(8288): mTotalVideoDecoder = 0x0009a400
11-30 10:34:10.418 D/MMHWBuffer(8288): Destroy (bHandle=0x41564510)
11-30 10:34:10.418 D/MMHwBufferPool(8288): mTotalVideoDecoder = 0x00097e00
11-30 10:34:10.418 D/MMHWBuffer(8288): Destroy (bHandle=0x415645f0)
11-30 10:34:10.418 D/MMHwBufferPool(8288): mTotalVideoDecoder = 0x00095800
11-30 10:34:10.418 D/MMHWBuffer(8288): Destroy (bHandle=0x415646d0)
11-30 10:34:10.418 D/MMHwBufferPool(8288): mTotalVideoDecoder = 0x00093200
11-30 10:34:10.418 D/MMHWBuffer(8288): Destroy (bHandle=0x415647b0)
11-30 10:34:10.418 D/MMHwBufferPool(8288): mTotalVideoDecoder = 0x00090c00
11-30 10:34:10.428 I/OMXNodeInstance(8288): OMX_FreeBuffer for buffer header 0x40096af8 successful
11-30 10:34:10.428 D/MMHWBuffer(8288): Destroy (bHandle=0x400968e8)
11-30 10:34:10.428 D/MMHwBufferPool(8288): mTotalVideoDecoder = 0x00070800
11-30 10:34:10.428 I/OMXNodeInstance(8288): OMX_FreeBuffer for buffer header 0x40096818 successful
11-30 10:34:10.428 I/OMXNodeInstance(8288): OMX_FreeBuffer for buffer header 0x410d67c0 successful
11-30 10:34:10.428 W/BufferQueue(1490): [SurfaceView] cancelBuffer: BufferQueue has been abandoned!
11-30 10:34:10.428 I/OMXNodeInstance(8288): OMX_FreeBuffer for buffer header 0x410c9ec0 successful
11-30 10:34:10.428 W/BufferQueue(1490): [SurfaceView] cancelBuffer: BufferQueue has been abandoned!
11-30 10:34:10.428 I/OMXNodeInstance(8288): OMX_FreeBuffer for buffer header 0x410c9b88 successful
11-30 10:34:10.428 W/BufferQueue(1490): [SurfaceView] cancelBuffer: BufferQueue has been abandoned!
11-30 10:34:10.428 I/OMXNodeInstance(8288): OMX_FreeBuffer for buffer header 0x410c98c8 successful
11-30 10:34:10.428 W/BufferQueue(1490): [SurfaceView] cancelBuffer: BufferQueue has been abandoned!
11-30 10:34:10.428 I/OMXNodeInstance(8288): OMX_FreeBuffer for buffer header 0x40013ed0 successful
11-30 10:34:10.428 W/BufferQueue(1490): [SurfaceView] cancelBuffer: BufferQueue has been abandoned!
11-30 10:34:10.428 I/OMXNodeInstance(8288): OMX_FreeBuffer for buffer header 0x40013b78 successful
11-30 10:34:10.428 I/OMXNodeInstance(8288): OMX_FreeBuffer for buffer header 0x40013840 successful
11-30 10:34:10.428 D/MMHWBuffer(8288): Close (bHandle=0x400966b0)
11-30 10:34:10.428 D/MMHWBuffer(8288): Destroy (bHandle=0x400966b0)
11-30 10:34:10.428 I/RME (8288): visual activity tracker switched OFF
11-30 10:34:10.428 I/OMXNodeInstance(8288): OMX_FreeBuffer for buffer header 0x400a0d38 successful
11-30 10:34:10.428 W/BufferQueue(1490): [SurfaceView] cancelBuffer: BufferQueue has been abandoned!
11-30 10:34:10.428 D/MMHWBuffer(8288): Destroy (bHandle=0x4184a008)
11-30 10:34:10.428 D/MMHwBufferPool(8288): mTotalVideoDecoder = 0x00000000
11-30 10:34:10.438 V/RenderScript(2406): 0x53ac7238 Launching thread(s), CPUs 2
11-30 10:34:13.441 D/ADM (1501): devset:282 STATUS Close device 'Speaker'
11-30 10:34:14.352 I/ActivityManager(2157): START u0 {act=android.intent.action.MAIN cat=[android.intent.category.LAUNCHER] flg=0x10200000 cmp=com.nolanlawson.logcat/.LogcatActivity} from pid 2406
11-30 10:34:14.382 I/libblt_hw(1490): Library opened (handle = 7, fd = 46)
11-30 10:34:14.472 I/ActivityManager(2157): Start proc com.nolanlawson.logcat for activity com.nolanlawson.logcat/.LogcatActivity: pid=8538 uid=10013 gids={50013, 1028, 1015}
11-30 10:34:14.492 I/dalvikvm(8538): Enabling JNI app bug workarounds for target SDK version 10...
11-30 10:34:14.532 V/PhoneStatusBar(2247): setLightsOn(true)
11-30 10:34:14.713 I/libblt_hw(1490): Library closed (handle = 9, fd = 69)
11-30 10:34:14.823 D/su (8558): su invoked.
11-30 10:34:14.823 D/su (8558): starting daemon client 10013 10013
11-30 10:34:14.823 D/su (8563): su invoked.
11-30 10:34:14.823 D/su (8563): db allowed
11-30 10:34:14.833 D/su (8563): 10013 /system/xbin/su executing 0 /system/bin/sh using binary /system/bin/sh : sh
11-30 10:34:14.833 I/libblt_hw(1490): Library opened (handle = 8, fd = 33)
11-30 10:34:15.003 I/ActivityManager(2157): Displayed com.nolanlawson.logcat/.LogcatActivity: +544ms
11-30 10:34:15.173 I/libblt_hw(1490): Library closed (handle = 7, fd = 46)
11-30 10:34:15.253 D/AndroidRuntime(8564):
11-30 10:34:15.253 D/AndroidRuntime(8564): >>>>>> AndroidRuntime START com.android.internal.os.RuntimeInit <<<<<<
11-30 10:34:15.253 D/AndroidRuntime(8564): CheckJNI is OFF
11-30 10:34:15.283 D/dalvikvm(8564): Trying to load lib libjavacore.so 0x0
11-30 10:34:15.293 D/dalvikvm(8564): Added shared lib libjavacore.so 0x0
11-30 10:34:15.293 D/dalvikvm(8564): Trying to load lib libnativehelper.so 0x0
11-30 10:34:15.293 D/dalvikvm(8564): Added shared lib libnativehelper.so 0x0
11-30 10:34:15.293 D/dalvikvm(8564): No JNI_OnLoad found in libnativehelper.so 0x0, skipping init
11-30 10:34:15.333 E/cutils-trace(8564): Error opening trace file: No such file or directory (2)
11-30 10:34:15.353 D/dalvikvm(8564): Note: class Landroid/app/ActivityManagerNative; has 180 unimplemented (abstract) methods
11-30 10:34:15.433 D/su (8574): su invoked.
11-30 10:34:15.433 D/su (8574): starting daemon client 10013 10013
11-30 10:34:15.433 D/su (8577): su invoked.
11-30 10:34:15.453 D/su (8577): db allowed
11-30 10:34:15.453 D/su (8577): 10013 /system/xbin/su executing 0 /system/bin/sh using binary /system/bin/sh : sh
11-30 10:34:15.794 E/memtrack(8564): Couldn't load memtrack module (No such file or directory)
11-30 10:34:15.794 E/android.os.Debug(8564): failed to load memtrack module: -2
11-30 10:34:15.984 D/AndroidRuntime(8580):
11-30 10:34:15.984 D/AndroidRuntime(8580): >>>>>> AndroidRuntime START com.android.internal.os.RuntimeInit <<<<<<
11-30 10:34:15.984 D/AndroidRuntime(8580): CheckJNI is OFF
11-30 10:34:15.994 D/AndroidRuntime(8564): Calling main entry com.android.commands.am.Am
11-30 10:34:16.034 D/dalvikvm(8580): Trying to load lib libjavacore.so 0x0
11-30 10:34:16.034 D/dalvikvm(8580): Added shared lib libjavacore.so 0x0
11-30 10:34:16.044 D/dalvikvm(8580): Trying to load lib libnativehelper.so 0x0
11-30 10:34:16.044 D/dalvikvm(8580): Added shared lib libnativehelper.so 0x0
11-30 10:34:16.044 D/dalvikvm(8580): No JNI_OnLoad found in libnativehelper.so 0x0, skipping init
11-30 10:34:16.124 I/ActivityManager(2157): Start proc com.android.settings for broadcast com.android.settings/.cyanogenmod.superuser.SuReceiver: pid=8588 uid=1000 gids={41000, 1028, 1015, 3002, 3001, 3003}
11-30 10:34:16.134 E/cutils-trace(8580): Error opening trace file: No such file or directory (2)
11-30 10:34:16.164 D/dalvikvm(8580): Note: class Landroid/app/ActivityManagerNative; has 180 unimplemented (abstract) methods
11-30 10:34:16.414 E/memtrack(8580): Couldn't load memtrack module (No such file or directory)
11-30 10:34:16.414 E/android.os.Debug(8580): failed to load memtrack module: -2
11-30 10:34:16.524 D/AndroidRuntime(8580): Calling main entry com.android.commands.am.Am
11-30 10:34:16.835 D/AndroidRuntime(8564): Shutting down VM
11-30 10:34:17.025 D/AndroidRuntime(8580): Shutting down VM
11-30 10:34:17.035 I/libblt_hw(1490): Library opened (handle = 7, fd = 46)
11-30 10:34:18.817 I/Choreographer(8538): Skipped 60 frames! The application may be doing too much work on its main thread.
11-30 10:34:18.847 I/libblt_hw(1490): Library opened (handle = 9, fd = 60)
11-30 10:34:19.127 I/libblt_hw(1490): Library closed (handle = 7, fd = 46)
11-30 10:34:20.828 I/ActivityManager(2157): Killing 8487:com.google.android.gms/u0a17 (adj 11): empty #2
11-30 10:34:21.149 I/libblt_hw(1490): Library closed (handle = 9, fd = 60)
11-30 10:34:21.159 I/Choreographer(8538): Skipped 37 frames! The application may be doing too much work on its main thread.
11-30 10:34:29.407 I/InputDispatcher(2157): Dropping event because there is no touchable window at (403, 915).
11-30 10:34:29.407 I/InputDispatcher(2157): Dropping event because there is no touchable window at (403, 915).
11-30 10:34:29.437 I/InputDispatcher(2157): Dropping event because there is no touchable window at (403, 915).
11-30 10:34:29.767 I/libblt_hw(1490): Library opened (handle = 7, fd = 46)
11-30 10:34:31.399 I/InputDispatcher(2157): Dropping event because there is no touchable window at (98, 915).
11-30 10:34:31.399 I/InputDispatcher(2157): Dropping event because there is no touchable window at (98, 915).
11-30 10:34:31.409 I/InputDispatcher(2157): Dropping event because there is no touchable window at (80, 915).
11-30 10:34:31.449 I/InputDispatcher(2157): Dropping event because there is no touchable window at (80, 915).
11-30 10:34:31.729 W/InputMethodManagerService(2157): Window already focused, ignoring focus gain of: com.android.internal.view.IInputMethodClient$Stub$Proxy@41c85678 attribute=null, token = android.os.BinderProxy@41eda500
11-30 10:34:31.869 I/libblt_hw(1490): Library closed (handle = 7, fd = 46)
11-30 10:34:41.278 I/InputDispatcher(2157): Dropping event because there is no touchable window at (433, 915).
11-30 10:34:41.278 I/InputDispatcher(2157): Dropping event because there is no touchable window at (433, 915).
11-30 10:34:41.288 I/InputDispatcher(2157): Dropping event because there is no touchable window at (433, 915).
11-30 10:34:41.308 I/InputDispatcher(2157): Dropping event because there is no touchable window at (438, 915).
11-30 10:34:41.338 I/InputDispatcher(2157): Dropping event because there is no touchable window at (438, 915).
11-30 10:34:41.869 I/libblt_hw(1490): Library opened (handle = 7, fd = 46)
11-30 10:34:43.280 I/InputDispatcher(2157): Dropping event because there is no touchable window at (67, 915).
11-30 10:34:43.280 I/InputDispatcher(2157): Dropping event because there is no touchable window at (67, 915).
11-30 10:34:43.280 I/InputDispatcher(2157): Dropping event because there is no touchable window at (74, 915).
11-30 10:34:43.300 I/InputDispatcher(2157): Dropping event because there is no touchable window at (75, 915).
11-30 10:34:43.330 I/InputDispatcher(2157): Dropping event because there is no touchable window at (75, 915).
11-30 10:34:43.611 W/InputMethodManagerService(2157): Window already focused, ignoring focus gain of: com.android.internal.view.IInputMethodClient$Stub$Proxy@41bcc4e0 attribute=null, token = android.os.BinderProxy@41eda500
11-30 10:34:43.781 I/libblt_hw(1490): Library closed (handle = 7, fd = 46)
11-30 10:34:49.877 I/InputDispatcher(2157): Dropping event because there is no touchable window at (429, 915).
11-30 10:34:49.877 I/InputDispatcher(2157): Dropping event because there is no touchable window at (429, 915).
11-30 10:34:49.917 I/InputDispatcher(2157): Dropping event because there is no touchable window at (429, 915).
11-30 10:34:50.197 I/libblt_hw(1490): Library opened (handle = 7, fd = 46)
11-30 10:34:51.969 I/libblt_hw(1490): Library opened (handle = 9, fd = 61)
11-30 10:34:52.149 I/libblt_hw(1490): Library closed (handle = 7, fd = 46)