11-30 08:51:54.492 I/ActivityManager(2157): Start proc com.android.dialer for broadcast com.android.dialer/.calllog.CallLogReceiver: pid=2681 uid=10005 gids={50005, 3003, 1028, 1015}
11-30 08:51:54.632 I/ActivityManager(2157): Delay finish: com.android.dialer/.calllog.CallLogReceiver
11-30 08:51:54.672 I/ActivityManager(2157): Resuming delayed broadcast
11-30 08:51:54.692 W/ContextImpl(2157): Calling a method in the system process without a qualified user: android.app.ContextImpl.bindService:1574 android.bluetooth.BluetoothHeadset.doBind:283 android.bluetooth.BluetoothHeadset.:276 android.bluetooth.BluetoothAdapter.getProfileProxy:1191 android.media.AudioService.getBluetoothHeadset:2321
11-30 08:51:54.692 W/ContextImpl(2157): Calling a method in the system process without a qualified user: android.app.ContextImpl.bindService:1574 android.bluetooth.BluetoothA2dp.doBind:165 android.bluetooth.BluetoothA2dp.:158 android.bluetooth.BluetoothAdapter.getProfileProxy:1194 android.media.AudioService$AudioServiceBroadcastReceiver.onReceive:4313
11-30 08:51:54.712 V/WiredAccessoryManager(2157): init()
11-30 08:51:54.742 I/PowerManagerService(2157): Boot animation finished.
11-30 08:51:54.802 I/ActivityManager(2157): Start proc com.cyanogenmod.updater for broadcast com.cyanogenmod.updater/.receiver.UpdateCheckReceiver: pid=2708 uid=10001 gids={50001, 3003, 1028, 1015, 2001}
11-30 08:51:54.853 I/BootReceiver(2157): Copying /proc/last_kmsg to DropBox (SYSTEM_LAST_KMSG)
11-30 08:51:55.333 I/BootReceiver(2157): Copying audit failures to DropBox
11-30 08:51:55.453 I/BootReceiver(2157): Copied 0 worth of audits to DropBox
11-30 08:51:55.463 I/BootReceiver(2157): Checking for fsck errors
11-30 08:51:55.603 I/ActivityManager(2157): Start proc com.android.providers.calendar for broadcast com.android.providers.calendar/.CalendarReceiver: pid=2746 uid=10002 gids={50002, 3003, 1028, 1015}
11-30 08:51:55.613 I/ActivityManager(2157): Killing 2426:com.android.printspooler/u0a52 (adj 15): empty #7
11-30 08:51:56.064 I/ActivityManager(2157): Killing 2615:com.google.android.apps.uploader/u0a61 (adj 15): empty #7
11-30 08:51:56.114 I/ActivityManager(2157): Delay finish: com.android.providers.downloads/.DownloadReceiver
11-30 08:51:57.125 I/ActivityManager(2157): Resuming delayed broadcast
11-30 08:51:57.145 I/ActivityManager(2157): Start proc com.android.mms for broadcast com.android.mms/.transaction.MmsSystemEventReceiver: pid=2764 uid=10009 gids={50009, 3003, 1028, 1015}
11-30 08:51:57.275 D/CountryDetector(2157): The first listener is added
11-30 08:51:57.335 I/ActivityManager(2157): Delay finish: com.android.mms/.transaction.MmsSystemEventReceiver
11-30 08:51:57.355 I/ActivityManager(2157): Resuming delayed broadcast
11-30 08:51:57.385 I/ActivityManager(2157): Delay finish: com.android.mms/.transaction.SmsReceiver
11-30 08:51:57.525 I/ActivityManager(2157): Resuming delayed broadcast
11-30 08:51:57.535 I/ActivityManager(2157): Start proc com.android.onetimeinitializer for broadcast com.android.onetimeinitializer/.OneTimeInitializerReceiver: pid=2789 uid=10010 gids={50010}
11-30 08:51:57.535 I/ActivityManager(2157): Killing 2596:com.android.settings/1000 (adj 15): empty #7
11-30 08:51:57.625 I/ActivityManager(2157): Delay finish: com.android.onetimeinitializer/.OneTimeInitializerReceiver
11-30 08:51:57.635 I/ActivityManager(2157): Resuming delayed broadcast
11-30 08:51:57.645 I/ActivityManager(2157): Start proc com.android.settings for broadcast com.android.settings/.cyanogenmod.BootReceiver: pid=2804 uid=1000 gids={41000, 1028, 1015, 3002, 3001, 3003}
11-30 08:51:57.645 I/ActivityManager(2157): Killing 2528:com.google.android.gms/u0a17 (adj 15): empty #7
11-30 08:51:57.795 I/ActivityManager(2157): Killing 2489:android.process.acore/u0a3 (adj 15): empty #7
11-30 08:51:57.805 I/ActivityManager(2157): Start proc com.android.voicedialer for broadcast com.android.voicedialer/.VoiceDialerReceiver: pid=2818 uid=10014 gids={50014, 3002}
11-30 08:51:57.916 I/ActivityManager(2157): Start proc com.google.android.partnersetup for broadcast com.google.android.partnersetup/.GooglePartnerSetup: pid=2832 uid=10019 gids={50019, 3003}
11-30 08:51:57.916 I/ActivityManager(2157): Killing 2681:com.android.dialer/u0a5 (adj 15): empty #7
11-30 08:51:58.016 I/ActivityManager(2157): Delay finish: com.google.android.partnersetup/.GooglePartnerSetup
11-30 08:51:58.226 I/ActivityManager(2157): Resuming delayed broadcast
11-30 08:51:58.326 I/ActivityManager(2157): Delay finish: com.google.android.partnersetup/.RlzPingBroadcastReceiver
11-30 08:51:58.486 I/ActivityManager(2157): Resuming delayed broadcast
11-30 08:51:58.486 I/ActivityManager(2157): Delay finish: com.google.android.gsf/.checkin.CheckinService$Receiver
11-30 08:51:58.516 I/ActivityManager(2157): Killing 2708:com.cyanogenmod.updater/u0a1 (adj 15): empty #7
11-30 08:51:58.556 I/ActivityManager(2157): Resuming delayed broadcast
11-30 08:51:58.596 I/ActivityManager(2157): Start proc com.android.vending for broadcast com.android.vending/com.google.android.finsky.receivers.BootCompletedReceiver: pid=2862 uid=10020 gids={50020, 3003, 1028, 1015}
11-30 08:51:59.037 I/ActivityManager(2157): Start proc com.google.android.gms for broadcast com.google.android.gms/.app.receiver.GetRestrictionsReceiver: pid=2896 uid=10017 gids={50017, 3003, 1007, 1028, 1015, 1006, 2001, 3006, 3007}
11-30 08:51:59.047 I/ActivityManager(2157): Killing 2746:com.android.providers.calendar/u0a2 (adj 15): empty #7
11-30 08:51:59.207 I/ActivityManager(2157): Killing 2764:com.android.mms/u0a9 (adj 15): empty #7
11-30 08:51:59.207 I/ActivityManager(2157): Delay finish: com.google.android.gms/.auth.be.recovery.AccountRecoveryBackgroundService$Receiver
11-30 08:51:59.217 D/CountryDetector(2157): No listener is left
11-30 08:51:59.237 I/ActivityManager(2157): Resuming delayed broadcast
11-30 08:51:59.257 I/ActivityManager(2157): Start proc com.google.android.gms.ui for broadcast com.google.android.gms/.auth.authzen.GcmReceiverService$Receiver: pid=2918 uid=10017 gids={50017, 3003, 1007, 1028, 1015, 1006, 2001, 3006, 3007}
11-30 08:51:59.367 I/ActivityManager(2157): Delay finish: com.google.android.gms/.auth.authzen.GcmReceiverService$Receiver
11-30 08:51:59.477 I/ActivityManager(2157): Resuming delayed broadcast
11-30 08:51:59.517 I/ActivityManager(2157): Delay finish: com.google.android.gms/.icing.impl.SystemEventReceiver
11-30 08:51:59.657 I/ActivityManager(2157): Resuming delayed broadcast
11-30 08:51:59.667 I/ActivityManager(2157): Killing 2789:com.android.onetimeinitializer/u0a10 (adj 15): empty #7
11-30 08:51:59.707 I/ActivityManager(2157): Start proc com.cyanogenmod.account for broadcast com.cyanogenmod.account/.receiver.BootReceiver: pid=2944 uid=10024 gids={50024, 3003}
11-30 08:51:59.937 I/ActivityManager(2157): Delay finish: com.cyanogenmod.account/.receiver.BootReceiver
11-30 08:51:59.968 I/ActivityManager(2157): Resuming delayed broadcast
11-30 08:51:59.988 I/ActivityManager(2157): Start proc com.android.cellbroadcastreceiver for broadcast com.android.cellbroadcastreceiver/.CellBroadcastReceiver: pid=2964 uid=10029 gids={50029}
11-30 08:51:59.988 I/ActivityManager(2157): Killing 2804:com.android.settings/1000 (adj 15): empty #7
11-30 08:52:00.188 I/ActivityManager(2157): Start proc com.android.deskclock for broadcast com.android.deskclock/.AlarmInitReceiver: pid=2978 uid=10032 gids={50032, 1028}
11-30 08:52:00.188 I/ActivityManager(2157): Killing 2818:com.android.voicedialer/u0a14 (adj 15): empty #7
11-30 08:52:00.388 I/ActivityManager(2157): Start proc com.android.email for broadcast com.android.email/.service.EmailBroadcastReceiver: pid=2996 uid=10035 gids={50035, 3003, 1028, 1015}
11-30 08:52:00.388 I/ActivityManager(2157): Killing 2832:com.google.android.partnersetup/u0a19 (adj 15): empty #7
11-30 08:52:00.678 I/ActivityManager(2157): Delay finish: com.android.email/.service.EmailBroadcastReceiver
11-30 08:52:00.858 W/ActivityManager(2157): Unable to start service Intent { cmp=com.android.email/.service.AttachmentDownloadService } U=0: not found
11-30 08:52:00.969 I/ActivityManager(2157): Delaying start of: ServiceRecord{42062b88 u0 com.android.exchange/.service.EmailSyncAdapterService}
11-30 08:52:00.999 I/ActivityManager(2157): Start proc com.android.exchange for service com.android.exchange/.service.EmailSyncAdapterService: pid=3016 uid=10036 gids={50036, 3003, 1028, 1015}
11-30 08:52:00.999 I/ActivityManager(2157): Killing 2862:com.android.vending/u0a20 (adj 15): empty #7
11-30 08:52:01.179 I/ActivityManager(2157): Resuming delayed broadcast
11-30 08:52:01.209 I/ActivityManager(2157): Start proc com.android.inputmethod.latin for broadcast com.android.inputmethod.latin/.setup.LauncherIconVisibilityManager: pid=3030 uid=10041 gids={50041, 1028, 1015}
11-30 08:52:01.209 I/ActivityManager(2157): Waited long enough for: ServiceRecord{4205cf10 u0 com.android.providers.media/.MediaScannerService}
11-30 08:52:01.209 I/ActivityManager(2157): Killing 2918:com.google.android.gms.ui/u0a17 (adj 15): empty #7
11-30 08:52:01.319 I/ActivityManager(2157): Process com.android.inputmethod.latin (pid 3030) has died.
11-30 08:52:04.742 I/PowerManagerService(2157): Going to sleep due to screen timeout...
11-30 08:52:05.203 I/WindowManager(2157): Lock screen displayed!
11-30 08:52:07.165 I/ActivityManager(2157): Waited long enough for: ServiceRecord{41fb4ca8 u0 com.google.android.gms/.gcm.GcmService}
11-30 08:52:12.430 I/PowerManagerService(2157): Waking up from sleep...
11-30 08:52:12.520 I/WindowManager(2157): Lock screen displayed!
11-30 08:52:14.442 I/PowerManagerService(2157): Going to sleep by user request...
11-30 08:52:15.042 I/ActivityManager(2157): Start proc com.buak.Link2SD for broadcast com.buak.Link2SD/.BootReceiver: pid=3073 uid=10064 gids={50064, 1028, 1015}
11-30 08:52:15.102 I/ActivityManager(2157): Start proc android.process.acore for content provider com.android.providers.contacts/.ContactsProvider2: pid=3086 uid=10003 gids={50003, 3003, 1028, 1015}
11-30 08:52:15.413 I/ActivityManager(2157): Start proc com.android.mms for broadcast com.android.mms/.transaction.SmsReceiver: pid=3104 uid=10009 gids={50009, 3003, 1028, 1015}
11-30 08:52:15.463 I/ActivityManager(2157): Killing 2944:com.cyanogenmod.account/u0a24 (adj 15): empty #7
11-30 08:52:15.533 D/CountryDetector(2157): The first listener is added
11-30 08:52:15.633 I/ActivityManager(2157): Delay finish: com.android.mms/.transaction.SmsReceiver
11-30 08:52:15.653 I/ActivityManager(2157): Resuming delayed broadcast
11-30 08:52:15.683 I/ActivityManager(2157): Delay finish: com.google.android.gms/.init.InitializeGmsReceiver
11-30 08:52:15.683 I/ActivityManager(2157): Resuming delayed broadcast
11-30 08:52:15.693 I/ActivityManager(2157): Delay finish: com.google.android.gms/.init.InitializeGmsReceiver
11-30 08:52:15.703 I/ActivityManager(2157): Resuming delayed broadcast
11-30 08:52:15.733 I/ActivityManager(2157): Start proc com.cyanogenmod.account for broadcast com.cyanogenmod.account/.CMAccount$CMAccountAdminReceiver: pid=3134 uid=10024 gids={50024, 3003}
11-30 08:52:15.843 I/ActivityManager(2157): Killing 2964:com.android.cellbroadcastreceiver/u0a29 (adj 15): empty #7
11-30 08:52:16.033 D/MobileDataStateTracker(2157): default: setPolicyDataEnable(enabled=true)
11-30 08:52:16.053 I/ActivityManager(2157): Start proc com.android.providers.calendar for broadcast com.android.providers.calendar/.CalendarProviderBroadcastReceiver: pid=3156 uid=10002 gids={50002, 3003, 1028, 1015}
11-30 08:52:16.053 I/ActivityManager(2157): Killing 3016:com.android.exchange/u0a36 (adj 15): empty #7
11-30 08:52:16.193 I/ActivityManager(2157): Delay finish: com.android.mms/.transaction.SmsReceiver
11-30 08:52:16.273 I/ActivityManager(2157): Resuming delayed broadcast
11-30 08:52:16.313 I/ActivityManager(2157): Killing 3073:com.buak.Link2SD/u0a64 (adj 15): empty #7
11-30 08:52:17.214 I/ActivityManager(2157): Killing 2896:com.google.android.gms/u0a17 (adj 15): empty #7
11-30 08:52:28.565 I/ActivityManager(2157): Killing 2310:android.process.media/u0a6 (adj 15): empty #7
11-30 08:52:29.096 I/ActivityManager(2157): Start proc com.android.vending for service com.android.vending/com.google.android.finsky.services.DailyHygiene: pid=3184 uid=10020 gids={50020, 3003, 1028, 1015}
11-30 08:52:29.456 I/ActivityManager(2157): Start proc android.process.media for content provider com.android.providers.downloads/.DownloadProvider: pid=3216 uid=10006 gids={50006, 1028, 1015, 1023, 1024, 2001, 3003, 3007}
11-30 08:52:29.687 I/ActivityManager(2157): Killing 2996:com.android.email/u0a35 (adj 15): empty #7
11-30 08:52:29.987 I/ActivityManager(2157): Killing 3086:android.process.acore/u0a3 (adj 15): empty #7
11-30 08:52:44.761 D/ConnectivityService(2157): Sampling interval elapsed, updating statistics ..
11-30 08:52:44.801 D/ConnectivityService(2157): Done.
11-30 08:52:44.801 D/ConnectivityService(2157): Setting timer for 720seconds
11-30 08:57:16.140 D/ConnectivityService(2157): handleInetConditionChange: no active default network - ignore
11-30 09:04:16.070 I/PowerManagerService(2157): Waking up from sleep...
11-30 09:04:16.160 I/WindowManager(2157): Lock screen displayed!
11-30 09:04:16.230 D/ConnectivityService(2157): handleInetConditionChange: no active default network - ignore
11-30 09:04:17.321 I/PowerManagerService(2157): Going to sleep by user request...
11-30 09:04:46.040 D/ConnectivityService(2157): Sampling interval elapsed, updating statistics ..
11-30 09:04:46.040 D/ConnectivityService(2157): Done.
11-30 09:04:46.040 D/ConnectivityService(2157): Setting timer for 720seconds
11-30 09:09:17.200 D/ConnectivityService(2157): handleInetConditionChange: no active default network - ignore
11-30 09:15:02.100 D/ConnectivityService(2157): handleInetConditionChange: no active default network - ignore
11-30 09:20:02.200 D/ConnectivityService(2157): handleInetConditionChange: no active default network - ignore
11-30 09:25:02.200 D/ConnectivityService(2157): Sampling interval elapsed, updating statistics ..
11-30 09:25:02.210 D/ConnectivityService(2157): Done.
11-30 09:25:02.210 D/ConnectivityService(2157): Setting timer for 720seconds
11-30 09:25:02.230 D/MobileDataStateTracker(2157): default: setPolicyDataEnable(enabled=true)
11-30 09:25:02.240 D/ConnectivityService(2157): handleInetConditionChange: no active default network - ignore
11-30 09:30:02.251 D/ConnectivityService(2157): handleInetConditionChange: no active default network - ignore
11-30 09:35:03.180 D/ConnectivityService(2157): handleInetConditionChange: no active default network - ignore
11-30 09:37:13.040 I/PowerManagerService(2157): Waking up from sleep...
11-30 09:37:13.050 I/PowerManagerService(2157): Going to sleep by user request...
11-30 09:37:13.190 I/WindowManager(2157): Lock screen displayed!
11-30 09:37:13.260 D/ConnectivityService(2157): Sampling interval elapsed, updating statistics ..
11-30 09:37:13.270 D/ConnectivityService(2157): Done.
11-30 09:37:13.270 D/ConnectivityService(2157): Setting timer for 720seconds
11-30 09:37:13.701 I/PowerManagerService(2157): Waking up from sleep...
11-30 09:37:13.841 I/WindowManager(2157): Lock screen displayed!
11-30 09:37:15.242 I/PowerManagerService(2157): Going to sleep by user request...
11-30 09:39:24.050 I/PowerManagerService(2157): Waking up from sleep...
11-30 09:39:24.100 W/ProcessCpuTracker(2157): Skipping unknown process pid 3400
11-30 09:39:24.100 W/ProcessCpuTracker(2157): Skipping unknown process pid 3403
11-30 09:39:24.100 W/ProcessCpuTracker(2157): Skipping unknown process pid 3415
11-30 09:39:24.110 W/ProcessCpuTracker(2157): Skipping unknown process pid 3417
11-30 09:39:24.130 I/WindowManager(2157): Lock screen displayed!
11-30 09:39:24.330 I/PowerManagerService(2157): Going to sleep by user request...
11-30 09:39:25.421 I/PowerManagerService(2157): Waking up from sleep...
11-30 09:39:25.511 I/WindowManager(2157): Lock screen displayed!
11-30 09:39:28.805 I/ActivityManager(2157): START u0 {act=android.intent.action.MAIN cat=[android.intent.category.LAUNCHER] flg=0x10200000 cmp=com.android.settings/.Settings bnds=[240,560][357,704]} from pid 2406
11-30 09:39:28.935 I/ActivityManager(2157): Start proc com.android.settings for activity com.android.settings/.Settings: pid=3432 uid=1000 gids={41000, 1028, 1015, 3002, 3001, 3003}
11-30 09:39:29.355 W/ContextImpl(3432): Calling a method in the system process without a qualified user: android.app.ContextImpl.bindService:1574 android.content.ContextWrapper.bindService:517 android.bluetooth.BluetoothInputDevice.doBind:256 android.bluetooth.BluetoothInputDevice.:249 android.bluetooth.BluetoothAdapter.getProfileProxy:1197
11-30 09:39:29.365 W/ContextImpl(3432): Calling a method in the system process without a qualified user: android.app.ContextImpl.bindService:1574 android.content.ContextWrapper.bindService:517 android.bluetooth.BluetoothPan.doBind:149 android.bluetooth.BluetoothPan.:141 android.bluetooth.BluetoothAdapter.getProfileProxy:1200
11-30 09:39:29.365 W/ContextImpl(3432): Calling a method in the system process without a qualified user: android.app.ContextImpl.bindService:1574 android.content.ContextWrapper.bindService:517 android.bluetooth.BluetoothMap.doBind:109 android.bluetooth.BluetoothMap.:102 android.bluetooth.BluetoothAdapter.getProfileProxy:1212
11-30 09:39:29.375 W/ContextImpl(3432): Calling a method in the system process without a qualified user: android.app.ContextImpl.bindService:1574 android.content.ContextWrapper.bindService:517 android.bluetooth.BluetoothPbap.doBind:164 android.bluetooth.BluetoothPbap.:157 com.android.settings.bluetooth.PbapServerProfile.:68
11-30 09:39:29.665 D/WifiService(2157): setWifiEnabled: true pid=3432, uid=1000
11-30 09:39:32.218 I/ActivityManager(2157): START u0 {act=android.intent.action.MAIN cmp=com.android.settings/.SubSettings (has extras)} from pid 3432
11-30 09:39:32.658 E/Cryptfs (1484): not running with encryption, aborting
11-30 09:39:40.856 W/InputMethodManagerService(2157): Window already focused, ignoring focus gain of: com.android.internal.view.IInputMethodClient$Stub$Proxy@41e79608 attribute=null, token = android.os.BinderProxy@41eecf88
11-30 09:39:40.876 I/ActivityManager(2157): Killing 3216:android.process.media/u0a6 (adj 11): empty #2
11-30 09:39:40.876 I/ActivityManager(2157): Killing 3134:com.cyanogenmod.account/u0a24 (adj 13): empty #3
11-30 09:39:40.876 I/ActivityManager(2157): Killing 3156:com.android.providers.calendar/u0a2 (adj 15): empty #4
11-30 09:39:40.876 I/ActivityManager(2157): Killing 3104:com.android.mms/u0a9 (adj 15): empty #5
11-30 09:39:40.976 D/CountryDetector(2157): No listener is left
11-30 09:39:42.458 I/ActivityManager(2157): START u0 {act=android.intent.action.MAIN cat=[android.intent.category.HOME] flg=0x10200000 cmp=com.android.launcher3/.Launcher} from pid 2157
11-30 09:39:43.129 W/InputMethodManagerService(2157): Starting input on non-focused client com.android.internal.view.IInputMethodClient$Stub$Proxy@41c20438 (uid=1000 pid=3432)
11-30 09:39:43.339 I/ActivityManager(2157): Killing 3432:com.android.settings/1000 (adj 2): cached #1
11-30 09:39:43.369 W/ActivityManager(2157): Force removing ActivityRecord{41cb40e0 u0 com.android.settings/.SubSettings t2}: app died, no saved state
11-30 09:39:43.369 I/WindowState(2157): WIN DEATH: Window{41e4e628 u0 com.android.settings/com.android.settings.SubSettings}
11-30 09:39:46.051 I/ActivityManager(2157): Force stopping com.android.keyguard appid=10008 user=0: from pid 2157
11-30 09:39:46.061 I/ActivityManager(2157): Force stopping com.bel.android.dspmanager appid=10031 user=0: from pid 2157
11-30 09:39:50.065 W/BackupManagerService(2157): dataChanged but no participant pkg='com.android.launcher3' uid=10042
11-30 09:40:00.395 I/ActivityManager(2157): START u0 {act=android.intent.action.MAIN cat=[android.intent.category.LAUNCHER] flg=0x10200000 cmp=com.android.settings/.Settings bnds=[240,560][357,704]} from pid 2406
11-30 09:40:00.475 I/ActivityManager(2157): Start proc com.android.settings for activity com.android.settings/.Settings: pid=3498 uid=1000 gids={41000, 1028, 1015, 3002, 3001, 3003}
11-30 09:40:00.886 W/ContextImpl(3498): Calling a method in the system process without a qualified user: android.app.ContextImpl.bindService:1574 android.content.ContextWrapper.bindService:517 android.bluetooth.BluetoothInputDevice.doBind:256 android.bluetooth.BluetoothInputDevice.:249 android.bluetooth.BluetoothAdapter.getProfileProxy:1197
11-30 09:40:00.896 W/ContextImpl(3498): Calling a method in the system process without a qualified user: android.app.ContextImpl.bindService:1574 android.content.ContextWrapper.bindService:517 android.bluetooth.BluetoothPan.doBind:149 android.bluetooth.BluetoothPan.:141 android.bluetooth.BluetoothAdapter.getProfileProxy:1200
11-30 09:40:00.896 W/ContextImpl(3498): Calling a method in the system process without a qualified user: android.app.ContextImpl.bindService:1574 android.content.ContextWrapper.bindService:517 android.bluetooth.BluetoothMap.doBind:109 android.bluetooth.BluetoothMap.:102 android.bluetooth.BluetoothAdapter.getProfileProxy:1212
11-30 09:40:00.906 W/ContextImpl(3498): Calling a method in the system process without a qualified user: android.app.ContextImpl.bindService:1574 android.content.ContextWrapper.bindService:517 android.bluetooth.BluetoothPbap.doBind:164 android.bluetooth.BluetoothPbap.:157 com.android.settings.bluetooth.PbapServerProfile.:68
11-30 09:40:01.076 D/WifiService(2157): setWifiEnabled: true pid=3498, uid=1000
11-30 09:40:01.296 D/WifiService(2157): setWifiEnabled: true pid=3498, uid=1000
11-30 09:40:03.198 D/ConnectivityService(2157): handleInetConditionChange: no active default network - ignore
11-30 09:40:03.328 I/ActivityManager(2157): START u0 {act=android.intent.action.MAIN cmp=com.android.settings/.SubSettings (has extras)} from pid 3498
11-30 09:40:03.478 W/ContextImpl(3498): Calling a method in the system process without a qualified user: android.app.ContextImpl.bindService:1574 android.content.ContextWrapper.bindService:517 com.android.settings.applications.ManageApplications.onCreate:863 android.app.Fragment.performCreate:1678 android.app.FragmentManagerImpl.moveToState:859
11-30 09:40:03.488 I/ActivityManager(2157): Start proc com.android.defcontainer for service com.android.defcontainer/.DefaultContainerService: pid=3534 uid=10004 gids={50004, 1028, 1015, 1023, 2001, 1035}
11-30 09:40:20.865 I/ActivityManager(2157): Killing 2978:com.android.deskclock/u0a32 (adj 11): empty #2
11-30 09:40:22.187 I/ActivityManager(2157): START u0 {act=android.intent.action.MAIN cat=[android.intent.category.HOME] flg=0x10200000 cmp=com.android.launcher3/.Launcher} from pid 2157
11-30 09:40:22.487 W/InputMethodManagerService(2157): Starting input on non-focused client com.android.internal.view.IInputMethodClient$Stub$Proxy@41e67418 (uid=1000 pid=3498)
11-30 09:40:22.717 I/ActivityManager(2157): Killing 3498:com.android.settings/1000 (adj 2): cached #1
11-30 09:40:22.737 W/ActivityManager(2157): Force removing ActivityRecord{41c49d90 u0 com.android.settings/.Settings t2}: app died, no saved state
11-30 09:40:22.737 I/WindowState(2157): WIN DEATH: Window{41ccbcd0 u0 com.android.settings/com.android.settings.Settings}
11-30 09:40:42.556 I/ActivityManager(2157): START u0 {act=android.intent.action.MAIN cat=[android.intent.category.LAUNCHER] flg=0x10200000 cmp=com.android.settings/.Settings bnds=[240,560][357,704]} from pid 2406
11-30 09:40:42.617 I/ActivityManager(2157): Start proc com.android.settings for activity com.android.settings/.Settings: pid=3595 uid=1000 gids={41000, 1028, 1015, 3002, 3001, 3003}
11-30 09:40:43.047 W/ContextImpl(3595): Calling a method in the system process without a qualified user: android.app.ContextImpl.bindService:1574 android.content.ContextWrapper.bindService:517 android.bluetooth.BluetoothInputDevice.doBind:256 android.bluetooth.BluetoothInputDevice.:249 android.bluetooth.BluetoothAdapter.getProfileProxy:1197
11-30 09:40:43.057 W/ContextImpl(3595): Calling a method in the system process without a qualified user: android.app.ContextImpl.bindService:1574 android.content.ContextWrapper.bindService:517 android.bluetooth.BluetoothPan.doBind:149 android.bluetooth.BluetoothPan.:141 android.bluetooth.BluetoothAdapter.getProfileProxy:1200
11-30 09:40:43.057 W/ContextImpl(3595): Calling a method in the system process without a qualified user: android.app.ContextImpl.bindService:1574 android.content.ContextWrapper.bindService:517 android.bluetooth.BluetoothMap.doBind:109 android.bluetooth.BluetoothMap.:102 android.bluetooth.BluetoothAdapter.getProfileProxy:1212
11-30 09:40:43.057 W/ContextImpl(3595): Calling a method in the system process without a qualified user: android.app.ContextImpl.bindService:1574 android.content.ContextWrapper.bindService:517 android.bluetooth.BluetoothPbap.doBind:164 android.bluetooth.BluetoothPbap.:157 com.android.settings.bluetooth.PbapServerProfile.:68
11-30 09:40:43.237 D/WifiService(2157): setWifiEnabled: true pid=3595, uid=1000
11-30 09:40:56.620 I/ActivityManager(2157): START u0 {act=android.intent.action.MAIN cmp=com.android.settings/.SubSettings (has extras)} from pid 3595
11-30 09:41:05.489 D/WifiService(2157): setWifiEnabled: false pid=2247, uid=10008
11-30 09:41:05.589 D/ConnectivityService(2157): ConnectivityChange for WIFI: DISCONNECTED/DISCONNECTED
11-30 09:41:05.589 D/ConnectivityService(2157): Attempting to switch to mobile
11-30 09:41:05.589 D/ConnectivityService(2157): Attempting to switch to BLUETOOTH_TETHER
11-30 09:41:05.589 D/Nat464Xlat(2157): requiresClat: netType=1, hasIPv4Address=false
11-30 09:41:05.609 D/MobileDataStateTracker(2157): dun: Broadcast received: android.intent.action.ANY_DATA_STATE apnType=dun
11-30 09:41:05.609 D/MobileDataStateTracker(2157): dun: Received state=DISCONNECTED, old=DISCONNECTED, reason=dataEnabled
11-30 09:41:05.619 D/MobileDataStateTracker(2157): default: setPolicyDataEnable(enabled=true)
11-30 09:41:05.639 D/MobileDataStateTracker(2157): supl: Broadcast received: android.intent.action.ANY_DATA_STATE apnType=supl
11-30 09:41:05.639 D/MobileDataStateTracker(2157): supl: Received state=DISCONNECTED, old=DISCONNECTED, reason=dataEnabled
11-30 09:41:05.649 D/MobileDataStateTracker(2157): hipri: Broadcast received: android.intent.action.ANY_DATA_STATE apnType=hipri
11-30 09:41:05.659 D/MobileDataStateTracker(2157): hipri: Received state=DISCONNECTED, old=DISCONNECTED, reason=dataEnabled
11-30 09:41:05.659 D/MobileDataStateTracker(2157): mms: Broadcast received: android.intent.action.ANY_DATA_STATE apnType=mms
11-30 09:41:05.669 D/MobileDataStateTracker(2157): mms: Received state=DISCONNECTED, old=DISCONNECTED, reason=dataEnabled
11-30 09:41:05.679 D/MobileDataStateTracker(2157): default: setPolicyDataEnable(enabled=true)
11-30 09:41:05.919 W/InputMethodManagerService(2157): Window already focused, ignoring focus gain of: com.android.internal.view.IInputMethodClient$Stub$Proxy@42044628 attribute=null, token = android.os.BinderProxy@41d1c8f8
11-30 09:41:08.682 I/ActivityManager(2157): Start proc com.cyanogenmod.updater for broadcast com.cyanogenmod.updater/.receiver.UpdateCheckReceiver: pid=3662 uid=10001 gids={50001, 3003, 1028, 1015, 2001}
11-30 09:41:08.812 I/ActivityManager(2157): Start proc android.process.media for broadcast com.android.providers.downloads/.DownloadReceiver: pid=3676 uid=10006 gids={50006, 1028, 1015, 1023, 1024, 2001, 3003, 3007}
11-30 09:41:08.812 I/ActivityManager(2157): Killing 3534:com.android.defcontainer/u0a4 (adj 11): empty #2
11-30 09:41:09.072 I/ActivityManager(2157): Start proc com.android.mms for broadcast com.android.mms/.transaction.MmsSystemEventReceiver: pid=3694 uid=10009 gids={50009, 3003, 1028, 1015}
11-30 09:41:09.142 I/ActivityManager(2157): Killing 3662:com.cyanogenmod.updater/u0a1 (adj 11): empty #2
11-30 09:41:09.192 D/CountryDetector(2157): The first listener is added
11-30 09:41:09.273 I/ActivityManager(2157): Killing 3676:android.process.media/u0a6 (adj 11): empty #2
11-30 09:41:09.303 I/ActivityManager(2157): Start proc com.google.android.gms for broadcast com.google.android.gms/.gcm.GmsAutoStarter: pid=3716 uid=10017 gids={50017, 3003, 1007, 1028, 1015, 1006, 2001, 3006, 3007}
11-30 09:41:09.413 I/ActivityManager(2157): Killing 3694:com.android.mms/u0a9 (adj 11): empty #2
11-30 09:41:09.423 D/CountryDetector(2157): No listener is left
11-30 09:41:09.443 I/ActivityManager(2157): Start proc pl.solidexplorer for broadcast pl.solidexplorer/.ConnectivityReceiver: pid=3731 uid=10066 gids={50066, 1028, 1015, 3003}
11-30 09:41:09.643 I/ActivityManager(2157): Start proc pl.solidexplorer.unlocker for content provider pl.solidexplorer.unlocker/.a: pid=3745 uid=10065 gids={50065}
11-30 09:41:09.753 I/ActivityManager(2157): Start proc com.android.mms for broadcast com.android.mms/.transaction.SmsReceiver: pid=3760 uid=10009 gids={50009, 3003, 1028, 1015}
11-30 09:41:09.753 I/ActivityManager(2157): Killing 3716:com.google.android.gms/u0a17 (adj 11): empty #2
11-30 09:41:09.763 I/ActivityManager(2157): Killing 3731:pl.solidexplorer/u0a66 (adj 11): empty #2
11-30 09:41:09.833 D/CountryDetector(2157): The first listener is added
11-30 09:41:09.913 I/ActivityManager(2157): Start proc com.google.android.gms for broadcast com.google.android.gms/.init.InitializeGmsReceiver: pid=3782 uid=10017 gids={50017, 3003, 1007, 1028, 1015, 1006, 2001, 3006, 3007}
11-30 09:41:09.973 I/ActivityManager(2157): Killing 3745:pl.solidexplorer.unlocker/u0a65 (adj 11): empty #2
11-30 09:41:10.213 I/ActivityManager(2157): Killing 3760:com.android.mms/u0a9 (adj 11): empty #2
11-30 09:41:10.223 D/CountryDetector(2157): No listener is left
11-30 09:41:13.587 W/BackupManagerService(2157): dataChanged but no participant pkg='com.android.providers.settings' uid=10008
11-30 09:41:13.987 W/InputMethodManagerService(2157): Window already focused, ignoring focus gain of: com.android.internal.view.IInputMethodClient$Stub$Proxy@41ca4068 attribute=null, token = android.os.BinderProxy@41d1c8f8
11-30 09:41:20.944 W/InputMethodManagerService(2157): Window already focused, ignoring focus gain of: com.android.internal.view.IInputMethodClient$Stub$Proxy@41f984b8 attribute=null, token = android.os.BinderProxy@41d1c8f8
11-30 09:41:49.031 I/ActivityManager(2157): START u0 {act=android.intent.action.MAIN cat=[android.intent.category.HOME] flg=0x10200000 cmp=com.android.launcher3/.Launcher} from pid 2157
11-30 09:41:49.302 W/InputMethodManagerService(2157): Starting input on non-focused client com.android.internal.view.IInputMethodClient$Stub$Proxy@41ed87d8 (uid=1000 pid=3595)
11-30 09:41:49.532 I/ActivityManager(2157): Killing 3595:com.android.settings/1000 (adj 2): cached #1
11-30 09:41:49.562 I/WindowState(2157): WIN DEATH: Window{41cc15d8 u0 com.android.settings/com.android.settings.Settings}
11-30 09:41:49.562 W/ActivityManager(2157): Force removing ActivityRecord{41d4b198 u0 com.android.settings/.Settings t3}: app died, no saved state
11-30 09:41:51.033 I/ActivityManager(2157): START u0 {act=android.intent.action.MAIN cat=[android.intent.category.LAUNCHER] flg=0x10200000 cmp=com.android.contacts/.activities.PeopleActivity} from pid 2406
11-30 09:41:51.093 I/ActivityManager(2157): Start proc com.android.contacts for activity com.android.contacts/.activities.PeopleActivity: pid=3852 uid=10003 gids={50003, 3003, 1028, 1015}
11-30 09:41:51.434 I/ActivityManager(2157): Start proc android.process.acore for content provider com.android.providers.contacts/.ContactsProvider2: pid=3870 uid=10003 gids={50003, 3003, 1028, 1015}
11-30 09:41:51.624 I/ActivityManager(2157): Killing 3782:com.google.android.gms/u0a17 (adj 11): empty #2
11-30 09:41:54.667 I/ActivityManager(2157): START u0 {act=android.intent.action.INSERT dat=content://com.android.contacts/contacts cmp=com.android.contacts/.activities.ContactEditorActivity (has extras)} from pid 3852
11-30 09:41:55.848 E/ActivityThread(2344): Failed to find provider info for com.sonyericsson.provider.customization
11-30 09:42:12.054 W/InputMethodManagerService(2157): Window already focused, ignoring focus gain of: com.android.internal.view.IInputMethodClient$Stub$Proxy@41bc30b8 attribute=null, token = android.os.BinderProxy@41ffb240
11-30 09:42:18.060 W/InputMethodManagerService(2157): Window already focused, ignoring focus gain of: com.android.internal.view.IInputMethodClient$Stub$Proxy@41ed87c8 attribute=null, token = android.os.BinderProxy@41ffb240
11-30 09:42:33.004 D/CountryDetector(2157): The first listener is added
11-30 09:42:33.214 I/ActivityManager(2157): Start proc com.android.settings for broadcast com.android.settings/.users.ProfileUpdateReceiver: pid=3950 uid=1000 gids={41000, 1028, 1015, 3002, 3001, 3003}
11-30 09:42:33.385 I/ActivityManager(2157): START u0 {act=android.intent.action.VIEW dat=content://com.android.contacts/contacts/lookup/profile/9223372034707292161 cmp=com.android.contacts/.activities.ContactDetailActivity} from pid 3852
11-30 09:42:34.105 I/ActivityManager(2157): Killing 3950:com.android.settings/1000 (adj 11): empty #2
11-30 09:42:37.248 I/ActivityManager(2157): START u0 {act=android.intent.action.EDIT dat=content://com.android.contacts/contacts/lookup/profile/9223372034707292161 cmp=com.android.contacts/.activities.ContactEditorActivity (has extras)} from pid 3852
11-30 09:42:41.032 I/ActivityManager(2157): START u0 {act=android.intent.action.GET_CONTENT typ=image/* flg=0x3 cmp=com.android.documentsui/.DocumentsActivity (has clip) (has extras)} from pid 3852
11-30 09:42:41.332 I/ActivityManager(2157): Start proc com.android.documentsui for activity com.android.documentsui/.DocumentsActivity: pid=3976 uid=10034 gids={50034}
11-30 09:42:41.523 I/ActivityManager(2157): Start proc android.process.media for content provider com.android.providers.downloads/.DownloadStorageProvider: pid=3990 uid=10006 gids={50006, 1028, 1015, 1023, 1024, 2001, 3003, 3007}
11-30 09:42:41.783 I/ActivityManager(2157): Start proc com.android.externalstorage for content provider com.android.externalstorage/.ExternalStorageProvider: pid=4015 uid=10007 gids={50007, 1028, 1015}
11-30 09:42:42.073 I/ActivityManager(2157): Killing 4015:com.android.externalstorage/u0a7 (adj 11): empty #2
11-30 09:42:42.433 I/ActivityManager(2157): Killing 3852:com.android.contacts/u0a3 (adj 2): cached #1
11-30 09:42:42.433 I/ActivityManager(2157): Killing 3870:android.process.acore/u0a3 (adj 2): empty #2
11-30 09:42:42.453 D/CountryDetector(2157): No listener is left
11-30 09:42:42.463 I/WindowState(2157): WIN DEATH: Window{41cec9e8 u0 com.android.contacts/com.android.contacts.activities.ContactEditorActivity}
11-30 09:42:42.463 W/ActivityManager(2157): Force removing ActivityRecord{41c49d90 u0 com.android.contacts/.activities.ContactEditorActivity t4}: app died, no saved state
11-30 09:42:45.256 I/ActivityManager(2157): START u0 {act=android.intent.action.GET_CONTENT typ=image/* flg=0x3 cmp=com.android.gallery3d/.app.GalleryActivity (has clip) (has extras)} from pid 3976
11-30 09:42:45.476 I/ActivityManager(2157): Start proc com.android.gallery3d for activity com.android.gallery3d/.app.GalleryActivity: pid=4042 uid=10038 gids={50038, 1006, 3003, 1028, 1015}
11-30 09:42:46.127 I/ActivityManager(2157): Killing 3976:com.android.documentsui/u0a34 (adj 2): cached #1
11-30 09:42:46.147 I/WindowState(2157): WIN DEATH: Window{41cc15d8 u0 com.android.documentsui/com.android.documentsui.DocumentsActivity}
11-30 09:42:46.147 W/ActivityManager(2157): Force removing ActivityRecord{41c88098 u0 com.android.documentsui/.DocumentsActivity t4}: app died, no saved state
11-30 09:42:51.272 I/ActivityManager(2157): Start proc com.android.contacts for activity com.android.contacts/.activities.ContactDetailActivity: pid=4071 uid=10003 gids={50003, 3003, 1028, 1015}
11-30 09:42:51.522 I/ActivityManager(2157): Start proc android.process.acore for content provider com.android.providers.contacts/.ContactsProvider2: pid=4088 uid=10003 gids={50003, 3003, 1028, 1015}
11-30 09:42:51.713 I/ActivityManager(2157): Killing 3990:android.process.media/u0a6 (adj 11): empty #2
11-30 09:42:52.083 I/ActivityManager(2157): Killing 4088:android.process.acore/u0a3 (adj 11): empty #2
11-30 09:42:52.093 I/ActivityThread(4071): Removing dead content provider:android.content.ContentProviderProxy@41d15f10
11-30 09:42:52.093 I/ActivityThread(4071): Removing dead content provider:android.content.ContentProviderProxy@41d15f10
11-30 09:42:52.103 I/ActivityManager(2157): Start proc android.process.acore for content provider com.android.providers.contacts/.ContactsProvider2: pid=4110 uid=10003 gids={50003, 3003, 1028, 1015}
11-30 09:42:52.463 I/ActivityManager(2157): Killing 4042:com.android.gallery3d/u0a38 (adj 11): empty #2
11-30 09:43:00.771 I/ActivityManager(2157): START u0 {act=android.intent.action.EDIT dat=content://com.android.contacts/contacts/lookup/profile/9223372034707292161 cmp=com.android.contacts/.activities.ContactEditorActivity (has extras)} from pid 4071
11-30 09:43:14.034 I/ActivityManager(2157): START u0 {act=android.intent.action.GET_CONTENT typ=image/* flg=0x3 cmp=com.android.documentsui/.DocumentsActivity (has clip) (has extras)} from pid 4071
11-30 09:43:14.335 I/ActivityManager(2157): Start proc com.android.documentsui for activity com.android.documentsui/.DocumentsActivity: pid=4161 uid=10034 gids={50034}
11-30 09:43:14.545 I/ActivityManager(2157): Start proc android.process.media for content provider com.android.providers.downloads/.DownloadStorageProvider: pid=4175 uid=10006 gids={50006, 1028, 1015, 1023, 1024, 2001, 3003, 3007}
11-30 09:43:14.785 I/ActivityManager(2157): Start proc com.android.externalstorage for content provider com.android.externalstorage/.ExternalStorageProvider: pid=4199 uid=10007 gids={50007, 1028, 1015}
11-30 09:43:14.935 I/ActivityManager(2157): Killing 4071:com.android.contacts/u0a3 (adj 2): cached #1
11-30 09:43:14.935 I/ActivityManager(2157): Killing 4110:android.process.acore/u0a3 (adj 2): empty #2
11-30 09:43:14.965 I/ActivityManager(2157): Killing 4199:com.android.externalstorage/u0a7 (adj 11): empty #2
11-30 09:43:14.975 W/ActivityManager(2157): Force removing ActivityRecord{41da6a08 u0 com.android.contacts/.activities.ContactEditorActivity t4}: app died, no saved state
11-30 09:43:14.975 I/WindowState(2157): WIN DEATH: Window{41d71610 u0 com.android.contacts/com.android.contacts.activities.ContactEditorActivity}
11-30 09:43:21.041 W/InputMethodManagerService(2157): Window already focused, ignoring focus gain of: com.android.internal.view.IInputMethodClient$Stub$Proxy@41e43d60 attribute=null, token = android.os.BinderProxy@41d62bf8
11-30 09:43:36.056 I/ActivityManager(2157): Start proc com.android.contacts for activity com.android.contacts/.activities.ContactDetailActivity: pid=4244 uid=10003 gids={50003, 3003, 1028, 1015}
11-30 09:43:36.306 I/ActivityManager(2157): Start proc android.process.acore for content provider com.android.providers.contacts/.ContactsProvider2: pid=4269 uid=10003 gids={50003, 3003, 1028, 1015}
11-30 09:43:36.696 I/ActivityManager(2157): Killing 4175:android.process.media/u0a6 (adj 9): empty #2
11-30 09:43:36.736 I/ActivityThread(4161): Removing dead content provider:android.content.ContentProviderProxy@41ee1f70
11-30 09:43:36.847 I/ActivityManager(2157): Killing 4269:android.process.acore/u0a3 (adj 11): empty #2
11-30 09:43:36.857 I/ActivityThread(4244): Removing dead content provider:android.content.ContentProviderProxy@41d116e0
11-30 09:43:36.857 I/ActivityThread(4244): Removing dead content provider:android.content.ContentProviderProxy@41d116e0
11-30 09:43:36.867 I/ActivityManager(2157): Start proc android.process.acore for content provider com.android.providers.contacts/.ContactsProvider2: pid=4290 uid=10003 gids={50003, 3003, 1028, 1015}
11-30 09:43:37.227 I/ActivityManager(2157): Killing 4161:com.android.documentsui/u0a34 (adj 11): empty #2
11-30 09:43:49.979 I/ActivityManager(2157): START u0 {act=com.android.contacts.action.QUICK_CONTACT dat=content://com.android.contacts/contacts/lookup/profile/9223372034707292161 flg=0x80000 cmp=com.android.contacts/.quickcontact.QuickContactActivity bnds=[24,169][120,265] (has extras)} from pid 4244
11-30 09:43:52.822 I/WindowManager(2157): Screenshot Window{41ec1d30 u0 com.android.contacts/com.android.contacts.quickcontact.QuickContactActivity} was monochrome(ff000000)! mSurfaceLayer=21010 minLayer=21010 maxLayer=21010
11-30 09:43:52.942 W/InputMethodManagerService(2157): Window already focused, ignoring focus gain of: com.android.internal.view.IInputMethodClient$Stub$Proxy@41fcd840 attribute=null, token = android.os.BinderProxy@41e7a208
11-30 09:43:53.363 I/ActivityManager(2157): START u0 {act=android.intent.action.VIEW dat=content://com.android.contacts/contacts/lookup/2081i3d93079c083ff206/224 cmp=com.android.contacts/.activities.ContactDetailActivity} from pid 4244
11-30 09:43:56.476 I/ActivityManager(2157): START u0 {act=android.intent.action.EDIT dat=content://com.android.contacts/contacts/lookup/2081i3d93079c083ff206/224 cmp=com.android.contacts/.activities.ContactEditorActivity (has extras)} from pid 4244
11-30 09:44:06.395 I/ActivityManager(2157): START u0 {act=android.intent.action.VIEW dat=content://com.android.contacts/contacts/lookup/2081i5113cee40f5b1e13/220 cmp=com.android.contacts/.activities.ContactDetailActivity} from pid 4244
11-30 09:44:08.788 I/ActivityManager(2157): START u0 {act=android.intent.action.EDIT dat=content://com.android.contacts/contacts/lookup/2081i5113cee40f5b1e13/220 cmp=com.android.contacts/.activities.ContactEditorActivity (has extras)} from pid 4244
11-30 09:44:23.072 I/ActivityManager(2157): START u0 {act=android.intent.action.VIEW dat=content://com.android.contacts/contacts/lookup/profile/9223372034707292161 cmp=com.android.contacts/.activities.ContactDetailActivity} from pid 4244
11-30 09:44:31.940 W/InputMethodManagerService(2157): Window already focused, ignoring focus gain of: com.android.internal.view.IInputMethodClient$Stub$Proxy@41e44db0 attribute=null, token = android.os.BinderProxy@41fc51a0
11-30 09:44:33.752 I/ActivityManager(2157): Start proc com.android.settings for broadcast com.android.settings/.users.ProfileUpdateReceiver: pid=4402 uid=1000 gids={41000, 1028, 1015, 3002, 3001, 3003}
11-30 09:44:34.182 W/ActivityManager(2157): Duplicate finish request for ActivityRecord{41d6d9b0 u0 com.android.contacts/.activities.ContactDetailActivity t4 f}
11-30 09:44:35.884 I/ActivityManager(2157): START u0 {act=android.intent.action.INSERT dat=content://com.android.contacts/contacts cmp=com.android.contacts/.activities.ContactEditorActivity (has extras)} from pid 4244
11-30 09:44:46.304 I/ActivityManager(2157): START u0 {act=android.intent.action.GET_CONTENT typ=image/* flg=0x3 cmp=com.android.documentsui/.DocumentsActivity (has clip) (has extras)} from pid 4244
11-30 09:44:46.635 I/ActivityManager(2157): Start proc com.android.documentsui for activity com.android.documentsui/.DocumentsActivity: pid=4445 uid=10034 gids={50034}
11-30 09:44:46.785 I/ActivityManager(2157): Start proc android.process.media for content provider com.android.providers.downloads/.DownloadStorageProvider: pid=4459 uid=10006 gids={50006, 1028, 1015, 1023, 1024, 2001, 3003, 3007}
11-30 09:44:47.005 I/ActivityManager(2157): Start proc com.android.externalstorage for content provider com.android.externalstorage/.ExternalStorageProvider: pid=4480 uid=10007 gids={50007, 1028, 1015}
11-30 09:44:47.185 I/ActivityManager(2157): Killing 4402:com.android.settings/1000 (adj 11): empty #2
11-30 09:44:47.205 I/ActivityManager(2157): Killing 4480:com.android.externalstorage/u0a7 (adj 11): empty #2
11-30 09:44:47.746 I/ActivityManager(2157): Killing 4244:com.android.contacts/u0a3 (adj 2): cached #1
11-30 09:44:47.766 I/WindowState(2157): WIN DEATH: Window{41d71610 u0 com.android.contacts/com.android.contacts.activities.ContactEditorActivity}
11-30 09:44:47.766 W/ActivityManager(2157): Force removing ActivityRecord{41faebe0 u0 com.android.contacts/.activities.ContactEditorActivity t4}: app died, no saved state
11-30 09:44:52.761 I/ActivityManager(2157): Start proc com.android.contacts for activity com.android.contacts/.activities.PeopleActivity: pid=4499 uid=10003 gids={50003, 3003, 1028, 1015}
11-30 09:44:53.742 I/ActivityManager(2157): Killing 4445:com.android.documentsui/u0a34 (adj 11): empty #2
11-30 09:44:53.752 I/WindowState(2157): WIN DEATH: Window{41ec1d30 u0 com.android.documentsui/com.android.documentsui.DocumentsActivity}
11-30 09:44:56.955 I/ActivityManager(2157): START u0 {act=android.intent.action.INSERT dat=content://com.android.contacts/contacts cmp=com.android.contacts/.activities.ContactEditorActivity (has extras)} from pid 4499
11-30 09:45:01.169 I/ActivityManager(2157): Start proc com.android.deskclock for broadcast com.android.deskclock/com.android.alarmclock.DigitalAppWidgetProvider: pid=4538 uid=10032 gids={50032, 1028}
11-30 09:45:01.259 I/ActivityManager(2157): Killing 4538:com.android.deskclock/u0a32 (adj 11): empty #2
11-30 09:45:05.723 W/InputMethodManagerService(2157): Window already focused, ignoring focus gain of: com.android.internal.view.IInputMethodClient$Stub$Proxy@41f7a3f8 attribute=null, token = android.os.BinderProxy@41c3fb88
11-30 09:45:13.231 W/InputMethodManagerService(2157): Window already focused, ignoring focus gain of: com.android.internal.view.IInputMethodClient$Stub$Proxy@41c03b28 attribute=null, token = android.os.BinderProxy@41c3fb88
11-30 09:45:17.295 W/InputMethodManagerService(2157): Window already focused, ignoring focus gain of: com.android.internal.view.IInputMethodClient$Stub$Proxy@41e48ec8 attribute=null, token = android.os.BinderProxy@41c3fb88
11-30 09:45:22.149 W/InputMethodManagerService(2157): Window already focused, ignoring focus gain of: com.android.internal.view.IInputMethodClient$Stub$Proxy@41bde920 attribute=null, token = android.os.BinderProxy@41c3fb88
11-30 09:45:33.741 D/CountryDetector(2157): The first listener is added
11-30 09:45:33.961 I/ActivityManager(2157): Start proc com.android.settings for broadcast com.android.settings/.users.ProfileUpdateReceiver: pid=4590 uid=1000 gids={41000, 1028, 1015, 3002, 3001, 3003}
11-30 09:45:34.071 I/ActivityManager(2157): Killing 4590:com.android.settings/1000 (adj 11): empty #2
11-30 09:45:34.141 I/ActivityManager(2157): START u0 {act=android.intent.action.VIEW dat=content://com.android.contacts/contacts/lookup/profile/9223372034707292162 cmp=com.android.contacts/.activities.ContactDetailActivity} from pid 4499
11-30 09:45:36.323 I/ActivityManager(2157): START u0 {act=android.intent.action.MAIN cat=[android.intent.category.HOME] flg=0x10200000 cmp=com.android.launcher3/.Launcher} from pid 2157
11-30 09:45:36.593 W/InputMethodManagerService(2157): Starting input on non-focused client com.android.internal.view.IInputMethodClient$Stub$Proxy@41c11278 (uid=10003 pid=4499)
11-30 09:45:36.794 I/ActivityManager(2157): Killing 4499:com.android.contacts/u0a3 (adj 2): cached #1
11-30 09:45:36.824 I/WindowState(2157): WIN DEATH: Window{41ec1d30 u0 com.android.contacts/com.android.contacts.activities.ContactDetailActivity}
11-30 09:45:36.824 W/ActivityManager(2157): Force removing ActivityRecord{41fccd40 u0 com.android.contacts/.activities.ContactDetailActivity t4}: app died, no saved state
11-30 09:45:38.836 I/ActivityManager(2157): START u0 {act=android.intent.action.VIEW dat=content://com.android.contacts/profile flg=0x14000000 cmp=com.android.contacts/.activities.ContactDetailActivity} from pid 2247
11-30 09:45:38.866 I/ActivityManager(2157): Start proc com.android.contacts for activity com.android.contacts/.activities.ContactDetailActivity: pid=4611 uid=10003 gids={50003, 3003, 1028, 1015}
11-30 09:45:43.840 I/ActivityManager(2157): START u0 {act=android.intent.action.EDIT dat=content://com.android.contacts/profile cmp=com.android.contacts/.activities.ContactEditorActivity (has extras)} from pid 4611
11-30 09:45:47.994 I/ActivityManager(2157): START u0 {act=android.intent.action.GET_CONTENT typ=image/* flg=0x3 cmp=com.android.documentsui/.DocumentsActivity (has clip) (has extras)} from pid 4611
11-30 09:45:48.235 I/ActivityManager(2157): Start proc com.android.documentsui for activity com.android.documentsui/.DocumentsActivity: pid=4650 uid=10034 gids={50034}
11-30 09:45:48.465 I/ActivityManager(2157): Start proc com.android.externalstorage for content provider com.android.externalstorage/.ExternalStorageProvider: pid=4668 uid=10007 gids={50007, 1028, 1015}
11-30 09:45:48.725 I/ActivityManager(2157): Killing 4668:com.android.externalstorage/u0a7 (adj 11): empty #2
11-30 09:45:49.216 I/ActivityManager(2157): Killing 4611:com.android.contacts/u0a3 (adj 2): cached #1
11-30 09:45:49.236 I/WindowState(2157): WIN DEATH: Window{41c4bcf0 u0 com.android.contacts/com.android.contacts.activities.ContactEditorActivity}
11-30 09:45:49.236 W/ActivityManager(2157): Force removing ActivityRecord{41cb0d80 u0 com.android.contacts/.activities.ContactEditorActivity t4}: app died, no saved state
11-30 09:45:53.180 I/ActivityManager(2157): Start proc com.android.contacts for activity com.android.contacts/.activities.ContactDetailActivity: pid=4696 uid=10003 gids={50003, 3003, 1028, 1015}
11-30 09:45:53.840 I/ActivityManager(2157): Killing 4650:com.android.documentsui/u0a34 (adj 11): empty #2
11-30 09:45:53.860 I/WindowState(2157): WIN DEATH: Window{41ec1d30 u0 com.android.documentsui/com.android.documentsui.DocumentsActivity}
11-30 09:45:56.202 I/ActivityManager(2157): START u0 {cmp=com.android.contacts/.activities.PhotoSelectionActivity bnds=[0,110][480,350] (has extras)} from pid 4696
11-30 09:45:56.873 W/InputMethodManagerService(2157): Window already focused, ignoring focus gain of: com.android.internal.view.IInputMethodClient$Stub$Proxy@41c362f0 attribute=null, token = android.os.BinderProxy@4200e2f0
