11-30 09:45:57.594 I/ActivityManager(2157): START u0 {cmp=com.android.contacts/.activities.PhotoSelectionActivity bnds=[0,110][480,350] (has extras)} from pid 4696
11-30 09:45:59.275 I/ActivityManager(2157): START u0 {act=android.intent.action.GET_CONTENT typ=image/* flg=0x3 cmp=com.android.documentsui/.DocumentsActivity (has clip) (has extras)} from pid 4696
11-30 09:45:59.616 I/ActivityManager(2157): Start proc com.android.documentsui for activity com.android.documentsui/.DocumentsActivity: pid=4727 uid=10034 gids={50034}
11-30 09:45:59.846 I/ActivityManager(2157): Start proc com.android.externalstorage for content provider com.android.externalstorage/.ExternalStorageProvider: pid=4741 uid=10007 gids={50007, 1028, 1015}
11-30 09:46:00.126 I/ActivityManager(2157): Killing 4741:com.android.externalstorage/u0a7 (adj 11): empty #2
11-30 09:46:00.337 I/ActivityManager(2157): Killing 4696:com.android.contacts/u0a3 (adj 2): cached #1
11-30 09:46:00.347 I/WindowState(2157): WIN DEATH: Window{41d692a8 u0 com.android.contacts/com.android.contacts.activities.PhotoSelectionActivity}
11-30 09:46:00.347 W/ActivityManager(2157): Force removing ActivityRecord{41ceab80 u0 com.android.contacts/.activities.PhotoSelectionActivity t4}: app died, no saved state
11-30 09:46:03.269 I/ActivityManager(2157): Start proc com.android.contacts for activity com.android.contacts/.activities.ContactDetailActivity: pid=4770 uid=10003 gids={50003, 3003, 1028, 1015}
11-30 09:46:03.990 I/ActivityManager(2157): Killing 4727:com.android.documentsui/u0a34 (adj 11): empty #2
11-30 09:46:04.010 I/WindowState(2157): WIN DEATH: Window{41cec9e8 u0 com.android.documentsui/com.android.documentsui.DocumentsActivity}
11-30 09:46:09.986 I/ActivityManager(2157): START u0 {act=android.intent.action.CHOOSER flg=0x1 cmp=android/com.android.internal.app.ChooserActivity (has clip) (has extras)} from pid 4770
11-30 09:46:10.396 D/ConnectivityService(2157): handleInetConditionChange: no active default network - ignore
11-30 09:46:12.979 W/InputMethodManagerService(2157): Window already focused, ignoring focus gain of: com.android.internal.view.IInputMethodClient$Stub$Proxy@41f46f90 attribute=null, token = android.os.BinderProxy@41d1d518
11-30 09:46:19.866 I/ActivityManager(2157): START u0 {act=android.intent.action.EDIT dat=content://com.android.contacts/profile cmp=com.android.contacts/.activities.ContactEditorActivity (has extras)} from pid 4770
11-30 09:46:39.615 I/ActivityManager(2157): START u0 {act=android.intent.action.GET_CONTENT typ=image/* flg=0x3 cmp=com.android.documentsui/.DocumentsActivity (has clip) (has extras)} from pid 4770
11-30 09:46:39.925 I/ActivityManager(2157): Start proc com.android.documentsui for activity com.android.documentsui/.DocumentsActivity: pid=4837 uid=10034 gids={50034}
11-30 09:46:40.125 I/ActivityManager(2157): Start proc com.android.externalstorage for content provider com.android.externalstorage/.ExternalStorageProvider: pid=4851 uid=10007 gids={50007, 1028, 1015}
11-30 09:46:40.446 I/ActivityManager(2157): Killing 4851:com.android.externalstorage/u0a7 (adj 11): empty #2
11-30 09:46:40.816 I/ActivityManager(2157): Killing 4770:com.android.contacts/u0a3 (adj 2): cached #1
11-30 09:46:40.836 I/WindowState(2157): WIN DEATH: Window{41d692a8 u0 com.android.contacts/com.android.contacts.activities.ContactEditorActivity}
11-30 09:46:40.836 W/ActivityManager(2157): Force removing ActivityRecord{41d999e8 u0 com.android.contacts/.activities.ContactEditorActivity t4}: app died, no saved state
11-30 09:46:42.888 I/ActivityManager(2157): START u0 {act=android.intent.action.GET_CONTENT typ=image/* flg=0x3 cmp=com.rhmsoft.fm/.FileManager (has clip) (has extras)} from pid 4837
11-30 09:46:43.108 I/ActivityManager(2157): Start proc com.rhmsoft.fm for activity com.rhmsoft.fm/.FileManager: pid=4873 uid=10063 gids={50063, 3003, 1028, 1015}
11-30 09:46:43.869 E/ActivityThread(4873): Failed to find provider info for com.google.plus.platform
11-30 09:46:44.059 I/ActivityManager(2157): Killing 4837:com.android.documentsui/u0a34 (adj 2): cached #1
11-30 09:46:44.119 W/ActivityManager(2157): Force removing ActivityRecord{4209f680 u0 com.android.documentsui/.DocumentsActivity t4}: app died, no saved state
11-30 09:46:44.119 I/WindowState(2157): WIN DEATH: Window{41d514a8 u0 com.android.documentsui/com.android.documentsui.DocumentsActivity}
11-30 09:46:45.100 W/SocketClient(1487): write error (Broken pipe)
11-30 09:46:58.373 I/ActivityManager(2157): Start proc com.android.contacts for activity com.android.contacts/.activities.ContactDetailActivity: pid=4948 uid=10003 gids={50003, 3003, 1028, 1015}
11-30 09:46:59.094 I/ActivityManager(2157): Killing 4459:android.process.media/u0a6 (adj 11): empty #2
11-30 09:47:02.237 I/ActivityManager(2157): START u0 {act=android.intent.action.EDIT dat=content://com.android.contacts/profile cmp=com.android.contacts/.activities.ContactEditorActivity (has extras)} from pid 4948
11-30 09:47:08.233 I/ActivityManager(2157): START u0 {act=android.intent.action.GET_CONTENT typ=image/* flg=0x3 cmp=com.android.documentsui/.DocumentsActivity (has clip) (has extras)} from pid 4948
11-30 09:47:08.453 I/ActivityManager(2157): Start proc com.android.documentsui for activity com.android.documentsui/.DocumentsActivity: pid=4986 uid=10034 gids={50034}
11-30 09:47:08.683 I/ActivityManager(2157): Start proc android.process.media for content provider com.android.providers.downloads/.DownloadStorageProvider: pid=5001 uid=10006 gids={50006, 1028, 1015, 1023, 1024, 2001, 3003, 3007}
11-30 09:47:08.933 I/ActivityManager(2157): Start proc com.android.externalstorage for content provider com.android.externalstorage/.ExternalStorageProvider: pid=5026 uid=10007 gids={50007, 1028, 1015}
11-30 09:47:09.044 I/ActivityManager(2157): Killing 4873:com.rhmsoft.fm/u0a63 (adj 11): empty #2
11-30 09:47:09.084 I/ActivityManager(2157): Killing 4948:com.android.contacts/u0a3 (adj 2): cached #1
11-30 09:47:09.094 I/ActivityManager(2157): Killing 5026:com.android.externalstorage/u0a7 (adj 11): empty #2
11-30 09:47:09.144 I/WindowState(2157): WIN DEATH: Window{41cc15d8 u0 com.android.contacts/com.android.contacts.activities.ContactEditorActivity}
11-30 09:47:09.144 W/ActivityManager(2157): Force removing ActivityRecord{41d6dce8 u0 com.android.contacts/.activities.ContactEditorActivity t4}: app died, no saved state
11-30 09:47:19.274 I/ActivityManager(2157): Start proc com.android.contacts for activity com.android.contacts/.activities.ContactDetailActivity: pid=5055 uid=10003 gids={50003, 3003, 1028, 1015}
11-30 09:47:19.924 I/ActivityManager(2157): Killing 5001:android.process.media/u0a6 (adj 9): empty #2
11-30 09:47:19.964 I/ActivityThread(4986): Removing dead content provider:android.content.ContentProviderProxy@41d48000
11-30 09:47:26.781 I/ActivityManager(2157): START u0 {cmp=com.android.contacts/.preference.ContactsPreferenceActivity (has extras)} from pid 5055
11-30 09:47:32.757 I/ActivityManager(2157): START u0 {act=android.intent.action.MAIN cat=[android.intent.category.HOME] flg=0x10200000 cmp=com.android.launcher3/.Launcher} from pid 2157
11-30 09:47:33.257 I/ActivityManager(2157): Killing 5055:com.android.contacts/u0a3 (adj 2): cached #1
11-30 09:47:33.287 I/WindowState(2157): WIN DEATH: Window{41da2fd0 u0 com.android.contacts/com.android.contacts.activities.PeopleActivity}
11-30 09:47:33.287 W/ActivityManager(2157): Force removing ActivityRecord{41d6d7f0 u0 com.android.contacts/.activities.PeopleActivity t4}: app died, no saved state
11-30 09:47:35.399 W/InputMethodManagerService(2157): Window already focused, ignoring focus gain of: com.android.internal.view.IInputMethodClient$Stub$Proxy@42043380 attribute=null, token = android.os.BinderProxy@41efc0b8
11-30 09:47:37.742 I/PowerManagerService(2157): Going to sleep by user request...
11-30 09:51:10.410 D/ConnectivityService(2157): handleInetConditionChange: no active default network - ignore
11-30 09:51:43.960 D/ConnectivityService(2157): Sampling interval elapsed, updating statistics ..
11-30 09:51:43.980 D/ConnectivityService(2157): Done.
11-30 09:51:43.980 D/ConnectivityService(2157): Setting timer for 720seconds
11-30 09:51:44.090 D/MobileDataStateTracker(2157): default: setPolicyDataEnable(enabled=true)
11-30 09:56:11.020 D/ConnectivityService(2157): handleInetConditionChange: no active default network - ignore
11-30 09:56:11.539 I/PowerManagerService(2157): Waking up from sleep...
11-30 09:56:11.609 I/WindowManager(2157): Lock screen displayed!
11-30 10:00:10.000 I/ActivityManager(2157): Start proc com.android.deskclock for broadcast com.android.deskclock/com.android.alarmclock.DigitalAppWidgetProvider: pid=5167 uid=10032 gids={50032, 1028}
11-30 10:00:10.080 I/ActivityManager(2157): Killing 4986:com.android.documentsui/u0a34 (adj 11): empty #2
11-30 10:00:11.500 W/InputMethodManagerService(2157): Window already focused, ignoring focus gain of: com.android.internal.view.IInputMethodClient$Stub$Proxy@41e77fa8 attribute=android.view.inputmethod.EditorInfo@41eb9b10, token = android.os.BinderProxy@41efc0b8
11-30 10:00:19.818 I/ActivityManager(2157): START u0 {act=android.intent.action.MAIN cat=[android.intent.category.HOME] flg=0x10200000 cmp=com.android.launcher3/.Launcher} from pid 2157
11-30 10:00:19.858 W/InputMethodManagerService(2157): Window already focused, ignoring focus gain of: com.android.internal.view.IInputMethodClient$Stub$Proxy@41cf5fc8 attribute=null, token = android.os.BinderProxy@41efc0b8
11-30 10:00:20.900 I/ActivityManager(2157): START u0 {act=android.intent.action.MAIN cat=[android.intent.category.LAUNCHER] flg=0x10200000 cmp=com.android.settings/.Settings bnds=[240,560][357,704]} from pid 2406
11-30 10:00:20.990 I/ActivityManager(2157): Start proc com.android.settings for activity com.android.settings/.Settings: pid=5194 uid=1000 gids={41000, 1028, 1015, 3002, 3001, 3003}
11-30 10:00:21.380 W/ContextImpl(5194): Calling a method in the system process without a qualified user: android.app.ContextImpl.bindService:1574 android.content.ContextWrapper.bindService:517 android.bluetooth.BluetoothInputDevice.doBind:256 android.bluetooth.BluetoothInputDevice.:249 android.bluetooth.BluetoothAdapter.getProfileProxy:1197
11-30 10:00:21.390 W/ContextImpl(5194): Calling a method in the system process without a qualified user: android.app.ContextImpl.bindService:1574 android.content.ContextWrapper.bindService:517 android.bluetooth.BluetoothPan.doBind:149 android.bluetooth.BluetoothPan.:141 android.bluetooth.BluetoothAdapter.getProfileProxy:1200
11-30 10:00:21.390 W/ContextImpl(5194): Calling a method in the system process without a qualified user: android.app.ContextImpl.bindService:1574 android.content.ContextWrapper.bindService:517 android.bluetooth.BluetoothMap.doBind:109 android.bluetooth.BluetoothMap.:102 android.bluetooth.BluetoothAdapter.getProfileProxy:1212
11-30 10:00:21.390 W/ContextImpl(5194): Calling a method in the system process without a qualified user: android.app.ContextImpl.bindService:1574 android.content.ContextWrapper.bindService:517 android.bluetooth.BluetoothPbap.doBind:164 android.bluetooth.BluetoothPbap.:157 com.android.settings.bluetooth.PbapServerProfile.:68
11-30 10:00:23.952 I/ActivityManager(2157): START u0 {act=android.intent.action.MAIN cmp=com.android.settings/.SubSettings (has extras)} from pid 5194
11-30 10:00:31.600 W/InputMethodManagerService(2157): Window already focused, ignoring focus gain of: com.android.internal.view.IInputMethodClient$Stub$Proxy@41ebf158 attribute=null, token = android.os.BinderProxy@41e41160
11-30 10:00:37.135 I/ActivityManager(2157): START u0 {act=android.intent.action.MAIN cat=[android.intent.category.HOME] flg=0x10200000 cmp=com.android.launcher3/.Launcher} from pid 2157
11-30 10:00:37.686 I/ActivityManager(2157): Killing 5194:com.android.settings/1000 (adj 2): cached #1
11-30 10:00:37.706 W/ActivityManager(2157): Force removing ActivityRecord{41d6d9b0 u0 com.android.settings/.Settings t5}: app died, no saved state
11-30 10:00:37.706 I/WindowState(2157): WIN DEATH: Window{41e623c8 u0 com.android.settings/com.android.settings.Settings}
11-30 10:00:38.347 I/PowerManagerService(2157): Going to sleep by user request...
11-30 10:01:11.030 D/ConnectivityService(2157): handleInetConditionChange: no active default network - ignore
11-30 10:01:11.138 I/PowerManagerService(2157): Waking up from sleep...
11-30 10:01:11.268 I/WindowManager(2157): Lock screen displayed!
11-30 10:03:21.322 W/InputMethodManagerService(2157): Window already focused, ignoring focus gain of: com.android.internal.view.IInputMethodClient$Stub$Proxy@41cce750 attribute=android.view.inputmethod.EditorInfo@41cab5f8, token = android.os.BinderProxy@41fe13e8
11-30 10:03:23.164 I/PowerManagerService(2157): Going to sleep by user request...
11-30 10:03:53.490 D/ConnectivityService(2157): Sampling interval elapsed, updating statistics ..
11-30 10:03:53.510 D/ConnectivityService(2157): Done.
11-30 10:03:53.510 D/ConnectivityService(2157): Setting timer for 720seconds
11-30 10:04:02.892 I/PowerManagerService(2157): Waking up from sleep...
11-30 10:04:03.072 I/WindowManager(2157): Lock screen displayed!
11-30 10:06:10.402 I/PowerManagerService(2157): Going to sleep by user request...
11-30 10:06:11.043 D/ConnectivityService(2157): handleInetConditionChange: no active default network - ignore
11-30 10:06:11.832 I/PowerManagerService(2157): Waking up from sleep...
11-30 10:06:11.972 I/WindowManager(2157): Lock screen displayed!
11-30 10:11:14.000 D/ConnectivityService(2157): handleInetConditionChange: no active default network - ignore
11-30 10:11:15.110 I/PowerManagerService(2157): Going to sleep by user request...
11-30 10:11:16.530 I/PowerManagerService(2157): Waking up from sleep...
11-30 10:11:16.671 I/WindowManager(2157): Lock screen displayed!
11-30 10:15:43.990 W/InputMethodManagerService(2157): Window already focused, ignoring focus gain of: com.android.internal.view.IInputMethodClient$Stub$Proxy@41cce1e0 attribute=android.view.inputmethod.EditorInfo@41d55478, token = android.os.BinderProxy@41fe13e8
11-30 10:15:46.352 I/ActivityManager(2157): START u0 {act=android.intent.action.MAIN cat=[android.intent.category.LAUNCHER] flg=0x10200000 cmp=com.android.camera2/com.android.camera.CameraLauncher} from pid 2406
11-30 10:15:46.502 I/ActivityManager(2157): Start proc com.android.camera2 for activity com.android.camera2/com.android.camera.CameraLauncher: pid=5347 uid=10028 gids={50028, 1006, 3003, 1028, 1015}
11-30 10:15:47.213 I/ActivityManager(2157): Start proc android.process.media for content provider com.android.providers.media/.MediaProvider: pid=5408 uid=10006 gids={50006, 1028, 1015, 1023, 1024, 2001, 3003, 3007}
11-30 10:15:47.593 I/ActivityManager(2157): Killing 5167:com.android.deskclock/u0a32 (adj 11): empty #2
11-30 10:15:51.537 W/NativeCrashListener(2157): Couldn't find ProcessRecord for pid 1493
11-30 10:15:52.238 I/BootReceiver(2157): Copying /data/tombstones/tombstone_04 to DropBox (SYSTEM_TOMBSTONE)
11-30 10:15:52.268 E/AndroidRuntime(5347): FATAL EXCEPTION: Camera Handler Thread
11-30 10:15:52.268 E/AndroidRuntime(5347): Process: com.android.camera2, PID: 5347
11-30 10:15:52.268 E/AndroidRuntime(5347): java.lang.RuntimeException: Media server died.
11-30 10:15:52.268 E/AndroidRuntime(5347): at com.android.camera.CameraErrorCallback.onError(CameraErrorCallback.java:32)
11-30 10:15:52.268 E/AndroidRuntime(5347): at android.hardware.Camera$EventHandler.handleMessage(Camera.java:994)
11-30 10:15:52.268 E/AndroidRuntime(5347): at android.os.Handler.dispatchMessage(Handler.java:102)
11-30 10:15:52.268 E/AndroidRuntime(5347): at android.os.Looper.loop(Looper.java:137)
11-30 10:15:52.268 E/AndroidRuntime(5347): at android.os.HandlerThread.run(HandlerThread.java:61)
11-30 10:15:52.478 W/ActivityManager(2157): Force finishing activity com.android.camera2/com.android.camera.CameraLauncher
11-30 10:15:53.269 W/ActivityManager(2157): Activity pause timeout for ActivityRecord{420d1ed8 u0 com.android.camera2/com.android.camera.CameraLauncher t6 f}
11-30 10:15:53.910 I/ActivityManager(2157): Killing 5408:android.process.media/u0a6 (adj 11): empty #2
11-30 10:15:55.101 I/ActivityManager(2157): Process com.android.camera2 (pid 5347) has died.
11-30 10:15:55.111 I/WindowState(2157): WIN DEATH: Window{41d1eb60 u0 com.android.camera2/com.android.camera.CameraLauncher}
11-30 10:15:55.811 I/ActivityManager(2157): Low on memory:
11-30 10:15:55.811 I/ActivityManager(2157): ntv N 12589 kB: zygote (1491) native
11-30 10:15:55.811 I/ActivityManager(2157): ntv N 8784 kB: surfaceflinger (1490) native
11-30 10:15:55.811 I/ActivityManager(2157): ntv N 4902 kB: admsrv (1501) native
11-30 10:15:55.811 I/ActivityManager(2157): ntv N 2693 kB: drmserver (1492) native
11-30 10:15:55.811 I/ActivityManager(2157): ntv N 2017 kB: at_core (1647) native
11-30 10:15:55.811 I/ActivityManager(2157): ntv N 957 kB: cn_server (1478) native
11-30 10:15:55.811 I/ActivityManager(2157): ntv N 890 kB: sdcard (2428) native
11-30 10:15:55.811 I/ActivityManager(2157): ntv N 844 kB: lbsd (2590) native
11-30 10:15:55.811 I/ActivityManager(2157): ntv N 562 kB: sdcard (2305) native
11-30 10:15:55.811 I/ActivityManager(2157): ntv N 555 kB: simd (1479) native
11-30 10:15:55.811 I/ActivityManager(2157): ntv N 537 kB: sms_server (1646) native
11-30 10:15:55.811 I/ActivityManager(2157): ntv N 522 kB: netd (1487) native
11-30 10:15:55.811 I/ActivityManager(2157): ntv N 499 kB: psccd (1643) native
11-30 10:15:55.811 I/ActivityManager(2157): ntv N 473 kB: keystore (1499) native
11-30 10:15:55.811 I/ActivityManager(2157): ntv N 454 kB: vold (1484) native
11-30 10:15:55.811 I/ActivityManager(2157): ntv N 452 kB: dbus-daemon (1494) native
11-30 10:15:55.811 I/ActivityManager(2157): ntv N 430 kB: rild (1489) native
11-30 10:15:55.811 I/ActivityManager(2157): ntv N 331 kB: /init (1) native
11-30 10:15:55.811 I/ActivityManager(2157): ntv N 328 kB: copsdaemon (1477) native
11-30 10:15:55.811 I/ActivityManager(2157): ntv N 322 kB: ste_mad (2198) native
11-30 10:15:55.811 I/ActivityManager(2157): ntv N 288 kB: simpbd (1645) native
11-30 10:15:55.811 I/ActivityManager(2157): ntv N 285 kB: modemcatcher (1507) native
11-30 10:15:55.811 I/ActivityManager(2157): ntv N 246 kB: debuggerd (1488) native
11-30 10:15:55.811 I/ActivityManager(2157): ntv N 238 kB: stercd (1673) native
11-30 10:15:55.811 I/ActivityManager(2157): ntv N 202 kB: installd (1498) native
11-30 10:15:55.811 I/ActivityManager(2157): ntv N 195 kB: modem-supervisor (1476) native
11-30 10:15:55.811 I/ActivityManager(2157): ntv N 194 kB: msa (1497) native
11-30 10:15:55.811 I/ActivityManager(2157): ntv N 188 kB: adbd (1651) native
11-30 10:15:55.811 I/ActivityManager(2157): ntv N 172 kB: ueventd (978) native
11-30 10:15:55.811 I/ActivityManager(2157): ntv N 144 kB: healthd (1482) native
11-30 10:15:55.811 I/ActivityManager(2157): ntv N 141 kB: auditd (1485) native
11-30 10:15:55.811 I/ActivityManager(2157): ntv N 128 kB: tad (1464) native
11-30 10:15:55.811 I/ActivityManager(2157): ntv N 120 kB: servicemanager (1483) native
11-30 10:15:55.811 I/ActivityManager(2157): ntv N 113 kB: logwrapper (1475) native
11-30 10:15:55.811 I/ActivityManager(2157): ntv N 108 kB: su (1649) native
11-30 10:15:55.811 I/ActivityManager(2157): ntv N 105 kB: watchdog-kicker (1481) native
11-30 10:15:55.811 I/ActivityManager(2157): ntv N 105 kB: ste-cg29xx_ctrl (1502) native
11-30 10:15:55.811 I/ActivityManager(2157): sys P 27195 kB: system (2157) fixed
11-30 10:15:55.811 I/ActivityManager(2157): pers P 19162 kB: com.android.systemui (2247) fixed
11-30 10:15:55.811 I/ActivityManager(2157): pers P 9237 kB: com.android.phone (2379) fixed
11-30 10:15:55.811 I/ActivityManager(2157): pers P 3519 kB: com.tmobile.thememanager (2391) fixed
11-30 10:15:55.811 I/ActivityManager(2157): pers P 2921 kB: com.bel.android.dspmanager (2385) fixed
11-30 10:15:55.811 I/ActivityManager(2157): fore T 16212 kB: com.android.launcher3 (2406) top-activity
11-30 10:15:55.811 I/ActivityManager(2157): vis IB 13536 kB: com.google.process.location (2360) service
11-30 10:15:55.811 I/ActivityManager(2157): com.google.android.gms/com.google.android.location.network.NetworkLocationService<=Proc{2157:system/1000}
11-30 10:15:55.811 I/ActivityManager(2157): vis IF 2668 kB: com.android.smspush (2512) service
11-30 10:15:55.811 I/ActivityManager(2157): com.android.smspush/.WapPushManager<=Proc{2379:com.android.phone/1001}
11-30 10:15:55.811 I/ActivityManager(2157): prcp IF 10219 kB: com.sonyericsson.textinput.uxp (2344) service
11-30 10:15:55.811 I/ActivityManager(2157): com.sonyericsson.textinput.uxp/.glue.InputMethodServiceGlue<=Proc{2157:system/1000}
11-30 10:15:55.811 I/ActivityManager(2157): svc S 15931 kB: com.google.process.gapps (2471) started-services
11-30 10:15:55.811 I/ActivityManager(2157): svc S 8158 kB: android.process.acore (4290) provider
11-30 10:15:55.811 I/ActivityManager(2157): com.android.providers.contacts/.ContactsProvider2<=Proc{2471:com.google.process.gapps/u0a17}
11-30 10:15:55.811 I/ActivityManager(2157): svcb S 9842 kB: com.android.vending (3184) started-services
11-30 10:15:55.811 I/ActivityManager(2157): 180713 kB: TOTAL
11-30 10:15:55.811 I/ActivityManager(2157): MemInfo: 23668 kB slab, 316 kB shmem, 15648 kB buffers, 152816 kB cached, 16952 kB free
11-30 10:16:07.803 I/ActivityManager(2157): START u0 {act=android.intent.action.MAIN cat=[android.intent.category.LAUNCHER] flg=0x10200000 cmp=com.rhmsoft.fm/.FileManager} from pid 2406
11-30 10:16:07.873 I/ActivityManager(2157): Start proc com.rhmsoft.fm for activity com.rhmsoft.fm/.FileManager: pid=5510 uid=10063 gids={50063, 3003, 1028, 1015}
11-30 10:16:08.384 E/ActivityThread(5510): Failed to find provider info for com.google.plus.platform
11-30 10:16:14.019 D/ConnectivityService(2157): Sampling interval elapsed, updating statistics ..
11-30 10:16:14.029 D/ConnectivityService(2157): Done.
11-30 10:16:14.029 D/ConnectivityService(2157): Setting timer for 720seconds
11-30 10:16:14.039 D/ConnectivityService(2157): handleInetConditionChange: no active default network - ignore
11-30 10:16:19.264 I/ActivityManager(2157): START u0 {act=android.intent.action.VIEW dat=file:///storage/sdcard1/Video/gattino.3gp typ=video/3gpp cmp=com.android.gallery3d/.app.MovieActivity} from pid 5510
11-30 10:16:19.364 I/ActivityManager(2157): Start proc com.android.gallery3d for activity com.android.gallery3d/.app.MovieActivity: pid=5582 uid=10038 gids={50038, 1006, 3003, 1028, 1015}
11-30 10:16:19.434 I/ActivityManager(2157): Killing 5510:com.rhmsoft.fm/u0a63 (adj 9): cached #1
11-30 10:16:19.484 I/WindowState(2157): WIN DEATH: Window{41cdda18 u0 com.rhmsoft.fm/com.rhmsoft.fm.FileManager}
11-30 10:16:20.175 W/InputMethodManagerService(2157): Got RemoteException sending setActive(false) notification to pid 5510 uid 10063
11-30 10:16:32.848 I/WindowManager(2157): Input event dispatching timed out sending to com.android.gallery3d/com.android.gallery3d.app.MovieActivity. Reason: Waiting because the touched window has not finished processing the input events that were previously delivered to it.
11-30 10:16:34.359 E/ActivityManager(2157): ANR in com.android.gallery3d (com.android.gallery3d/.app.MovieActivity)
11-30 10:16:34.359 E/ActivityManager(2157): PID: 5582
11-30 10:16:34.359 E/ActivityManager(2157): Reason: Input dispatching timed out (Waiting because the touched window has not finished processing the input events that were previously delivered to it.)
11-30 10:16:34.359 E/ActivityManager(2157): Load: 2.57 / 2.18 / 1.48
11-30 10:16:34.359 E/ActivityManager(2157): CPU usage from 8589ms to 0ms ago:
11-30 10:16:34.359 E/ActivityManager(2157): 11% 5458/mediaserver: 6.7% user + 4.6% kernel
11-30 10:16:34.359 E/ActivityManager(2157): 8.4% 1501/admsrv: 3.3% user + 5% kernel
11-30 10:16:34.359 E/ActivityManager(2157): 4.3% 2157/system_server: 2.6% user + 1.6% kernel / faults: 373 minor 3 major
11-30 10:16:34.359 E/ActivityManager(2157): 1.4% 2344/com.sonyericsson.textinput.uxp: 1.4% user + 0% kernel / faults: 393 minor
11-30 10:16:34.359 E/ActivityManager(2157): 1.4% 5582/com.android.gallery3d: 0.8% user + 0.5% kernel / faults: 190 minor
11-30 10:16:34.359 E/ActivityManager(2157): 0.2% 2379/com.android.phone: 0.1% user + 0% kernel / faults: 354 minor
11-30 10:16:34.359 E/ActivityManager(2157): 0.5% 1490/surfaceflinger: 0.1% user + 0.4% kernel
11-30 10:16:34.359 E/ActivityManager(2157): 0.2% 745/irq/254-cyttsp-: 0% user + 0.2% kernel
11-30 10:16:34.359 E/ActivityManager(2157): 0.4% 944/mmcqd/1: 0% user + 0.4% kernel
11-30 10:16:34.359 E/ActivityManager(2157): 0.4% 2247/com.android.systemui: 0.4% user + 0% kernel / faults: 7 minor
11-30 10:16:34.359 E/ActivityManager(2157): 0.4% 3328/kworker/0:4: 0% user + 0.4% kernel
11-30 10:16:34.359 E/ActivityManager(2157): 0.2% 473/spi3: 0% user + 0.2% kernel
11-30 10:16:34.359 E/ActivityManager(2157): 0.2% 130/irq/72-ab8500: 0% user + 0.2% kernel
11-30 10:16:34.359 E/ActivityManager(2157): 0% 973/mmcqd/3: 0% user + 0% kernel
11-30 10:16:34.359 E/ActivityManager(2157): 0.2% 5113/kworker/u:1: 0% user + 0.2% kernel
11-30 10:16:34.359 E/ActivityManager(2157): 0% 1//init: 0% user + 0% kernel / faults: 42 minor
11-30 10:16:34.359 E/ActivityManager(2157): 0% 1446/jbd2/mmcblk0p11: 0% user + 0% kernel
11-30 10:16:34.359 E/ActivityManager(2157): 0% 2305/sdcard: 0% user + 0% kernel
11-30 10:16:34.359 E/ActivityManager(2157): 12% TOTAL: 6.5% user + 4.9% kernel + 0.2% iowait + 1.1% softirq
11-30 10:16:34.359 E/ActivityManager(2157): CPU usage from 777ms to 1302ms later:
11-30 10:16:34.359 E/ActivityManager(2157): 10% 2157/system_server: 3.5% user + 7% kernel / faults: 1 minor
11-30 10:16:34.359 E/ActivityManager(2157): 12% 2188/ActivityManager: 3.5% user + 8.7% kernel
11-30 10:16:34.359 E/ActivityManager(2157): 8.3% 5458/mediaserver: 4.1% user + 4.1% kernel
11-30 10:16:34.359 E/ActivityManager(2157): 4.1% 5619/e.amrnb.decoder: 0% user + 4.1% kernel
11-30 10:16:34.359 E/ActivityManager(2157): 1.3% 5490/AudioOut_4: 1.3% user + 0% kernel
11-30 10:16:34.359 E/ActivityManager(2157): 1.3% 5620/OMXCallbackDisp: 0% user + 1.3% kernel
11-30 10:16:34.359 E/ActivityManager(2157): 1.3% 5621/AudioTrack: 1.3% user + 0% kernel
11-30 10:16:34.359 E/ActivityManager(2157): 7.2% 1501/admsrv: 0% user + 7.2% kernel
11-30 10:16:34.359 E/ActivityManager(2157): 5.4% 1950/ENS-MPC-CB: 0% user + 5.4% kernel
11-30 10:16:34.359 E/ActivityManager(2157): 1.2% 2305/sdcard: 0% user + 1.2% kernel
11-30 10:16:34.359 E/ActivityManager(2157): 1.3% 5113/kworker/u:1: 0% user + 1.3% kernel
11-30 10:16:34.359 E/ActivityManager(2157): 14% TOTAL: 3.8% user + 7.7% kernel + 2.9% softirq
11-30 10:16:36.441 I/BootReceiver(2157): Copying /data/tombstones/tombstone_05 to DropBox (SYSTEM_TOMBSTONE)
11-30 10:16:36.441 I/ActivityManager(2157): START u0 {act=android.intent.action.MAIN cat=[android.intent.category.HOME] flg=0x10200000 cmp=com.android.launcher3/.Launcher} from pid 2157
11-30 10:16:36.651 I/WindowState(2157): WIN DEATH: Window{41ca7dd0 u0 com.android.gallery3d/com.android.gallery3d.app.MovieActivity}
11-30 10:16:36.651 W/WindowManager(2157): Force-removing child win Window{41cd3340 u0 SurfaceView} from container Window{41ca7dd0 u0 com.android.gallery3d/com.android.gallery3d.app.MovieActivity}
11-30 10:16:36.661 W/ActivityManager(2157): Exception thrown during pause
11-30 10:16:36.661 W/ActivityManager(2157): android.os.DeadObjectException
11-30 10:16:36.661 W/ActivityManager(2157): at android.os.BinderProxy.transact(Native Method)
11-30 10:16:36.661 W/ActivityManager(2157): at android.app.ApplicationThreadProxy.schedulePauseActivity(ApplicationThreadNative.java:660)
11-30 10:16:36.661 W/ActivityManager(2157): at com.android.server.am.ActivityStack.startPausingLocked(ActivityStack.java:777)
11-30 10:16:36.661 W/ActivityManager(2157): at com.android.server.am.ActivityStackSupervisor.pauseBackStacks(ActivityStackSupervisor.java:467)
11-30 10:16:36.661 W/ActivityManager(2157): at com.android.server.am.ActivityStack.resumeTopActivityLocked(ActivityStack.java:1389)
11-30 10:16:36.661 W/ActivityManager(2157): at com.android.server.am.ActivityStackSupervisor.resumeTopActivitiesLocked(ActivityStackSupervisor.java:2005)
11-30 10:16:36.661 W/ActivityManager(2157): at com.android.server.am.ActivityStackSupervisor.resumeTopActivitiesLocked(ActivityStackSupervisor.java:1992)
11-30 10:16:36.661 W/ActivityManager(2157): at com.android.server.am.ActivityStack.moveTaskToFrontLocked(ActivityStack.java:3079)
11-30 10:16:36.661 W/ActivityManager(2157): at com.android.server.am.ActivityStackSupervisor.startActivityUncheckedLocked(ActivityStackSupervisor.java:1471)
11-30 10:16:36.661 W/ActivityManager(2157): at com.android.server.am.ActivityStackSupervisor.startActivityLocked(ActivityStackSupervisor.java:1241)
11-30 10:16:36.661 W/ActivityManager(2157): at com.android.server.am.ActivityStackSupervisor.startActivityMayWait(ActivityStackSupervisor.java:741)
11-30 10:16:36.661 W/ActivityManager(2157): at com.android.server.am.ActivityManagerService.startActivityAsUser(ActivityManagerService.java:3055)
11-30 10:16:36.661 W/ActivityManager(2157): at android.app.ContextImpl.startActivityAsUser(ContextImpl.java:1079)
11-30 10:16:36.661 W/ActivityManager(2157): at android.app.ContextImpl.startActivityAsUser(ContextImpl.java:1058)
11-30 10:16:36.661 W/ActivityManager(2157): at com.android.internal.policy.impl.PhoneWindowManager.startDockOrHome(PhoneWindowManager.java:5487)
11-30 10:16:36.661 W/ActivityManager(2157): at com.android.internal.policy.impl.PhoneWindowManager.launchHomeFromHotKey(PhoneWindowManager.java:2974)
11-30 10:16:36.661 W/ActivityManager(2157): at com.android.internal.policy.impl.PhoneWindowManager.interceptKeyBeforeDispatching(PhoneWindowManager.java:2400)
11-30 10:16:36.661 W/ActivityManager(2157): at com.android.server.wm.InputMonitor.interceptKeyBeforeDispatching(InputMonitor.java:374)
11-30 10:16:36.661 W/ActivityManager(2157): at com.android.server.input.InputManagerService.interceptKeyBeforeDispatching(InputManagerService.java:1435)
11-30 10:16:36.661 W/ActivityManager(2157): at dalvik.system.NativeStart.run(Native Method)
11-30 10:16:36.671 W/WindowManager(2157): Failed looking up window
11-30 10:16:36.671 W/WindowManager(2157): java.lang.IllegalArgumentException: Requested window android.os.BinderProxy@41da7458 does not exist
11-30 10:16:36.671 W/WindowManager(2157): at com.android.server.wm.WindowManagerService.windowForClientLocked(WindowManagerService.java:7929)
11-30 10:16:36.671 W/WindowManager(2157): at com.android.server.wm.WindowManagerService.windowForClientLocked(WindowManagerService.java:7920)
11-30 10:16:36.671 W/WindowManager(2157): at com.android.server.wm.WindowState$DeathRecipient.binderDied(WindowState.java:1040)
11-30 10:16:36.671 W/WindowManager(2157): at android.os.BinderProxy.sendDeathNotice(Binder.java:493)
11-30 10:16:36.671 W/WindowManager(2157): at dalvik.system.NativeStart.run(Native Method)
11-30 10:16:36.671 I/WindowState(2157): WIN DEATH: null
11-30 10:16:36.701 I/ActivityManager(2157): Process com.android.gallery3d (pid 5582) has died.
11-30 10:16:36.711 W/ActivityManager(2157): Force removing ActivityRecord{41d712e0 u0 com.android.gallery3d/.app.MovieActivity t7}: app died, no saved state
11-30 10:16:39.014 W/InputMethodManagerService(2157): Got RemoteException sending setActive(false) notification to pid 5582 uid 10038
11-30 10:16:50.335 I/ActivityManager(2157): START u0 {act=android.intent.action.MAIN cat=[android.intent.category.LAUNCHER] flg=0x10200000 cmp=com.andrew.apollo/.ui.activities.HomeActivity} from pid 2406
11-30 10:16:50.455 I/ActivityManager(2157): Start proc com.andrew.apollo for activity com.andrew.apollo/.ui.activities.HomeActivity: pid=5661 uid=10021 gids={50021, 1028, 1015, 3003}
11-30 10:16:50.745 I/ActivityManager(2157): Start proc com.andrew.apollo:main for service com.andrew.apollo/.MusicPlaybackService: pid=5677 uid=10021 gids={50021, 1028, 1015, 3003}
11-30 10:16:50.955 I/ActivityManager(2157): Start proc android.process.media for content provider com.android.providers.media/.MediaProvider: pid=5697 uid=10006 gids={50006, 1028, 1015, 1023, 1024, 2001, 3003, 3007}
11-30 10:17:19.943 I/ActivityManager(2157): Killing 5661:com.andrew.apollo/u0a21 (adj 11): empty #2
11-30 10:17:19.943 I/ActivityManager(2157): Killing 5697:android.process.media/u0a6 (adj 9): empty #3
11-30 10:17:20.374 W/InputMethodManagerService(2157): Window already focused, ignoring focus gain of: com.android.internal.view.IInputMethodClient$Stub$Proxy@41f054d0 attribute=null, token = android.os.BinderProxy@41c75880
11-30 10:17:21.415 I/PowerManagerService(2157): Going to sleep by user request...
11-30 10:17:51.869 I/PowerManagerService(2157): Waking up from sleep...
11-30 10:17:52.009 I/WindowManager(2157): Lock screen displayed!
11-30 10:20:32.870 W/InputMethodManagerService(2157): Window already focused, ignoring focus gain of: com.android.internal.view.IInputMethodClient$Stub$Proxy@420ad6d8 attribute=android.view.inputmethod.EditorInfo@424089d8, token = android.os.BinderProxy@41c75880
11-30 10:21:09.365 I/PowerManagerService(2157): Going to sleep due to screen timeout...
11-30 10:21:14.070 D/ConnectivityService(2157): handleInetConditionChange: no active default network - ignore
11-30 10:21:48.880 I/PowerManagerService(2157): Waking up from sleep...
11-30 10:21:48.990 I/WindowManager(2157): Lock screen displayed!
11-30 10:23:36.770 W/InputMethodManagerService(2157): Window already focused, ignoring focus gain of: com.android.internal.view.IInputMethodClient$Stub$Proxy@41eee9a8 attribute=android.view.inputmethod.EditorInfo@42048af8, token = android.os.BinderProxy@41c75880
11-30 10:23:42.725 W/InputMethodManagerService(2157): Window already focused, ignoring focus gain of: com.android.internal.view.IInputMethodClient$Stub$Proxy@41d1c2b0 attribute=null, token = android.os.BinderProxy@41c75880
11-30 10:23:47.340 I/ActivityManager(2157): START u0 {act=android.intent.action.MAIN cat=[android.intent.category.LAUNCHER] flg=0x10200000 cmp=com.rhmsoft.fm/.FileManager} from pid 2406
11-30 10:23:47.470 I/ActivityManager(2157): Start proc com.rhmsoft.fm for activity com.rhmsoft.fm/.FileManager: pid=5900 uid=10063 gids={50063, 3003, 1028, 1015}
11-30 10:23:47.981 E/ActivityThread(5900): Failed to find provider info for com.google.plus.platform
11-30 10:23:48.641 W/SocketClient(1487): write error (Broken pipe)
11-30 10:23:55.027 I/ActivityManager(2157): START u0 {act=android.intent.action.VIEW dat=file:///storage/sdcard1/Dowload/Catlog_v_1_4.apk typ=application/vnd.android.package-archive cmp=com.android.packageinstaller/.PackageInstallerActivity} from pid 5900
11-30 10:23:55.148 I/ActivityManager(2157): Start proc com.android.packageinstaller for activity com.android.packageinstaller/.PackageInstallerActivity: pid=5969 uid=10049 gids={50049, 1028}
11-30 10:23:55.188 I/ActivityManager(2157): Killing 5900:com.rhmsoft.fm/u0a63 (adj 9): cached #1
11-30 10:23:55.228 I/WindowState(2157): WIN DEATH: Window{41d5bf60 u0 com.rhmsoft.fm/com.rhmsoft.fm.FileManager}
11-30 10:23:55.798 W/InputMethodManagerService(2157): Got RemoteException sending setActive(false) notification to pid 5900 uid 10063
11-30 10:23:56.809 I/ActivityManager(2157): START u0 {dat=file:///storage/sdcard1/Dowload/Catlog_v_1_4.apk cmp=com.android.packageinstaller/.InstallAppProgress (has extras)} from pid 5969
11-30 10:23:56.999 I/ActivityManager(2157): Start proc com.android.defcontainer for service com.android.defcontainer/.DefaultContainerService: pid=5988 uid=10004 gids={50004, 1028, 1015, 1023, 2001, 1035}
11-30 10:23:57.170 W/ActivityManager(2157): No content provider found for permission revoke: file:///storage/sdcard1/Dowload/Catlog_v_1_4.apk
11-30 10:23:57.220 W/ActivityManager(2157): No content provider found for permission revoke: file:///storage/sdcard1/Dowload/Catlog_v_1_4.apk
11-30 10:23:57.220 I/PackageManager(2157): Copying native libraries to /data/app-lib/vmdl867990447
11-30 10:23:57.230 W/PackageManager(2157): Invalid verification token 0 received
11-30 10:23:57.890 I/ActivityManager(2157): Force stopping com.nolanlawson.logcat appid=10013 user=-1: update pkg
11-30 10:23:58.431 W/PackageManager(2157): Not granting permission android.permission.READ_LOGS to package com.nolanlawson.logcat (protectionLevel=50 flags=0x8be44)
11-30 10:23:58.771 I/ActivityManager(2157): Killing 5677:com.andrew.apollo:main/u0a21 (adj 11): empty #2
11-30 10:23:59.051 D/BackupManagerService(2157): Received broadcast Intent { act=android.intent.action.PACKAGE_ADDED dat=package:com.nolanlawson.logcat flg=0x4000010 (has extras) }
11-30 10:23:59.051 V/BackupManagerService(2157): addPackageParticipantsLocked: #1
11-30 10:23:59.091 I/ActivityManager(2157): Start proc com.android.voicedialer for broadcast com.android.voicedialer/.VoiceDialerReceiver: pid=6006 uid=10014 gids={50014, 3002}
11-30 10:23:59.131 W/RecognitionManagerService(2157): no available voice recognition services found for user 0
11-30 10:23:59.232 I/ActivityManager(2157): Start proc com.google.android.partnersetup for broadcast com.google.android.partnersetup/.RlzPingBroadcastReceiver: pid=6019 uid=10019 gids={50019, 3003}
11-30 10:23:59.232 I/ActivityManager(2157): Killing 5988:com.android.defcontainer/u0a4 (adj 11): empty #2
11-30 10:23:59.352 I/ActivityManager(2157): Start proc com.google.android.gms for service com.google.android.gms/.app.service.SystemBroadcastService: pid=6035 uid=10017 gids={50017, 3003, 1007, 1028, 1015, 1006, 2001, 3006, 3007}
11-30 10:23:59.422 I/ActivityManager(2157): Killing 6006:com.android.voicedialer/u0a14 (adj 11): empty #2
11-30 10:23:59.452 I/ActivityManager(2157): Start proc com.android.gallery3d for broadcast com.android.gallery3d/.app.PackagesMonitor: pid=6048 uid=10038 gids={50038, 1006, 3003, 1028, 1015}
11-30 10:23:59.562 I/ActivityManager(2157): Start proc com.buak.Link2SD for broadcast com.buak.Link2SD/.AppEventsReceiver: pid=6066 uid=10064 gids={50064, 1028, 1015}
11-30 10:23:59.882 I/ActivityManager(2157): Delay finish: com.buak.Link2SD/.AppEventsReceiver
11-30 10:23:59.892 I/ActivityManager(2157): Killing 6019:com.google.android.partnersetup/u0a19 (adj 11): empty #2
11-30 10:23:59.972 I/ActivityManager(2157): START u0 {act=android.intent.action.MAIN cat=[android.intent.category.LAUNCHER] flg=0x10000000 pkg=com.nolanlawson.logcat cmp=com.nolanlawson.logcat/.LogcatActivity} from pid 5969
11-30 10:24:00.102 I/ActivityManager(2157): Start proc com.nolanlawson.logcat for activity com.nolanlawson.logcat/.LogcatActivity: pid=6091 uid=10013 gids={50013, 1028, 1015}
11-30 10:24:00.172 I/ActivityManager(2157): Killing 6048:com.android.gallery3d/u0a38 (adj 11): empty #2
11-30 10:24:01.113 I/ActivityManager(2157): Killing 6066:com.buak.Link2SD/u0a64 (adj 11): empty #2
11-30 10:24:01.274 I/ActivityManager(2157): Resuming delayed broadcast
11-30 10:24:02.074 I/ActivityManager(2157): Killing 5969:com.android.packageinstaller/u0a49 (adj 11): empty #2
11-30 10:24:02.224 I/ActivityManager(2157): START u0 {flg=0x10000000 cmp=com.android.settings/.cyanogenmod.superuser.RequestActivity (has extras)} from pid 6151
11-30 10:24:02.435 I/ActivityManager(2157): Start proc com.android.settings:superuser for activity com.android.settings/.cyanogenmod.superuser.RequestActivity: pid=6195 uid=1000 gids={41000, 1028, 1015, 3002, 3001, 3003}
11-30 10:24:02.625 I/ActivityManager(2157): START u0 {flg=0x10800000 cmp=com.android.settings/.cyanogenmod.superuser.MultitaskSuRequestActivity (has extras)} from pid 6195
11-30 10:24:03.396 W/InputMethodManagerService(2157): Got RemoteException sending setActive(false) notification to pid 5969 uid 10049
11-30 10:24:03.516 I/ActivityManager(2157): Killing 6091:com.nolanlawson.logcat/u0a13 (adj 2): cached #1
11-30 10:24:03.536 W/ActivityManager(2157): Force removing ActivityRecord{4213bd50 u0 com.nolanlawson.logcat/.LogcatActivity t9}: app died, no saved state
11-30 10:24:03.536 I/WindowState(2157): WIN DEATH: Window{420840d0 u0 com.nolanlawson.logcat/com.nolanlawson.logcat.LogcatActivity}
11-30 10:24:03.536 I/WindowState(2157): WIN DEATH: Window{41d14c48 u0 Toast}
11-30 10:24:03.546 I/WindowState(2157): WIN DEATH: Window{42256cb8 u0 com.nolanlawson.logcat/com.nolanlawson.logcat.LogcatActivity}
11-30 10:24:04.246 W/NotificationService(2157): Object died trying to hide notification android.app.ITransientNotification$Stub$Proxy@41e25e00 in package com.nolanlawson.logcat
11-30 10:24:07.229 I/ActivityManager(2157): Start proc com.rhmsoft.fm for activity com.rhmsoft.fm/.FileManager: pid=6225 uid=10063 gids={50063, 3003, 1028, 1015}
11-30 10:24:07.830 E/ActivityThread(6225): Failed to find provider info for com.google.plus.platform
11-30 10:24:07.860 I/ActivityManager(2157): Start proc com.android.settings for broadcast com.android.settings/.cyanogenmod.superuser.SuReceiver: pid=6273 uid=1000 gids={41000, 1028, 1015, 3002, 3001, 3003}
11-30 10:24:08.020 I/ActivityManager(2157): Killing 6035:com.google.android.gms/u0a17 (adj 11): empty #2
11-30 10:24:10.352 I/ActivityManager(2157): Killing 6273:com.android.settings/1000 (adj 11): empty #2
11-30 10:24:10.382 I/WindowState(2157): WIN DEATH: Window{41e623c8 u0 Toast}
11-30 10:24:12.184 I/ActivityManager(2157): START u0 {act=android.intent.action.MAIN cat=[android.intent.category.HOME] flg=0x10200000 cmp=com.android.launcher3/.Launcher} from pid 2157
11-30 10:24:12.484 W/InputMethodManagerService(2157): Starting input on non-focused client com.android.internal.view.IInputMethodClient$Stub$Proxy@4203c0f8 (uid=10063 pid=6225)
11-30 10:24:12.715 I/ActivityManager(2157): Killing 6225:com.rhmsoft.fm/u0a63 (adj 2): cached #1
11-30 10:24:12.735 I/WindowState(2157): WIN DEATH: Window{41d4a6a0 u0 com.rhmsoft.fm/com.rhmsoft.fm.FileManager}
11-30 10:24:12.735 W/ActivityManager(2157): Force removing ActivityRecord{41cca8c8 u0 com.rhmsoft.fm/.FileManager t7}: app died, no saved state
11-30 10:24:12.745 I/WindowState(2157): WIN DEATH: Window{41e7e308 u0 Toast}
11-30 10:24:12.985 W/NotificationService(2157): Object died trying to hide notification android.app.ITransientNotification$Stub$Proxy@41d26cf0 in package com.rhmsoft.fm
11-30 10:24:14.366 D/MobileDataStateTracker(2157): default: setPolicyDataEnable(enabled=true)
11-30 10:24:16.388 W/BackupManagerService(2157): dataChanged but no participant pkg='com.android.launcher3' uid=10042
11-30 10:24:17.399 I/ActivityManager(2157): START u0 {act=android.intent.action.MAIN cat=[android.intent.category.LAUNCHER] flg=0x10200000 cmp=com.nolanlawson.logcat/.LogcatActivity bnds=[240,416][357,560]} from pid 2406
11-30 10:24:17.479 I/ActivityManager(2157): Start proc com.nolanlawson.logcat for activity com.nolanlawson.logcat/.LogcatActivity: pid=6329 uid=10013 gids={50013, 1028, 1015}
11-30 10:24:18.971 I/ActivityManager(2157): Start proc com.android.settings for broadcast com.android.settings/.cyanogenmod.superuser.SuReceiver: pid=6390 uid=1000 gids={41000, 1028, 1015, 3002, 3001, 3003}
11-30 10:24:22.304 W/InputMethodManagerService(2157): Window already focused, ignoring focus gain of: com.android.internal.view.IInputMethodClient$Stub$Proxy@41c91c30 attribute=null, token = android.os.BinderProxy@41c66078
11-30 10:24:25.007 I/ActivityManager(2157): Killing 6195:com.android.settings:superuser/1000 (adj 11): empty #2
11-30 10:24:25.177 W/NativeCrashListener(2157): Couldn't find ProcessRecord for pid 6414
11-30 10:24:25.207 I/BootReceiver(2157): Copying /data/tombstones/tombstone_06 to DropBox (SYSTEM_TOMBSTONE)
11-30 10:24:27.469 I/ActivityManager(2157): Killing 6390:com.android.settings/1000 (adj 11): empty #2
11-30 10:24:27.479 I/WindowState(2157): WIN DEATH: Window{41ceace8 u0 Toast}
11-30 10:24:29.401 I/ActivityManager(2157): START u0 {act=android.intent.action.MAIN cat=[android.intent.category.LAUNCHER] flg=0x10200000 cmp=com.android.camera2/com.android.camera.CameraLauncher} from pid 2406
11-30 10:24:29.481 I/ActivityManager(2157): Start proc com.android.camera2 for activity com.android.camera2/com.android.camera.CameraLauncher: pid=6446 uid=10028 gids={50028, 1006, 3003, 1028, 1015}
11-30 10:24:30.102 I/ActivityManager(2157): Start proc android.process.media for content provider com.android.providers.media/.MediaProvider: pid=6508 uid=10006 gids={50006, 1028, 1015, 1023, 1024, 2001, 3003, 3007}
11-30 10:24:30.502 I/ActivityManager(2157): Killing 6329:com.nolanlawson.logcat/u0a13 (adj 11): empty #2
11-30 10:24:32.304 W/NativeCrashListener(2157): Couldn't find ProcessRecord for pid 5458
11-30 10:24:32.914 I/BootReceiver(2157): Copying /data/tombstones/tombstone_07 to DropBox (SYSTEM_TOMBSTONE)
11-30 10:24:32.944 E/AndroidRuntime(6446): FATAL EXCEPTION: Camera Handler Thread
11-30 10:24:32.944 E/AndroidRuntime(6446): Process: com.android.camera2, PID: 6446
11-30 10:24:32.944 E/AndroidRuntime(6446): java.lang.RuntimeException: Media server died.
11-30 10:24:32.944 E/AndroidRuntime(6446): at com.android.camera.CameraErrorCallback.onError(CameraErrorCallback.java:32)
11-30 10:24:32.944 E/AndroidRuntime(6446): at android.hardware.Camera$EventHandler.handleMessage(Camera.java:994)
11-30 10:24:32.944 E/AndroidRuntime(6446): at android.os.Handler.dispatchMessage(Handler.java:102)
11-30 10:24:32.944 E/AndroidRuntime(6446): at android.os.Looper.loop(Looper.java:137)
11-30 10:24:32.944 E/AndroidRuntime(6446): at android.os.HandlerThread.run(HandlerThread.java:61)
11-30 10:24:33.105 W/ActivityManager(2157): Force finishing activity com.android.camera2/com.android.camera.CameraLauncher
11-30 10:24:34.096 W/ActivityManager(2157): Activity pause timeout for ActivityRecord{41c89dd8 u0 com.android.camera2/com.android.camera.CameraLauncher t12 f}
11-30 10:24:34.706 I/ActivityManager(2157): Killing 6508:android.process.media/u0a6 (adj 11): empty #2
11-30 10:24:35.577 I/WindowState(2157): WIN DEATH: Window{41e623c8 u0 com.android.camera2/com.android.camera.CameraLauncher}
11-30 10:24:35.577 I/ActivityManager(2157): Process com.android.camera2 (pid 6446) has died.
11-30 10:24:37.749 I/ActivityManager(2157): START u0 {act=android.intent.action.MAIN cat=[android.intent.category.LAUNCHER] flg=0x10200000 cmp=com.rhmsoft.fm/.FileManager} from pid 2406
11-30 10:24:37.869 I/ActivityManager(2157): Start proc com.rhmsoft.fm for activity com.rhmsoft.fm/.FileManager: pid=6602 uid=10063 gids={50063, 3003, 1028, 1015}
11-30 10:24:38.370 E/ActivityThread(6602): Failed to find provider info for com.google.plus.platform
11-30 10:24:38.940 W/SocketClient(1487): write error (Broken pipe)
11-30 10:24:45.427 I/ActivityManager(2157): START u0 {act=android.intent.action.VIEW dat=file:///storage/sdcard1/Video/gattino.3gp typ=video/3gpp cmp=com.android.gallery3d/.app.MovieActivity} from pid 6602
11-30 10:24:45.597 I/ActivityManager(2157): Start proc com.android.gallery3d for activity com.android.gallery3d/.app.MovieActivity: pid=6673 uid=10038 gids={50038, 1006, 3003, 1028, 1015}
11-30 10:24:45.647 I/ActivityManager(2157): Killing 6602:com.rhmsoft.fm/u0a63 (adj 9): cached #1
11-30 10:24:45.717 I/WindowState(2157): WIN DEATH: Window{41ceace8 u0 com.rhmsoft.fm/com.rhmsoft.fm.FileManager EXITING}
11-30 10:24:46.097 W/InputMethodManagerService(2157): Got RemoteException sending setActive(false) notification to pid 6602 uid 10063
11-30 10:24:58.970 I/WindowManager(2157): Input event dispatching timed out sending to com.android.gallery3d/com.android.gallery3d.app.MovieActivity. Reason: Waiting because the touched window has not finished processing the input events that were previously delivered to it.
11-30 10:25:00.671 E/ActivityManager(2157): ANR in com.android.gallery3d (com.android.gallery3d/.app.MovieActivity)
11-30 10:25:00.671 E/ActivityManager(2157): PID: 6673
11-30 10:25:00.671 E/ActivityManager(2157): Reason: Input dispatching timed out (Waiting because the touched window has not finished processing the input events that were previously delivered to it.)
11-30 10:25:00.671 E/ActivityManager(2157): Load: 2.62 / 3.12 / 2.04
11-30 10:25:00.671 E/ActivityManager(2157): CPU usage from 8490ms to 0ms ago:
11-30 10:25:00.671 E/ActivityManager(2157): 11% 6549/mediaserver: 7.7% user + 3.5% kernel
11-30 10:25:00.671 E/ActivityManager(2157): 8.1% 1501/admsrv: 3.6% user + 4.4% kernel
11-30 10:25:00.671 E/ActivityManager(2157): 3.2% 2157/system_server: 1.7% user + 1.5% kernel / faults: 69 minor
11-30 10:25:00.671 E/ActivityManager(2157): 1.5% 6673/com.android.gallery3d: 0.9% user + 0.5% kernel / faults: 204 minor
11-30 10:25:00.671 E/ActivityManager(2157): 0.8% 1490/surfaceflinger: 0.2% user + 0.5% kernel
11-30 10:25:00.671 E/ActivityManager(2157): 0.2% 2379/com.android.phone: 0.2% user + 0% kernel / faults: 105 minor
11-30 10:25:00.671 E/ActivityManager(2157): 0.5% 5114/kworker/u:3: 0% user + 0.5% kernel
11-30 10:25:00.671 E/ActivityManager(2157): 0.4% 130/irq/72-ab8500: 0% user + 0.4% kernel
11-30 10:25:00.671 E/ActivityManager(2157): 0.4% 2247/com.android.systemui: 0.4% user + 0% kernel
11-30 10:25:00.671 E/ActivityManager(2157): 0% 2512/com.android.smspush: 0% user + 0% kernel / faults: 81 minor
11-30 10:25:00.671 E/ActivityManager(2157): 0.3% 4/kworker/0:0: 0% user + 0.3% kernel
11-30 10:25:00.671 E/ActivityManager(2157): 0.3% 944/mmcqd/1: 0% user + 0.3% kernel
11-30 10:25:00.671 E/ActivityManager(2157): 0% 1//init: 0% user + 0% kernel / faults: 28 minor
11-30 10:25:00.671 E/ActivityManager(2157): 0.1% 473/spi3: 0% user + 0.1% kernel
11-30 10:25:00.671 E/ActivityManager(2157): 0.1% 745/irq/254-cyttsp-: 0% user + 0.1% kernel
11-30 10:25:00.671 E/ActivityManager(2157): 0% 1446/jbd2/mmcblk0p11: 0% user + 0% kernel
11-30 10:25:00.671 E/ActivityManager(2157): 0% 1647/at_core: 0% user + 0% kernel / faults: 16 minor
11-30 10:25:00.671 E/ActivityManager(2157): 0.1% 2305/sdcard: 0% user + 0.1% kernel
11-30 10:25:00.671 E/ActivityManager(2157): 0% 5898/kworker/1:1: 0% user + 0% kernel
