11-30 10:31:40.692 D/wpa_supplicant(8031): RX ctrl_iface - hexdump(len=26): 53 45 54 20 6d 6f 64 65 6c 5f 6e 61 6d 65 20 58 70 65 72 69 61 20 53 6f 6c 61
11-30 10:31:40.692 D/wpa_supplicant(8031): wlan0: Control interface command 'SET model_name Xperia Sola'
11-30 10:31:40.692 D/wpa_supplicant(8031): CTRL_IFACE SET 'model_name'='Xperia Sola'
11-30 10:31:40.692 D/wpa_supplicant(8031): model_name='Xperia Sola'
11-30 10:31:40.702 D/wpa_supplicant(8031): RX ctrl_iface - hexdump(len=28): 53 45 54 20 6d 6f 64 65 6c 5f 6e 75 6d 62 65 72 20 58 70 65 72 69 61 20 53 6f 6c 61
11-30 10:31:40.702 D/wpa_supplicant(8031): wlan0: Control interface command 'SET model_number Xperia Sola'
11-30 10:31:40.702 D/wpa_supplicant(8031): CTRL_IFACE SET 'model_number'='Xperia Sola'
11-30 10:31:40.702 D/wpa_supplicant(8031): model_number='Xperia Sola'
11-30 10:31:40.702 D/wpa_supplicant(8031): RX ctrl_iface - hexdump(len=28): 53 45 54 20 73 65 72 69 61 6c 5f 6e 75 6d 62 65 72 20 42 58 39 30 33 42 39 30 4e 58
11-30 10:31:40.702 D/wpa_supplicant(8031): wlan0: Control interface command 'SET serial_number BX903B90NX'
11-30 10:31:40.702 D/wpa_supplicant(8031): CTRL_IFACE SET 'serial_number'='BX903B90NX'
11-30 10:31:40.702 D/wpa_supplicant(8031): serial_number='BX903B90NX'
11-30 10:31:40.702 D/wpa_supplicant(8031): RX ctrl_iface - hexdump(len=55): 53 45 54 20 63 6f 6e 66 69 67 5f 6d 65 74 68 6f 64 73 20 70 68 79 73 69 63 61 6c 5f 64 69 73 70 ...
11-30 10:31:40.702 D/wpa_supplicant(8031): wlan0: Control interface command 'SET config_methods physical_display virtual_push_button'
11-30 10:31:40.702 D/wpa_supplicant(8031): CTRL_IFACE SET 'config_methods'='physical_display virtual_push_button'
11-30 10:31:40.702 D/wpa_supplicant(8031): config_methods='physical_display virtual_push_button'
11-30 10:31:40.702 D/wpa_supplicant(8031): RX ctrl_iface - hexdump(len=29): 53 45 54 20 64 65 76 69 63 65 5f 74 79 70 65 20 31 30 2d 30 30 35 30 46 32 30 34 2d 35
11-30 10:31:40.702 D/wpa_supplicant(8031): wlan0: Control interface command 'SET device_type 10-0050F204-5'
11-30 10:31:40.702 D/wpa_supplicant(8031): CTRL_IFACE SET 'device_type'='10-0050F204-5'
11-30 10:31:40.702 D/BluetoothAdapter(8004): 1104423504: getState() : mService = null. Returning STATE_OFF
11-30 10:31:40.702 D/wpa_supplicant(8031): RX ctrl_iface - hexdump(len=20): 47 45 54 5f 43 41 50 41 42 49 4c 49 54 59 20 6d 6f 64 65 73
11-30 10:31:40.702 D/wpa_supplicant(8031): wlan0: Control interface command 'GET_CAPABILITY modes'
11-30 10:31:40.702 D/wpa_supplicant(8031): CTRL_IFACE: GET_CAPABILITY 'modes'
11-30 10:31:40.702 D/wpa_supplicant(8031): RX ctrl_iface - hexdump(len=19): 47 45 54 5f 43 41 50 41 42 49 4c 49 54 59 20 66 72 65 71
11-30 10:31:40.702 D/wpa_supplicant(8031): wlan0: Control interface command 'GET_CAPABILITY freq'
11-30 10:31:40.702 D/wpa_supplicant(8031): CTRL_IFACE: GET_CAPABILITY 'freq'
11-30 10:31:40.712 D/wpa_supplicant(8031): RX ctrl_iface - hexdump(len=16): 53 43 41 4e 5f 49 4e 54 45 52 56 41 4c 20 31 35
11-30 10:31:40.712 D/wpa_supplicant(8031): wlan0: Control interface command 'SCAN_INTERVAL 15'
11-30 10:31:40.712 D/wpa_supplicant(8031): wlan0: Setting scan interval: 15 sec
11-30 10:31:40.712 D/wpa_supplicant(8031): RX ctrl_iface - hexdump(len=22): 44 52 49 56 45 52 20 42 54 43 4f 45 58 53 43 41 4e 2d 53 54 4f 50
11-30 10:31:40.712 D/wpa_supplicant(8031): wlan0: Control interface command 'DRIVER BTCOEXSCAN-STOP'
11-30 10:31:40.712 I/wpa_supplicant(8031): wpa_driver_nl80211_driver_cmd: Unsupported command BTCOEXSCAN-STOP
11-30 10:31:40.712 D/wpa_supplicant(8031): RX ctrl_iface - hexdump(len=20): 44 52 49 56 45 52 20 52 58 46 49 4c 54 45 52 2d 53 54 4f 50
11-30 10:31:40.712 D/wpa_supplicant(8031): wlan0: Control interface command 'DRIVER RXFILTER-STOP'
11-30 10:31:40.712 D/wpa_supplicant(8031): RX ctrl_iface - hexdump(len=21): 44 52 49 56 45 52 20 52 58 46 49 4c 54 45 52 2d 41 44 44 20 33
11-30 10:31:40.712 D/wpa_supplicant(8031): wlan0: Control interface command 'DRIVER RXFILTER-ADD 3'
11-30 10:31:40.712 D/wpa_supplicant(8031): RX ctrl_iface - hexdump(len=21): 44 52 49 56 45 52 20 52 58 46 49 4c 54 45 52 2d 53 54 41 52 54
11-30 10:31:40.712 D/wpa_supplicant(8031): wlan0: Control interface command 'DRIVER RXFILTER-START'
11-30 10:31:40.712 E/wpa_supplicant(8031): Could not get interface hwaddr: Bad file number
11-30 10:31:40.712 E/wpa_supplicant(8031): Failed to get own HW addr (-1)
11-30 10:31:40.712 D/wpa_supplicant(8031): RX ctrl_iface - hexdump(len=20): 44 52 49 56 45 52 20 52 58 46 49 4c 54 45 52 2d 53 54 4f 50
11-30 10:31:40.712 D/wpa_supplicant(8031): wlan0: Control interface command 'DRIVER RXFILTER-STOP'
11-30 10:31:40.712 D/wpa_supplicant(8031): RX ctrl_iface - hexdump(len=24): 44 52 49 56 45 52 20 52 58 46 49 4c 54 45 52 2d 52 45 4d 4f 56 45 20 32
11-30 10:31:40.712 D/wpa_supplicant(8031): wlan0: Control interface command 'DRIVER RXFILTER-REMOVE 2'
11-30 10:31:40.712 D/wpa_supplicant(8031): RX ctrl_iface - hexdump(len=21): 44 52 49 56 45 52 20 52 58 46 49 4c 54 45 52 2d 53 54 41 52 54
11-30 10:31:40.712 D/wpa_supplicant(8031): wlan0: Control interface command 'DRIVER RXFILTER-START'
11-30 10:31:40.712 E/wpa_supplicant(8031): Could not get interface hwaddr: Bad file number
11-30 10:31:40.712 E/wpa_supplicant(8031): Failed to get own HW addr (-1)
11-30 10:31:40.712 D/wpa_supplicant(8031): RX ctrl_iface - hexdump(len=9): 52 45 43 4f 4e 4e 45 43 54
11-30 10:31:40.712 D/wpa_supplicant(8031): wlan0: Control interface command 'RECONNECT'
11-30 10:31:40.712 D/wpa_supplicant(8031): RX ctrl_iface - hexdump(len=6): 53 54 41 54 55 53
11-30 10:31:40.712 D/wpa_supplicant(8031): wlan0: Control interface command 'STATUS'
11-30 10:31:40.712 D/wpa_supplicant(8031): CTRL_IFACE monitor send - hexdump(len=40): 2f 64 61 74 61 2f 6d 69 73 63 2f 77 69 66 69 2f 73 6f 63 6b 65 74 73 2f 77 70 61 5f 63 74 72 6c ...
11-30 10:31:40.712 D/wpa_supplicant(8031): RX ctrl_iface - hexdump(len=8): 53 45 54 20 70 73 20 31
11-30 10:31:40.712 D/wpa_supplicant(8031): wlan0: Control interface command 'SET ps 1'
11-30 10:31:40.712 D/wpa_supplicant(8031): CTRL_IFACE SET 'ps'='1'
11-30 10:31:40.712 D/wpa_supplicant(8031): nl80211: set_p2p_powersave (legacy_ps=1 opp_ps=-1 ctwindow=-1)
11-30 10:31:40.712 D/wpa_supplicant(8031): RX ctrl_iface - hexdump(len=17): 44 52 49 56 45 52 20 43 4f 55 4e 54 52 59 20 49 54
11-30 10:31:40.712 D/wpa_supplicant(8031): wlan0: Control interface command 'DRIVER COUNTRY IT'
11-30 10:31:40.712 I/wpa_supplicant(8031): wpa_driver_nl80211_driver_cmd: Unsupported command COUNTRY IT
11-30 10:31:40.712 D/wpa_supplicant(8031): RX ctrl_iface - hexdump(len=16): 44 52 49 56 45 52 20 53 45 54 42 41 4e 44 20 30
11-30 10:31:40.712 D/wpa_supplicant(8031): wlan0: Control interface command 'DRIVER SETBAND 0'
11-30 10:31:40.712 D/wpa_supplicant(8031): RX ctrl_iface - hexdump(len=11): 42 53 53 5f 46 4c 55 53 48 20 30
11-30 10:31:40.712 D/wpa_supplicant(8031): wlan0: Control interface command 'BSS_FLUSH 0'
11-30 10:31:40.712 D/wpa_supplicant(8031): RX ctrl_iface - hexdump(len=4): 53 43 41 4e
11-30 10:31:40.712 D/wpa_supplicant(8031): wlan0: Control interface command 'SCAN'
11-30 10:31:40.712 D/wpa_supplicant(8031): wlan0: Setting scan request: 0 sec 0 usec
11-30 10:31:40.712 D/wpa_supplicant(8031): wlan0: State: DISCONNECTED -> SCANNING
11-30 10:31:40.712 D/wpa_supplicant(8031): CTRL_IFACE monitor send - hexdump(len=40): 2f 64 61 74 61 2f 6d 69 73 63 2f 77 69 66 69 2f 73 6f 63 6b 65 74 73 2f 77 70 61 5f 63 74 72 6c ...
11-30 10:31:40.712 D/wpa_supplicant(8031): wlan0: Starting AP scan for wildcard SSID
11-30 10:31:40.712 D/wpa_supplicant(8031): WPS: Building WPS IE for Probe Request
11-30 10:31:40.712 D/wpa_supplicant(8031): WPS: * Version (hardcoded 0x10)
11-30 10:31:40.712 D/wpa_supplicant(8031): WPS: * Request Type
11-30 10:31:40.712 D/wpa_supplicant(8031): WPS: * Config Methods (4288)
11-30 10:31:40.712 D/wpa_supplicant(8031): WPS: * UUID-E
11-30 10:31:40.712 D/wpa_supplicant(8031): WPS: * Primary Device Type
11-30 10:31:40.712 D/wpa_supplicant(8031): WPS: * RF Bands (1)
11-30 10:31:40.712 D/wpa_supplicant(8031): WPS: * Association State
11-30 10:31:40.712 D/wpa_supplicant(8031): WPS: * Configuration Error (0)
11-30 10:31:40.712 D/wpa_supplicant(8031): WPS: * Device Password ID (0)
11-30 10:31:40.712 D/wpa_supplicant(8031): WPS: * Manufacturer
11-30 10:31:40.712 D/wpa_supplicant(8031): WPS: * Model Name
11-30 10:31:40.712 D/wpa_supplicant(8031): WPS: * Model Number
11-30 10:31:40.712 D/wpa_supplicant(8031): WPS: * Device Name
11-30 10:31:40.712 D/wpa_supplicant(8031): WPS: * Version2 (0x20)
11-30 10:31:40.712 D/wpa_supplicant(8031): P2P: * P2P IE header
11-30 10:31:40.712 D/wpa_supplicant(8031): P2P: * Capability dev=21 group=00
11-30 10:31:40.712 D/wpa_supplicant(8031): P2P: * Listen Channel: Regulatory Class 81 Channel 6
11-30 10:31:40.712 D/wpa_supplicant(8031): wlan0: nl80211: scan request
11-30 10:31:40.712 D/wpa_supplicant(8031): nl80211: Scan SSID - hexdump(len=0): [NULL]
11-30 10:31:40.712 D/wpa_supplicant(8031): nl80211: Scan extra IEs - hexdump(len=163): dd 8e 00 50 f2 04 10 4a 00 01 10 10 3a 00 01 00 10 08 00 02 42 88 10 47 00 10 b8 34 9d f8 e9 a3 ...
11-30 10:31:40.722 D/wpa_supplicant(8031): Scan requested (ret=0) - scan timeout 10 seconds
11-30 10:31:40.722 D/wpa_supplicant(8031): nl80211: Event message available
11-30 10:31:40.722 D/wpa_supplicant(8031): nl80211: Drv Event 33 (NL80211_CMD_TRIGGER_SCAN) received for wlan0
11-30 10:31:40.722 D/wpa_supplicant(8031): wlan0: nl80211: Scan trigger
11-30 10:31:40.722 D/wpa_supplicant(8031): RX ctrl_iface - hexdump(len=4): 53 43 41 4e
11-30 10:31:40.722 D/wpa_supplicant(8031): wlan0: Control interface command 'SCAN'
11-30 10:31:40.722 D/wpa_supplicant(8031): Ongoing scan action - reject new request
11-30 10:31:41.373 D/wpa_supplicant(8031): nl80211: Event message available
11-30 10:31:41.373 D/wpa_supplicant(8031): nl80211: Drv Event 34 (NL80211_CMD_NEW_SCAN_RESULTS) received for wlan0
11-30 10:31:41.373 D/wpa_supplicant(8031): wlan0: nl80211: New scan results available
11-30 10:31:41.373 D/wpa_supplicant(8031): wlan0: Event SCAN_RESULTS (3) received
11-30 10:31:41.373 D/wpa_supplicant(8031): nl80211: Received scan results (4 BSSes)
11-30 10:31:41.373 D/wpa_supplicant(8031): nl80211: Survey data missing
11-30 10:31:41.373 D/wpa_supplicant(8031): Sorted scan results
11-30 10:31:41.373 D/wpa_supplicant(8031): e0:91:53:89:89:2c freq=2462 qual=0 noise=0 level=-47 flags=0xb age=330
11-30 10:31:41.373 D/wpa_supplicant(8031): IEs - hexdump(len=256): 00 08 48 6f 6d 65 5f 41 6c 65 01 08 82 84 8b 96 0c 12 18 24 03 01 0b 20 01 00 30 14 01 00 00 0f ...
11-30 10:31:41.373 D/wpa_supplicant(8031): Beacon IEs - hexdump(len=166): 00 08 48 6f 6d 65 5f 41 6c 65 01 08 82 84 8b 96 0c 12 18 24 03 01 0b 05 04 00 01 00 00 20 01 00 ...
11-30 10:31:41.373 D/wpa_supplicant(8031): 40:4a:03:da:68:5b freq=2437 qual=0 noise=0 level=-90 flags=0xb age=460
11-30 10:31:41.373 D/wpa_supplicant(8031): IEs - hexdump(len=72): 00 07 5a 79 58 45 4c 30 31 01 08 82 84 8b 96 0c 12 18 24 03 01 06 05 04 00 01 00 00 07 06 43 48 ...
11-30 10:31:41.373 D/wpa_supplicant(8031): 00:21:29:7d:aa:60 freq=2462 qual=0 noise=0 level=-63 flags=0xb age=330
11-30 10:31:41.373 D/wpa_supplicant(8031): IEs - hexdump(len=69): 00 07 6c 69 6e 6b 73 79 73 01 04 82 84 8b 96 03 01 0b 07 0a 46 52 00 01 0d 14 01 0d 14 00 2a 01 ...
11-30 10:31:41.373 D/wpa_supplicant(8031): Beacon IEs - hexdump(len=58): 00 07 6c 69 6e 6b 73 79 73 01 04 82 84 8b 96 03 01 0b 07 0a 46 52 00 01 0d 14 01 0d 14 00 2a 01 ...
11-30 10:31:41.373 D/wpa_supplicant(8031): de:42:0b:db:bd:be freq=2462 qual=0 noise=0 level=-90 flags=0xb age=330
11-30 10:31:41.373 D/wpa_supplicant(8031): IEs - hexdump(len=50): 00 08 50 6f 72 74 74 68 72 75 01 08 82 84 8b 96 24 30 48 6c 03 01 0b 06 02 00 00 2a 01 00 2f 01 ...
11-30 10:31:41.373 D/wpa_supplicant(8031): wlan0: BSS: Start scan result update 1
11-30 10:31:41.373 D/wpa_supplicant(8031): wlan0: BSS: Add new id 0 BSSID e0:91:53:89:89:2c SSID 'Home_Ale'
11-30 10:31:41.373 D/wpa_supplicant(8031): CTRL_IFACE monitor send - hexdump(len=40): 2f 64 61 74 61 2f 6d 69 73 63 2f 77 69 66 69 2f 73 6f 63 6b 65 74 73 2f 77 70 61 5f 63 74 72 6c ...
11-30 10:31:41.373 D/wpa_supplicant(8031): wlan0: BSS: Add new id 1 BSSID 40:4a:03:da:68:5b SSID 'ZyXEL01'
11-30 10:31:41.373 D/wpa_supplicant(8031): CTRL_IFACE monitor send - hexdump(len=40): 2f 64 61 74 61 2f 6d 69 73 63 2f 77 69 66 69 2f 73 6f 63 6b 65 74 73 2f 77 70 61 5f 63 74 72 6c ...
11-30 10:31:41.373 D/wpa_supplicant(8031): wlan0: BSS: Add new id 2 BSSID 00:21:29:7d:aa:60 SSID 'linksys'
11-30 10:31:41.373 D/wpa_supplicant(8031): CTRL_IFACE monitor send - hexdump(len=40): 2f 64 61 74 61 2f 6d 69 73 63 2f 77 69 66 69 2f 73 6f 63 6b 65 74 73 2f 77 70 61 5f 63 74 72 6c ...
11-30 10:31:41.373 D/wpa_supplicant(8031): wlan0: BSS: Add new id 3 BSSID de:42:0b:db:bd:be SSID 'Portthru'
11-30 10:31:41.373 D/wpa_supplicant(8031): CTRL_IFACE monitor send - hexdump(len=40): 2f 64 61 74 61 2f 6d 69 73 63 2f 77 69 66 69 2f 73 6f 63 6b 65 74 73 2f 77 70 61 5f 63 74 72 6c ...
11-30 10:31:41.373 D/wpa_supplicant(8031): BSS: last_scan_res_used=4/32 last_scan_full=0
11-30 10:31:41.373 D/wpa_supplicant(8031): Add randomness: count=2 entropy=0
11-30 10:31:41.373 D/wpa_supplicant(8031): random pool - hexdump(len=128): [REMOVED]
11-30 10:31:41.373 D/wpa_supplicant(8031): random_mix_pool - hexdump(len=8): [REMOVED]
11-30 10:31:41.373 D/wpa_supplicant(8031): random_mix_pool - hexdump(len=5): [REMOVED]
11-30 10:31:41.373 D/wpa_supplicant(8031): random pool - hexdump(len=128): [REMOVED]
11-30 10:31:41.373 D/wpa_supplicant(8031): Add randomness: count=3 entropy=1
11-30 10:31:41.373 D/wpa_supplicant(8031): random pool - hexdump(len=128): [REMOVED]
11-30 10:31:41.373 D/wpa_supplicant(8031): random_mix_pool - hexdump(len=8): [REMOVED]
11-30 10:31:41.373 D/wpa_supplicant(8031): random_mix_pool - hexdump(len=5): [REMOVED]
11-30 10:31:41.373 D/wpa_supplicant(8031): random pool - hexdump(len=128): [REMOVED]
11-30 10:31:41.373 D/wpa_supplicant(8031): Add randomness: count=4 entropy=2
11-30 10:31:41.373 D/wpa_supplicant(8031): random pool - hexdump(len=128): [REMOVED]
11-30 10:31:41.373 D/wpa_supplicant(8031): random_mix_pool - hexdump(len=8): [REMOVED]
11-30 10:31:41.373 D/wpa_supplicant(8031): random_mix_pool - hexdump(len=5): [REMOVED]
11-30 10:31:41.373 D/wpa_supplicant(8031): random pool - hexdump(len=128): [REMOVED]
11-30 10:31:41.373 D/wpa_supplicant(8031): Add randomness: count=5 entropy=3
11-30 10:31:41.373 D/wpa_supplicant(8031): random pool - hexdump(len=128): [REMOVED]
11-30 10:31:41.373 D/wpa_supplicant(8031): random_mix_pool - hexdump(len=8): [REMOVED]
11-30 10:31:41.373 D/wpa_supplicant(8031): random_mix_pool - hexdump(len=5): [REMOVED]
11-30 10:31:41.373 D/wpa_supplicant(8031): random pool - hexdump(len=128): [REMOVED]
11-30 10:31:41.373 D/wpa_supplicant(8031): wlan0: New scan results available
11-30 10:31:41.373 D/wpa_supplicant(8031): CTRL_IFACE monitor send - hexdump(len=40): 2f 64 61 74 61 2f 6d 69 73 63 2f 77 69 66 69 2f 73 6f 63 6b 65 74 73 2f 77 70 61 5f 63 74 72 6c ...
11-30 10:31:41.373 D/wpa_supplicant(8031): WPS: attr type=0x104a len=1
11-30 10:31:41.373 D/wpa_supplicant(8031): WPS: attr type=0x1044 len=1
11-30 10:31:41.373 D/wpa_supplicant(8031): WPS: attr type=0x1057 len=1
11-30 10:31:41.373 D/wpa_supplicant(8031): WPS: attr type=0x103b len=1
11-30 10:31:41.373 D/wpa_supplicant(8031): WPS: attr type=0x1047 len=16
11-30 10:31:41.373 D/wpa_supplicant(8031): WPS: attr type=0x1021 len=13
11-30 10:31:41.373 D/wpa_supplicant(8031): WPS: attr type=0x1023 len=14
11-30 10:31:41.373 D/wpa_supplicant(8031): WPS: attr type=0x1024 len=8
11-30 10:31:41.373 D/wpa_supplicant(8031): WPS: attr type=0x1042 len=13
11-30 10:31:41.373 D/wpa_supplicant(8031): WPS: attr type=0x1054 len=8
11-30 10:31:41.373 D/wpa_supplicant(8031): WPS: attr type=0x1011 len=5
11-30 10:31:41.373 D/wpa_supplicant(8031): WPS: attr type=0x1008 len=2
11-30 10:31:41.373 D/wpa_supplicant(8031): WPS: attr type=0x103c len=1
11-30 10:31:41.373 D/wpa_supplicant(8031): WPS: attr type=0x104a len=1
11-30 10:31:41.373 D/wpa_supplicant(8031): WPS: attr type=0x1044 len=1
11-30 10:31:41.373 D/wpa_supplicant(8031): WPS: attr type=0x1057 len=1
11-30 10:31:41.373 D/wpa_supplicant(8031): WPS: attr type=0x103b len=1
11-30 10:31:41.373 D/wpa_supplicant(8031): WPS: attr type=0x1047 len=16
11-30 10:31:41.373 D/wpa_supplicant(8031): WPS: attr type=0x1021 len=13
11-30 10:31:41.373 D/wpa_supplicant(8031): WPS: attr type=0x1023 len=14
11-30 10:31:41.373 D/wpa_supplicant(8031): WPS: attr type=0x1024 len=8
11-30 10:31:41.373 D/wpa_supplicant(8031): WPS: attr type=0x1042 len=13
11-30 10:31:41.373 D/wpa_supplicant(8031): WPS: attr type=0x1054 len=8
11-30 10:31:41.373 D/wpa_supplicant(8031): WPS: attr type=0x1011 len=5
11-30 10:31:41.373 D/wpa_supplicant(8031): WPS: attr type=0x1008 len=2
11-30 10:31:41.373 D/wpa_supplicant(8031): WPS: attr type=0x103c len=1
11-30 10:31:41.373 D/wpa_supplicant(8031): WPS: attr type=0x104a len=1
11-30 10:31:41.373 D/wpa_supplicant(8031): WPS: attr type=0x1044 len=1
11-30 10:31:41.373 D/wpa_supplicant(8031): WPS: attr type=0x1057 len=1
11-30 10:31:41.373 D/wpa_supplicant(8031): WPS: attr type=0x103b len=1
11-30 10:31:41.373 D/wpa_supplicant(8031): WPS: attr type=0x1047 len=16
11-30 10:31:41.373 D/wpa_supplicant(8031): WPS: attr type=0x1021 len=13
11-30 10:31:41.373 D/wpa_supplicant(8031): WPS: attr type=0x1023 len=14
11-30 10:31:41.373 D/wpa_supplicant(8031): WPS: attr type=0x1024 len=8
11-30 10:31:41.373 D/wpa_supplicant(8031): WPS: attr type=0x1042 len=13
11-30 10:31:41.373 D/wpa_supplicant(8031): WPS: attr type=0x1054 len=8
11-30 10:31:41.373 D/wpa_supplicant(8031): WPS: attr type=0x1011 len=5
11-30 10:31:41.373 D/wpa_supplicant(8031): WPS: attr type=0x1008 len=2
11-30 10:31:41.373 D/wpa_supplicant(8031): WPS: attr type=0x103c len=1
11-30 10:31:41.373 D/wpa_supplicant(8031): CTRL_IFACE monitor send - hexdump(len=40): 2f 64 61 74 61 2f 6d 69 73 63 2f 77 69 66 69 2f 73 6f 63 6b 65 74 73 2f 77 70 61 5f 63 74 72 6c ...
11-30 10:31:41.373 D/wpa_supplicant(8031): WPS: attr type=0x104a len=1
11-30 10:31:41.373 D/wpa_supplicant(8031): WPS: attr type=0x1044 len=1
11-30 10:31:41.373 D/wpa_supplicant(8031): WPS: attr type=0x1057 len=1
11-30 10:31:41.373 D/wpa_supplicant(8031): WPS: attr type=0x103b len=1
11-30 10:31:41.373 D/wpa_supplicant(8031): WPS: attr type=0x1047 len=16
11-30 10:31:41.373 D/wpa_supplicant(8031): WPS: attr type=0x1021 len=13
11-30 10:31:41.373 D/wpa_supplicant(8031): WPS: attr type=0x1023 len=14
11-30 10:31:41.373 D/wpa_supplicant(8031): WPS: attr type=0x1024 len=8
11-30 10:31:41.373 D/wpa_supplicant(8031): WPS: attr type=0x1042 len=13
11-30 10:31:41.373 D/wpa_supplicant(8031): WPS: attr type=0x1054 len=8
11-30 10:31:41.373 D/wpa_supplicant(8031): WPS: attr type=0x1011 len=5
11-30 10:31:41.373 D/wpa_supplicant(8031): WPS: attr type=0x1008 len=2
11-30 10:31:41.373 D/wpa_supplicant(8031): WPS: attr type=0x103c len=1
11-30 10:31:41.373 D/wpa_supplicant(8031): WPS: AP e0:91:53:89:89:2c type 0 added
11-30 10:31:41.373 D/wpa_supplicant(8031): WPS: AP[0] e0:91:53:89:89:2c type=0 tries=0 last_attempt=-1 sec ago blacklist=0
11-30 10:31:41.373 D/wpa_supplicant(8031): wlan0: No suitable network found
11-30 10:31:41.373 D/wpa_supplicant(8031): wlan0: Short-circuit new scan request since there are no enabled networks
11-30 10:31:41.373 D/wpa_supplicant(8031): wlan0: State: SCANNING -> INACTIVE
11-30 10:31:41.373 D/wpa_supplicant(8031): CTRL_IFACE monitor send - hexdump(len=40): 2f 64 61 74 61 2f 6d 69 73 63 2f 77 69 66 69 2f 73 6f 63 6b 65 74 73 2f 77 70 61 5f 63 74 72 6c ...
11-30 10:31:41.373 D/wpa_supplicant(8031): wlan0: Checking for other virtual interfaces sharing same radio (phy0) in event_scan_results
11-30 10:31:41.373 D/wpa_supplicant(8031): wlan0: P2P: Station mode scan operation not pending anymore (sta_scan_pending=0 p2p_cb_on_scan_complete=0)
11-30 10:31:41.383 D/wpa_supplicant(8031): RX ctrl_iface - hexdump(len=25): 42 53 53 20 52 41 4e 47 45 3d 30 2d 20 4d 41 53 4b 3d 30 78 32 31 39 38 37
11-30 10:31:41.383 D/wpa_supplicant(8031): wlan0: Control interface command 'BSS RANGE=0- MASK=0x21987'
11-30 10:31:41.383 D/wpa_supplicant(8031): WPS: attr type=0x104a len=1
11-30 10:31:41.383 D/wpa_supplicant(8031): WPS: attr type=0x1044 len=1
11-30 10:31:41.383 D/wpa_supplicant(8031): WPS: attr type=0x1057 len=1
11-30 10:31:41.383 D/wpa_supplicant(8031): WPS: attr type=0x103b len=1
11-30 10:31:41.383 D/wpa_supplicant(8031): WPS: attr type=0x1047 len=16
11-30 10:31:41.383 D/wpa_supplicant(8031): WPS: attr type=0x1021 len=13
11-30 10:31:41.383 D/wpa_supplicant(8031): WPS: attr type=0x1023 len=14
11-30 10:31:41.383 D/wpa_supplicant(8031): WPS: attr type=0x1024 len=8
11-30 10:31:41.383 D/wpa_supplicant(8031): WPS: attr type=0x1042 len=13
11-30 10:31:41.383 D/wpa_supplicant(8031): WPS: attr type=0x1054 len=8
11-30 10:31:41.383 D/wpa_supplicant(8031): WPS: attr type=0x1011 len=5
11-30 10:31:41.383 D/wpa_supplicant(8031): WPS: attr type=0x1008 len=2
11-30 10:31:41.383 D/wpa_supplicant(8031): WPS: attr type=0x103c len=1
11-30 10:31:41.383 D/wpa_supplicant(8031): WPS: attr type=0x104a len=1
11-30 10:31:41.383 D/wpa_supplicant(8031): WPS: attr type=0x1044 len=1
11-30 10:31:41.383 D/wpa_supplicant(8031): WPS: attr type=0x1057 len=1
11-30 10:31:41.383 D/wpa_supplicant(8031): WPS: attr type=0x103b len=1
11-30 10:31:41.383 D/wpa_supplicant(8031): WPS: attr type=0x1047 len=16
11-30 10:31:41.383 D/wpa_supplicant(8031): WPS: attr type=0x1021 len=13
11-30 10:31:41.383 D/wpa_supplicant(8031): WPS: attr type=0x1023 len=14
11-30 10:31:41.383 D/wpa_supplicant(8031): WPS: attr type=0x1024 len=8
11-30 10:31:41.383 D/wpa_supplicant(8031): WPS: attr type=0x1042 len=13
11-30 10:31:41.383 D/wpa_supplicant(8031): WPS: attr type=0x1054 len=8
11-30 10:31:41.383 D/wpa_supplicant(8031): WPS: attr type=0x1011 len=5
11-30 10:31:41.383 D/wpa_supplicant(8031): WPS: attr type=0x1008 len=2
11-30 10:31:41.383 D/wpa_supplicant(8031): WPS: attr type=0x103c len=1
11-30 10:31:41.383 D/wpa_supplicant(8031): WPS: attr type=0x104a len=1
11-30 10:31:41.383 D/wpa_supplicant(8031): WPS: attr type=0x1044 len=1
11-30 10:31:41.383 D/wpa_supplicant(8031): WPS: attr type=0x1057 len=1
11-30 10:31:41.383 D/wpa_supplicant(8031): WPS: attr type=0x103b len=1
11-30 10:31:41.383 D/wpa_supplicant(8031): WPS: attr type=0x1047 len=16
11-30 10:31:41.383 D/wpa_supplicant(8031): WPS: attr type=0x1021 len=13
11-30 10:31:41.383 D/wpa_supplicant(8031): WPS: attr type=0x1023 len=14
11-30 10:31:41.383 D/wpa_supplicant(8031): WPS: attr type=0x1024 len=8
11-30 10:31:41.383 D/wpa_supplicant(8031): WPS: attr type=0x1042 len=13
11-30 10:31:41.383 D/wpa_supplicant(8031): WPS: attr type=0x1054 len=8
11-30 10:31:41.383 D/wpa_supplicant(8031): WPS: attr type=0x1011 len=5
11-30 10:31:41.383 D/wpa_supplicant(8031): WPS: attr type=0x1008 len=2
11-30 10:31:41.383 D/wpa_supplicant(8031): WPS: attr type=0x103c len=1
11-30 10:31:41.683 D/wpa_supplicant(8031): EAPOL: disable timer tick
11-30 10:31:41.683 D/wpa_supplicant(8031): EAPOL: Supplicant port status: Unauthorized
11-30 10:31:41.683 D/wpa_supplicant(8031): nl80211: Set supplicant port unauthorized for 00:00:00:00:00:00
11-30 10:31:42.264 D/wpa_supplicant(8031): random: Got 2/2 bytes from /dev/random
11-30 10:31:42.264 D/wpa_supplicant(8031): Get randomness: len=20 entropy=4
11-30 10:31:42.264 D/wpa_supplicant(8031): random from os_get_random - hexdump(len=20): [REMOVED]
11-30 10:31:42.264 D/wpa_supplicant(8031): random_mix_pool - hexdump(len=20): [REMOVED]
11-30 10:31:42.264 D/wpa_supplicant(8031): random from internal pool - hexdump(len=16): [REMOVED]
11-30 10:31:42.264 D/wpa_supplicant(8031): random_mix_pool - hexdump(len=20): [REMOVED]
11-30 10:31:42.264 D/wpa_supplicant(8031): random from internal pool - hexdump(len=16): [REMOVED]
11-30 10:31:42.264 D/wpa_supplicant(8031): mixed random - hexdump(len=20): [REMOVED]
11-30 10:31:42.264 D/wpa_supplicant(8031): random: Updated entropy file /data/misc/wifi/entropy.bin (own_pool_ready=2)
11-30 10:31:49.291 D/WifiService(2157): setWifiEnabled: false pid=8004, uid=1000
11-30 10:31:49.351 D/CommandListener(1487): Clearing all IP addresses on wlan0
11-30 10:31:49.361 D/wpa_supplicant(8031): RX global ctrl_iface - hexdump(len=9): 54 45 52 4d 49 4e 41 54 45
11-30 10:31:49.361 D/wpa_supplicant(8031): wlan0: Removing interface wlan0
11-30 10:31:49.361 D/wpa_supplicant(8031): wlan0: Request to deauthenticate - bssid=00:00:00:00:00:00 pending_bssid=00:00:00:00:00:00 reason=3 state=INACTIVE
11-30 10:31:49.361 D/wpa_supplicant(8031): TDLS: Tear down peers
11-30 10:31:49.361 D/wpa_supplicant(8031): wlan0: No keys have been configured - skip key clearing
11-30 10:31:49.361 D/wpa_supplicant(8031): wlan0: State: INACTIVE -> DISCONNECTED
11-30 10:31:49.361 D/wpa_supplicant(8031): wpa_driver_nl80211_set_operstate: operstate 0->0 (DORMANT)
11-30 10:31:49.361 D/wpa_supplicant(8031): netlink: Operstate: linkmode=-1, operstate=5
11-30 10:31:49.361 D/wpa_supplicant(8031): CTRL_IFACE monitor send - hexdump(len=40): 2f 64 61 74 61 2f 6d 69 73 63 2f 77 69 66 69 2f 73 6f 63 6b 65 74 73 2f 77 70 61 5f 63 74 72 6c ...
11-30 10:31:49.361 D/wpa_supplicant(8031): EAPOL: External notification - portEnabled=0
11-30 10:31:49.361 D/wpa_supplicant(8031): EAPOL: Supplicant port status: Unauthorized
11-30 10:31:49.361 D/wpa_supplicant(8031): nl80211: Set supplicant port unauthorized for 00:00:00:00:00:00
11-30 10:31:49.361 D/wpa_supplicant(8031): EAPOL: External notification - portValid=0
11-30 10:31:49.361 D/wpa_supplicant(8031): EAPOL: Supplicant port status: Unauthorized
11-30 10:31:49.361 D/wpa_supplicant(8031): nl80211: Set supplicant port unauthorized for 00:00:00:00:00:00
11-30 10:31:49.361 D/wpa_supplicant(8031): wlan0: No keys have been configured - skip key clearing
11-30 10:31:49.411 D/BluetoothAdapter(8004): 1104423504: getState() : mService = null. Returning STATE_OFF
11-30 10:31:49.511 D/wpa_supplicant(8031): wlan0: BSS: Remove id 0 BSSID e0:91:53:89:89:2c SSID 'Home_Ale' due to wpa_bss_flush
11-30 10:31:49.511 D/wpa_supplicant(8031): CTRL_IFACE monitor send - hexdump(len=40): 2f 64 61 74 61 2f 6d 69 73 63 2f 77 69 66 69 2f 73 6f 63 6b 65 74 73 2f 77 70 61 5f 63 74 72 6c ...
11-30 10:31:49.511 D/wpa_supplicant(8031): wlan0: BSS: Remove id 1 BSSID 40:4a:03:da:68:5b SSID 'ZyXEL01' due to wpa_bss_flush
11-30 10:31:49.511 D/wpa_supplicant(8031): CTRL_IFACE monitor send - hexdump(len=40): 2f 64 61 74 61 2f 6d 69 73 63 2f 77 69 66 69 2f 73 6f 63 6b 65 74 73 2f 77 70 61 5f 63 74 72 6c ...
11-30 10:31:49.511 D/wpa_supplicant(8031): wlan0: BSS: Remove id 2 BSSID 00:21:29:7d:aa:60 SSID 'linksys' due to wpa_bss_flush
11-30 10:31:49.511 D/wpa_supplicant(8031): CTRL_IFACE monitor send - hexdump(len=40): 2f 64 61 74 61 2f 6d 69 73 63 2f 77 69 66 69 2f 73 6f 63 6b 65 74 73 2f 77 70 61 5f 63 74 72 6c ...
11-30 10:31:49.511 D/wpa_supplicant(8031): wlan0: BSS: Remove id 3 BSSID de:42:0b:db:bd:be SSID 'Portthru' due to wpa_bss_flush
11-30 10:31:49.511 D/wpa_supplicant(8031): CTRL_IFACE monitor send - hexdump(len=40): 2f 64 61 74 61 2f 6d 69 73 63 2f 77 69 66 69 2f 73 6f 63 6b 65 74 73 2f 77 70 61 5f 63 74 72 6c ...
11-30 10:31:49.511 D/wpa_supplicant(8031): wlan0: Cancelling scan request
11-30 10:31:49.511 D/wpa_supplicant(8031): wlan0: P2P: Station mode scan operation not pending anymore (sta_scan_pending=0 p2p_cb_on_scan_complete=0)
11-30 10:31:49.511 D/wpa_supplicant(8031): wlan0: Cancelling authentication timeout
11-30 10:31:49.511 D/wpa_supplicant(8031): wlan0: P2P: Disable P2P since removing the management interface is being removed
11-30 10:31:49.511 D/wpa_supplicant(8031): P2P: Stopping find
11-30 10:31:49.511 D/wpa_supplicant(8031): P2P: Clear timeout (state=IDLE)
11-30 10:31:49.511 D/wpa_supplicant(8031): P2P: State IDLE -> IDLE
11-30 10:31:49.671 D/wpa_supplicant(8031): netlink: Operstate: linkmode=0, operstate=6
11-30 10:31:50.362 D/wpa_supplicant(8031): nl80211: Set mode ifindex 6 iftype 2 (STATION)
11-30 10:31:50.362 D/wpa_supplicant(8031): nl80211: Unsubscribe mgmt frames handle 0x42026490 (mode change)
11-30 10:31:50.362 I/wpa_supplicant(8031): wlan0: CTRL-EVENT-TERMINATING
11-30 10:31:50.362 D/wpa_supplicant(8031): CTRL_IFACE monitor send - hexdump(len=40): 2f 64 61 74 61 2f 6d 69 73 63 2f 77 69 66 69 2f 73 6f 63 6b 65 74 73 2f 77 70 61 5f 63 74 72 6c ...
11-30 10:31:50.362 D/wpa_supplicant(8031): Control interface directory not empty - leaving it behind
11-30 10:31:50.362 D/wpa_supplicant(8031): Get randomness: len=20 entropy=0
11-30 10:31:50.552 D/BluetoothAdapter(8004): 1104423504: getState() : mService = null. Returning STATE_OFF
11-30 10:31:51.753 I/InputDispatcher(2157): Dropping event because there is no touchable window at (92, 890).
11-30 10:31:51.753 I/InputDispatcher(2157): Dropping event because there is no touchable window at (92, 890).
11-30 10:31:51.773 I/InputDispatcher(2157): Dropping event because there is no touchable window at (90, 896).
11-30 10:31:51.783 I/InputDispatcher(2157): Dropping event because there is no touchable window at (88, 898).
11-30 10:31:51.823 I/InputDispatcher(2157): Dropping event because there is no touchable window at (87, 898).
11-30 10:31:51.843 I/InputDispatcher(2157): Dropping event because there is no touchable window at (87, 902).
11-30 10:31:51.853 I/InputDispatcher(2157): Dropping event because there is no touchable window at (87, 902).
11-30 10:31:51.873 I/InputDispatcher(2157): Dropping event because there is no touchable window at (86, 904).
11-30 10:31:51.903 I/InputDispatcher(2157): Dropping event because there is no touchable window at (86, 904).
11-30 10:31:52.043 W/gralloc (1490): gralloc_alloc: Gralloc is used to alloc software only buffers!
11-30 10:31:52.133 W/Launcher(2406): setApplicationContext called twice! old=com.android.launcher3.LauncherApplication@41bc25e8 new=com.android.launcher3.LauncherApplication@41bc25e8
11-30 10:31:52.314 I/libblt_hw(1490): Library opened (handle = 7, fd = 49)
11-30 10:31:52.404 I/ActivityManager(2157): Displayed com.android.launcher3/.Launcher: +276ms
11-30 10:31:52.614 I/ActivityManager(2157): Killing 7946:com.android.bluetooth/1002 (adj 11): empty #2
11-30 10:31:52.624 I/libblt_hw(1490): Library closed (handle = 8, fd = 33)
11-30 10:31:52.634 D/BluetoothTethering(2157): got CMD_CHANNEL_DISCONNECTED
11-30 10:31:52.634 E/BluetoothTethering(2157): attempted to stop reverse tether with nothing tethered
11-30 10:31:52.694 V/RenderScript(2406): 0x53c7a300 Launching thread(s), CPUs 2
11-30 10:31:54.245 I/InputDispatcher(2157): Dropping event because there is no touchable window at (104, 915).
11-30 10:31:54.245 I/InputDispatcher(2157): Dropping event because there is no touchable window at (104, 915).
11-30 10:31:54.255 I/InputDispatcher(2157): Dropping event because there is no touchable window at (104, 914).
11-30 10:31:54.286 I/InputDispatcher(2157): Dropping event because there is no touchable window at (104, 913).
11-30 10:31:54.306 I/InputDispatcher(2157): Dropping event because there is no touchable window at (104, 907).
11-30 10:31:54.316 I/InputDispatcher(2157): Dropping event because there is no touchable window at (104, 903).
11-30 10:31:54.336 I/InputDispatcher(2157): Dropping event because there is no touchable window at (105, 897).
11-30 10:31:54.346 I/InputDispatcher(2157): Dropping event because there is no touchable window at (110, 893).
11-30 10:31:54.366 I/InputDispatcher(2157): Dropping event because there is no touchable window at (111, 893).
11-30 10:31:54.376 I/InputDispatcher(2157): Dropping event because there is no touchable window at (119, 888).
11-30 10:31:54.396 I/InputDispatcher(2157): Dropping event because there is no touchable window at (119, 888).
11-30 10:31:55.377 I/InputDispatcher(2157): Dropping event because there is no touchable window at (107, 915).
11-30 10:31:55.377 I/InputDispatcher(2157): Dropping event because there is no touchable window at (107, 915).
11-30 10:31:55.397 I/InputDispatcher(2157): Dropping event because there is no touchable window at (103, 915).
11-30 10:31:55.427 I/InputDispatcher(2157): Dropping event because there is no touchable window at (103, 915).
11-30 10:31:58.319 I/ActivityManager(2157): START u0 {act=android.intent.action.MAIN cat=[android.intent.category.LAUNCHER] flg=0x10200000 cmp=com.nolanlawson.logcat/.LogcatActivity} from pid 2406
11-30 10:31:58.379 I/libblt_hw(1490): Library opened (handle = 8, fd = 58)
11-30 10:31:58.460 I/ActivityManager(2157): Start proc com.nolanlawson.logcat for activity com.nolanlawson.logcat/.LogcatActivity: pid=8067 uid=10013 gids={50013, 1028, 1015}
11-30 10:31:58.490 I/dalvikvm(8067): Enabling JNI app bug workarounds for target SDK version 10...
11-30 10:31:58.530 V/PhoneStatusBar(2247): setLightsOn(true)
11-30 10:31:58.710 I/libblt_hw(1490): Library closed (handle = 7, fd = 49)
11-30 10:31:58.800 I/libblt_hw(1490): Library opened (handle = 7, fd = 33)
11-30 10:31:58.860 D/su (8087): su invoked.
11-30 10:31:58.860 D/su (8087): starting daemon client 10013 10013
11-30 10:31:58.860 D/su (8093): su invoked.
11-30 10:31:58.870 D/su (8093): db allowed
11-30 10:31:58.870 D/su (8093): 10013 /system/xbin/su executing 0 /system/bin/sh using binary /system/bin/sh : sh
11-30 10:31:58.900 I/ActivityManager(2157): Displayed com.nolanlawson.logcat/.LogcatActivity: +476ms
11-30 10:31:59.050 I/libblt_hw(1490): Library closed (handle = 8, fd = 58)
11-30 10:31:59.370 D/AndroidRuntime(8094):
11-30 10:31:59.370 D/AndroidRuntime(8094): >>>>>> AndroidRuntime START com.android.internal.os.RuntimeInit <<<<<<
11-30 10:31:59.370 D/AndroidRuntime(8094): CheckJNI is OFF
11-30 10:31:59.400 D/dalvikvm(8094): Trying to load lib libjavacore.so 0x0
11-30 10:31:59.411 D/dalvikvm(8094): Added shared lib libjavacore.so 0x0
11-30 10:31:59.411 D/dalvikvm(8094): Trying to load lib libnativehelper.so 0x0
11-30 10:31:59.411 D/dalvikvm(8094): Added shared lib libnativehelper.so 0x0
11-30 10:31:59.411 D/dalvikvm(8094): No JNI_OnLoad found in libnativehelper.so 0x0, skipping init
11-30 10:31:59.441 E/cutils-trace(8094): Error opening trace file: No such file or directory (2)
11-30 10:31:59.461 D/su (8098): su invoked.
11-30 10:31:59.461 D/su (8098): starting daemon client 10013 10013
11-30 10:31:59.471 D/su (8106): su invoked.
11-30 10:31:59.481 D/dalvikvm(8094): Note: class Landroid/app/ActivityManagerNative; has 180 unimplemented (abstract) methods
11-30 10:31:59.511 D/su (8106): db allowed
11-30 10:31:59.511 D/su (8106): 10013 /system/xbin/su executing 0 /system/bin/sh using binary /system/bin/sh : sh
11-30 10:31:59.811 E/memtrack(8094): Couldn't load memtrack module (No such file or directory)
11-30 10:31:59.811 E/android.os.Debug(8094): failed to load memtrack module: -2
11-30 10:31:59.941 D/AndroidRuntime(8094): Calling main entry com.android.commands.am.Am
11-30 10:32:00.021 D/AndroidRuntime(8109):
11-30 10:32:00.021 D/AndroidRuntime(8109): >>>>>> AndroidRuntime START com.android.internal.os.RuntimeInit <<<<<<
11-30 10:32:00.031 D/AndroidRuntime(8109): CheckJNI is OFF
11-30 10:32:00.061 D/dalvikvm(8109): Trying to load lib libjavacore.so 0x0
11-30 10:32:00.061 D/dalvikvm(8109): Added shared lib libjavacore.so 0x0
11-30 10:32:00.071 D/dalvikvm(8109): Trying to load lib libnativehelper.so 0x0
11-30 10:32:00.071 D/dalvikvm(8109): Added shared lib libnativehelper.so 0x0
11-30 10:32:00.071 D/dalvikvm(8109): No JNI_OnLoad found in libnativehelper.so 0x0, skipping init
11-30 10:32:00.111 E/cutils-trace(8109): Error opening trace file: No such file or directory (2)
11-30 10:32:00.131 D/dalvikvm(8109): Note: class Landroid/app/ActivityManagerNative; has 180 unimplemented (abstract) methods
11-30 10:32:00.371 E/memtrack(8109): Couldn't load memtrack module (No such file or directory)
11-30 10:32:00.371 E/android.os.Debug(8109): failed to load memtrack module: -2
11-30 10:32:00.492 D/AndroidRuntime(8109): Calling main entry com.android.commands.am.Am
11-30 10:32:00.892 D/AndroidRuntime(8094): Shutting down VM
11-30 10:32:01.032 D/AndroidRuntime(8109): Shutting down VM
11-30 10:32:01.052 I/libblt_hw(1490): Library opened (handle = 8, fd = 58)
11-30 10:32:02.333 I/Choreographer(8067): Skipped 57 frames! The application may be doing too much work on its main thread.
11-30 10:32:02.924 I/libblt_hw(1490): Library opened (handle = 9, fd = 60)
11-30 10:32:03.224 I/libblt_hw(1490): Library closed (handle = 8, fd = 58)
11-30 10:32:05.206 I/libblt_hw(1490): Library closed (handle = 9, fd = 60)
11-30 10:32:41.452 I/InputDispatcher(2157): Dropping event because there is no touchable window at (228, 905).
11-30 10:32:41.452 I/InputDispatcher(2157): Dropping event because there is no touchable window at (228, 905).
11-30 10:32:41.462 I/InputDispatcher(2157): Dropping event because there is no touchable window at (228, 905).
11-30 10:32:41.472 I/InputDispatcher(2157): Dropping event because there is no touchable window at (227, 905).
11-30 10:32:41.492 I/InputDispatcher(2157): Dropping event because there is no touchable window at (235, 907).
11-30 10:32:41.512 I/InputDispatcher(2157): Dropping event because there is no touchable window at (240, 908).
11-30 10:32:41.522 I/InputDispatcher(2157): Dropping event because there is no touchable window at (243, 908).
11-30 10:32:41.542 I/InputDispatcher(2157): Dropping event because there is no touchable window at (244, 908).
11-30 10:32:41.552 I/InputDispatcher(2157): Dropping event because there is no touchable window at (246, 909).
11-30 10:32:41.572 I/InputDispatcher(2157): Dropping event because there is no touchable window at (246, 910).
11-30 10:32:41.582 I/InputDispatcher(2157): Dropping event because there is no touchable window at (247, 910).
11-30 10:32:41.602 I/InputDispatcher(2157): Dropping event because there is no touchable window at (257, 912).
11-30 10:32:41.622 I/InputDispatcher(2157): Dropping event because there is no touchable window at (263, 915).
11-30 10:32:41.652 I/InputDispatcher(2157): Dropping event because there is no touchable window at (263, 915).
11-30 10:32:41.692 W/gralloc (1490): gralloc_alloc: Gralloc is used to alloc software only buffers!
11-30 10:32:41.762 W/gralloc (1490): gralloc_alloc: Gralloc is used to alloc software only buffers!
11-30 10:32:41.852 I/ActivityManager(2157): START u0 {act=android.intent.action.MAIN cat=[android.intent.category.HOME] flg=0x10200000 cmp=com.android.launcher3/.Launcher} from pid 2157
11-30 10:32:42.052 W/Launcher(2406): setApplicationContext called twice! old=com.android.launcher3.LauncherApplication@41bc25e8 new=com.android.launcher3.LauncherApplication@41bc25e8
11-30 10:32:42.252 I/libblt_hw(1490): Library opened (handle = 8, fd = 58)
11-30 10:32:42.332 I/ActivityManager(2157): Displayed com.android.launcher3/.Launcher: +286ms
11-30 10:32:42.553 I/libblt_hw(1490): Library closed (handle = 7, fd = 33)
11-30 10:32:42.553 I/ActivityManager(2157): Killing 8067:com.nolanlawson.logcat/u0a13 (adj 2): cached #1
11-30 10:32:42.573 W/InputDispatcher(2157): channel '41d276c0 com.nolanlawson.logcat/com.nolanlawson.logcat.LogcatActivity (server)' ~ Consumer closed input channel or an error occurred. events=0x9
11-30 10:32:42.573 E/InputDispatcher(2157): channel '41d276c0 com.nolanlawson.logcat/com.nolanlawson.logcat.LogcatActivity (server)' ~ Channel is unrecoverably broken and will be disposed!
11-30 10:32:42.573 W/InputDispatcher(2157): Attempted to unregister already unregistered input channel '41d276c0 com.nolanlawson.logcat/com.nolanlawson.logcat.LogcatActivity (server)'
11-30 10:32:42.573 I/WindowState(2157): WIN DEATH: Window{41d276c0 u0 com.nolanlawson.logcat/com.nolanlawson.logcat.LogcatActivity}
11-30 10:32:42.573 W/ActivityManager(2157): Force removing ActivityRecord{41d4c3e8 u0 com.nolanlawson.logcat/.LogcatActivity t21}: app died, no saved state
11-30 10:32:42.603 V/RenderScript(2406): 0x5389b728 Launching thread(s), CPUs 2
11-30 10:32:50.130 I/ActivityManager(2157): START u0 {act=android.intent.action.MAIN cat=[android.intent.category.LAUNCHER] flg=0x10200000 cmp=com.android.camera2/com.android.camera.CameraLauncher} from pid 2406
11-30 10:32:50.170 I/libblt_hw(1490): Library opened (handle = 7, fd = 49)
11-30 10:32:50.310 I/ActivityManager(2157): Start proc com.android.camera2 for activity com.android.camera2/com.android.camera.CameraLauncher: pid=8183 uid=10028 gids={50028, 1006, 3003, 1028, 1015}
11-30 10:32:50.540 I/libblt_hw(1490): Library closed (handle = 8, fd = 58)
11-30 10:32:50.671 I/Sony Camera HAL(7892): HAL_getCameraInfo: E cameraId=0
11-30 10:32:50.671 I/Sony Camera HAL(7892): HAL_Camera_GetCameraInfo: HAL_gCameraNum=1
11-30 10:32:50.671 I/Sony Camera HAL(7892): HAL_getCameraInfo: X
11-30 10:32:50.681 V/CameraHolder(8183): open camera 0
11-30 10:32:50.681 I/Sony Camera HAL(7892): HAL_getCameraInfo: E cameraId=0
11-30 10:32:50.681 I/Sony Camera HAL(7892): HAL_Camera_GetCameraInfo: HAL_gCameraNum=1
11-30 10:32:50.681 I/Sony Camera HAL(7892): HAL_getCameraInfo: X
11-30 10:32:50.681 I/Sony Camera HAL(7892): HAL_getCameraInfo: E cameraId=0
11-30 10:32:50.681 I/Sony Camera HAL(7892): HAL_Camera_GetCameraInfo: HAL_gCameraNum=1
11-30 10:32:50.681 I/Sony Camera HAL(7892): HAL_getCameraInfo: X
11-30 10:32:50.691 D/ (7892): In STEOMXCodecsPlugin:: Constructor
11-30 10:32:50.691 D/ (7892): In STEOMXCodecsPlugin:: dlopen passed
11-30 10:32:50.691 D/ (7892): In STEOMXCodecsPlugin:: GetpOMX_Init passed
11-30 10:32:50.701 I/AwesomePlayer(7892): setDataSource_l(URL suppressed)
11-30 10:32:50.701 E/cutils-trace(7892): Error opening trace file: No such file or directory (2)
11-30 10:32:50.731 I/AwesomePlayer(7892): setDataSource_l(URL suppressed)
11-30 10:32:50.751 I/CameraClient(7892): Opening camera 0
11-30 10:32:50.751 I/Sony Camera HAL(7892): HAL_openCameraHardware: E cameraId=0
11-30 10:32:50.751 W/ServiceManager(7892): Permission failure: com.sonyericsson.permission.CAMERA_EXTENDED from uid=10028 pid=8183
11-30 10:32:50.751 I/Sony Camera HAL(7892): HAL_Camera_GetCameraInfo: HAL_gCameraNum=1
11-30 10:32:50.751 W/caladbolg(7892): 91401977 cald_pal.c (2135) 7892 W [PAL] No cache data
11-30 10:32:50.751 I/caladbolg(7892): 91404907 cald_pal.c (4531) 7892 I [INF] PAL_Create
11-30 10:32:50.751 E/idd-api (2157): idd_add_event: send failed, socket 212, errcode -2 (No such file or directory)
11-30 10:32:50.761 I/caladbolg(7892): 91407989 cald_camctrl.c (16854) 7892 I [INF] + Cald_CamCtrl_Create
11-30 10:32:50.761 I/caladbolg(7892): 91408416 cald_hal.c (5513) 7892 I [INF] + Cald_Hal_Create
11-30 10:32:50.761 I/caladbolg(7892): 91409545 cald_hal.c (5541) 7892 I [INF] - Cald_Hal_Create
11-30 10:32:50.761 I/caladbolg(7892): 91409820 cald_camctrl.c (8120) 7892 I [INF] Module name KMO05BN0
11-30 10:32:50.771 W/caladbolg(7892): 91417511 cald_parammgr_generic.c (3633) 7892 W [PRM] Fail: eeprom LSC check2 Light[1] posH[0], V[0], Rval[0x31], Gval[0x3a], R/Gval[0xf85], threshold min[0xfffff100] max[0xf00]
11-30 10:32:50.771 W/caladbolg(7892): 91417694 cald_parammgr_generic.c (3633) 7892 W [PRM] Fail: eeprom LSC check2 Light[1] posH[2], V[1], Rval[0x59], Gval[0x61], R/Gval[0x840], threshold min[0xfffff800] max[0x800]
11-30 10:32:50.771 E/caladbolg(7892): 91417907 cald_parammgr_generic.c (3755) 7892 E [PRM] Fail: camera eeprom status
11-30 10:32:50.771 I/caladbolg(7892): 91418060 cald_camctrl.c (5625) 7892 I [INF] CameraIndex : [0x1]
11-30 10:32:50.771 I/caladbolg(7892): 91418182 cald_camctrl.c (5626) 7892 I [INF] numOfCameras: [0x1]
11-30 10:32:50.771 I/caladbolg(7892): 91418335 cald_camctrl.c (5627) 7892 I [INF] majorVersion: [0x1]
11-30 10:32:50.771 I/caladbolg(7892): 91418426 cald_camctrl.c (5628) 7892 I [INF] minorVersion: [0x5]
11-30 10:32:50.771 I/caladbolg(7892): 91419525 cald_camctrl.c (16879) 7892 I [INF] - Cald_CamCtrl_Create
11-30 10:32:50.771 I/caladbolg(7892): 91419738 cald_server.c (837) 7892 I [INF] Cald_Server_ICameraServer_Start
11-30 10:32:50.771 I/caladbolg(7892): 91420227 cald_client.c (1704) 7892 I [INF] Cald_Client_Create
11-30 10:32:50.771 I/caladbolg(7892): 91420379 cald_client.c (307) 7892 I [INF] + Cald_Client_ICamera_ReserveCamera index[0x1] priority[0] pICBCamera[0x40bd14d0] userData[0x415212a0]
11-30 10:32:50.771 I/caladbolg(7892): 91420593 cald_camctrl.c (8294) 8212 P [PFM] 91420593 + Cald_CamCtrl_PowerUp
11-30 10:32:50.771 I/caladbolg(7892): 91420837 cald_capctrl.c (10309) 8212 I [INF] + Cald_CapCtrl_Create
11-30 10:32:50.771 I/caladbolg(7892): 91424408 cald_capctrl.c (10337) 8212 I [INF] - Cald_CapCtrl_Create
11-30 10:32:50.771 I/caladbolg(7892): 91424774 cald_iqctrl.c (19268) 8212 I [INF] + Cald_IqCtrl_Create
11-30 10:32:50.771 I/caladbolg(7892): 91426910 cald_iqctrl.c (19315) 8212 I [INF] - Cald_IqCtrl_Create
11-30 10:32:50.781 I/caladbolg(7892): 91428710 cald_hal_ste_camera.c (330) 8212 P [HAL] 91428710 + Cald_Hal_Ste_If_PowerUp
11-30 10:32:50.781 I/caladbolg(7892): 91429046 cald_hal_ste_camera.c (2880) 8213 P [HAL] 91429016 + Cald_Hal_Ste_Func_PowerUp
11-30 10:32:50.781 I/OSI-Trace(7892): [DBGT][persist.debug.imgcommon.level] disabled
11-30 10:32:50.781 I/OSI-Trace(7892): [DBGT][persist.debug.damper.level] disabled
11-30 10:32:50.781 I/OSI-Trace(7892): [DBGT][persist.debug.damper.level] disabled
11-30 10:32:50.781 I/OSI-Trace(7892): [DBGT][persist.debug.damper.level] disabled
11-30 10:32:50.781 I/OSI-Trace(7892): [DBGT][persist.debug.damper.level] disabled
11-30 10:32:50.781 I/OSI-Trace(7892): [DBGT][persist.debug.damper.level] disabled
11-30 10:32:50.781 I/OSI-Trace(7892): [DBGT][persist.debug.damper.level] disabled
11-30 10:32:50.781 I/OSI-Trace(7892): [DBGT][persist.debug.damper.level] disabled
11-30 10:32:50.781 I/OSI-Trace(7892): [DBGT][persist.debug.damper.level] disabled
11-30 10:32:50.781 I/OSI-Trace(7892): [DBGT][persist.debug.damper.level] disabled
11-30 10:32:50.781 I/OSI-Trace(7892): [DBGT][persist.debug.damper.level] disabled
11-30 10:32:50.781 I/OSI-Trace(7892): [DBGT][persist.debug.damper.level] disabled
11-30 10:32:50.781 I/OSI-Trace(7892): [DBGT][persist.debug.damper.level] disabled
11-30 10:32:50.781 I/OSI-Trace(7892): [DBGT][persist.debug.damper.level] disabled
11-30 10:32:50.781 I/OSI-Trace(7892): [DBGT][persist.debug.damper.level] disabled
11-30 10:32:50.781 I/OSI-Trace(7892): [DBGT][persist.debug.damper.level] disabled
11-30 10:32:50.781 I/OSI-Trace(7892): [DBGT][persist.debug.damper.level] disabled
11-30 10:32:50.781 I/OSI-Trace(7892): [DBGT][persist.debug.hsmcamera.level] disabled
11-30 10:32:50.781 I/OSI-Trace(7892): [DBGT][persist.debug.ifm.level] disabled
11-30 10:32:50.781 I/caladbolg(7892): 91431854 cald_hal_ste_camera.c (376) 8212 P [HAL] 91431854 - Cald_Hal_Ste_If_PowerUp(0)
11-30 10:32:50.781 I/RME (7892): visual activity tracker switched ON
11-30 10:32:50.791 I/OSI-Trace(7892): [DBGT][persist.debug.tuningload.level] disabled
11-30 10:32:50.791 I/OSI-Trace(7892): [DBGT][persist.debug.tuning.level] disabled
11-30 10:32:50.791 I/OSI-Trace(7892): [DBGT][persist.debug.tuning.level] disabled
11-30 10:32:50.791 I/OSI-Trace(7892): [DBGT][persist.debug.tuning.level] disabled
11-30 10:32:50.791 I/OSI-Trace(7892): [DBGT][persist.debug.tuning.level] disabled
11-30 10:32:50.791 I/SemcCFlashDriver(7892): FlashModeContainer - Initialized
11-30 10:32:50.791 D/SemcCFlashDriver(7892): Time taken: 0s, 366us
11-30 10:32:50.791 D/SemcCFlashDriver(7892): SemcCFlashDriver - Chip is initialized
11-30 10:32:50.791 I/caladbolg(7892): 91440795 cald_camctrl.c (8301) 8212 P [PFM] 91440765 - Cald_CamCtrl_PowerUp
11-30 10:32:50.791 I/caladbolg(7892): 91441131 cald_client.c (332) 7892 I [INF] - Cald_Client_ICamera_ReserveCamera (0)
11-30 10:32:50.791 I/caladbolg(7892): 91442382 cald_client.c (113) 7892 I [INF] + Cald_Client_ICamera_GetCameraCaps
11-30 10:32:50.791 I/caladbolg(7892): 91442901 cald_client.c (137) 7892 I [INF] - Cald_Client_ICamera_GetCameraCaps (0)
11-30 10:32:50.791 I/caladbolg(7892): 91443145 cald_client.c (151) 7892 I [INF] + Cald_Client_ICamera_GetPreviewCaps
11-30 10:32:50.791 I/caladbolg(7892): 91443450 cald_client.c (177) 7892 I [INF] - Cald_Client_ICamera_GetPreviewCaps (0)
11-30 10:32:50.791 I/caladbolg(7892): 91443695 cald_client.c (268) 7892 I [INF] + Cald_Client_ICamera_GetSnapshotCaps
11-30 10:32:50.791 I/caladbolg(7892): 91443969 cald_client.c (293) 7892 I [INF] - Cald_Client_ICamera_GetSnapshotCaps (0)
11-30 10:32:50.791 I/caladbolg(7892): 91444152 cald_client.c (191) 7892 I [INF] + Cald_Client_ICamera_GetVideoCaps
11-30 10:32:50.791 I/caladbolg(7892): 91444427 cald_client.c (217) 7892 I [INF] - Cald_Client_ICamera_GetVideoCaps (0)
11-30 10:32:50.791 I/caladbolg(7892): 91445739 cald_camctrl.c (10888) 8212 I [INF] Thumbnail size [480 x 320]
11-30 10:32:50.801 I/caladbolg(7892): 91448638 cald_client.c (113) 7892 I [INF] + Cald_Client_ICamera_GetCameraCaps
11-30 10:32:50.801 I/caladbolg(7892): 91449096 cald_client.c (137) 7892 I [INF] - Cald_Client_ICamera_GetCameraCaps (0)
11-30 10:32:50.801 I/caladbolg(7892): 91449249 cald_client.c (151) 7892 I [INF] + Cald_Client_ICamera_GetPreviewCaps
11-30 10:32:50.801 I/caladbolg(7892): 91449432 cald_client.c (177) 7892 I [INF] - Cald_Client_ICamera_GetPreviewCaps (0)
11-30 10:32:50.801 I/caladbolg(7892): 91449554 cald_client.c (268) 7892 I [INF] + Cald_Client_ICamera_GetSnapshotCaps
11-30 10:32:50.801 I/caladbolg(7892): 91449707 cald_client.c (293) 7892 I [INF] - Cald_Client_ICamera_GetSnapshotCaps (0)
11-30 10:32:50.801 E/idd-api (7892): idd_set_sdata: send failed, socket 28, errcode -2 (No such file or directory)
11-30 10:32:50.801 E/idd-api (7892): idd_set_sdata: send failed, socket 28, errcode -2 (No such file or directory)
11-30 10:32:50.801 I/Sony Camera HAL(7892): HAL_openCameraHardware: X created hardware=0x415212a0
11-30 10:32:50.801 I/OSI-Trace(7892): [DBGT][persist.debug.mmiocamera.level] disabled
11-30 10:32:50.801 D/MMHWBuffer(7892): Create (iBuffers=1, iSize=1310720, iAlignment=256, iCacheAttr=2, aComponent=0x00000000)
